107
CDUS45 KTFX 210959
CLICTB


CLIMATE REPORT
NATIONAL WEATHER SERVICE GREAT FALLS MT
358 AM MDT SUN SEP 21 2014


...................................

...THE CUT BANK MT CLIMATE SUMMARY FOR SEPTEMBER 20 2014...

CLIMATE NORMAL PERIOD 1981 TO 2010
CLIMATE RECORD PERIOD 1903 TO 2014


WEATHER ITEM   OBSERVED TIME   RECORD YEAR NORMAL DEPARTURE LAST
                VALUE   (LST)  VALUE       VALUE  FROM      YEAR
                                                  NORMAL
..................................................................
TEMPERATURE (F)
 YESTERDAY
  MAXIMUM         74    437 PM  86    1938  66      8       78
  MINIMUM         45    643 AM  17    1934  38      7       34
  AVERAGE         60                        52      8       56

PRECIPITATION (IN)
  YESTERDAY        0.00          1.00 1968   0.04  -0.04     0.00
  MONTH TO DATE    0.61                      0.88  -0.27     2.45
  SINCE OCT 1     15.65                     10.56   5.09    15.64
  SINCE JAN 1     14.45                      9.54   4.91    13.47

SNOWFALL (IN)
  YESTERDAY       MM
  SNOW DEPTH       0

DEGREE DAYS
 HEATING
  YESTERDAY        5                        13     -8        9
  MONTH TO DATE  244                       197     47       61
  SINCE SEP 1    244                       197     47       61
  SINCE JUL 1    341                       391    -50      133

 COOLING
  YESTERDAY        0                         0      0        0
  MONTH TO DATE    2                         6     -4       31
  SINCE SEP 1      2                         6     -4       31
  SINCE JAN 1    199                       159     40      226
..................................................................


WIND (MPH)
  HIGHEST WIND SPEED    20   HIGHEST WIND DIRECTION    NE (30)
  HIGHEST GUST SPEED    25   HIGHEST GUST DIRECTION    NE (40)
  AVERAGE WIND SPEED     5.9


SKY COVER
  AVERAGE SKY COVER 0.0


WEATHER CONDITIONS
 THE FOLLOWING WEATHER WAS RECORDED YESTERDAY.
  NO SIGNIFICANT WEATHER WAS OBSERVED.


RELATIVE HUMIDITY (PERCENT)
 HIGHEST    76           600 AM
 LOWEST     29           500 PM
 AVERAGE    53

..........................................................


THE CUT BANK MT CLIMATE NORMALS FOR TODAY
                         NORMAL    RECORD    YEAR
 MAXIMUM TEMPERATURE (F)   66        88      1967
 MINIMUM TEMPERATURE (F)   38        20      1995


SUNRISE AND SUNSET
SEPTEMBER 21 2014.....SUNRISE   715 AM MDT   SUNSET   729 PM MDT
SEPTEMBER 22 2014.....SUNRISE   716 AM MDT   SUNSET   727 PM MDT


-  INDICATES NEGATIVE NUMBERS.
R  INDICATES RECORD WAS SET OR TIED.
MM INDICATES DATA IS MISSING.
T  INDICATES TRACE AMOUNT.




$$





U.S. Dept. of Commerce
NOAA National Weather Service
1325 East West Highway
Silver Spring, MD 20910
E-mail: w-nws.webmaster@noaa.gov
Page last modified: May 16, 2007
NATIONAL WEATHER SERVICE: for Safety, for Work, for Fun - FOR LIFE