267
CDUS45 KTFX 180746
CLICTB


CLIMATE REPORT
NATIONAL WEATHER SERVICE GREAT FALLS MT
1244 AM MST THU DEC 18 2014


...................................

...THE CUT BANK MT CLIMATE SUMMARY FOR DECEMBER 17 2014...

CLIMATE NORMAL PERIOD 1981 TO 2010
CLIMATE RECORD PERIOD 1903 TO 2014


WEATHER ITEM   OBSERVED TIME   RECORD YEAR NORMAL DEPARTURE LAST
                VALUE   (LST)  VALUE       VALUE  FROM      YEAR
                                                  NORMAL
..................................................................
TEMPERATURE (F)
 YESTERDAY
  MAXIMUM         21    211 PM  57    1988  32    -11       53
  MINIMUM          7    808 PM -32    1922  11     -4       21
  AVERAGE         14                        22     -8       37

PRECIPITATION (IN)
  YESTERDAY        0.00          0.19 1998   0.01  -0.01     0.00
  MONTH TO DATE    0.05                      0.12  -0.07     0.24
  SINCE OCT 1      1.85                      0.92   0.93     1.01
  SINCE JAN 1     16.76                     10.80   5.96    14.71

SNOWFALL (IN)
  YESTERDAY       MM
  SNOW DEPTH       2

DEGREE DAYS
 HEATING
  YESTERDAY       51                        43      8       28
  MONTH TO DATE  669                       715    -46      858
  SINCE DEC 1    669                       715    -46      858
  SINCE JUL 1   2767                      2978   -211     2947

 COOLING
  YESTERDAY        0                         0      0        0
  MONTH TO DATE    0                         0      0        0
  SINCE DEC 1      0                         0      0        0
  SINCE JAN 1    208                       162     46      226
..................................................................


WIND (MPH)
  HIGHEST WIND SPEED    12   HIGHEST WIND DIRECTION     S (170)
  HIGHEST GUST SPEED    15   HIGHEST GUST DIRECTION    SE (150)
  AVERAGE WIND SPEED     3.6


SKY COVER
  AVERAGE SKY COVER 0.9


WEATHER CONDITIONS
 THE FOLLOWING WEATHER WAS RECORDED YESTERDAY.
  FOG
  FOG W/VISIBILITY <= 1/4 MILE


RELATIVE HUMIDITY (PERCENT)
 HIGHEST   100          1100 AM
 LOWEST     83           900 PM
 AVERAGE    92

..........................................................


THE CUT BANK MT CLIMATE NORMALS FOR TODAY
                         NORMAL    RECORD    YEAR
 MAXIMUM TEMPERATURE (F)   32        59      1913
 MINIMUM TEMPERATURE (F)   11       -46      1924


SUNRISE AND SUNSET
DECEMBER 18 2014......SUNRISE   817 AM MST   SUNSET   435 PM MST
DECEMBER 19 2014......SUNRISE   818 AM MST   SUNSET   435 PM MST


-  INDICATES NEGATIVE NUMBERS.
R  INDICATES RECORD WAS SET OR TIED.
MM INDICATES DATA IS MISSING.
T  INDICATES TRACE AMOUNT.




$$





U.S. Dept. of Commerce
NOAA National Weather Service
1325 East West Highway
Silver Spring, MD 20910
E-mail: w-nws.webmaster@noaa.gov
Page last modified: May 16, 2007
NATIONAL WEATHER SERVICE: for Safety, for Work, for Fun - FOR LIFE