249
CDUS45 KTFX 301018
CLICTB


CLIMATE REPORT
NATIONAL WEATHER SERVICE GREAT FALLS MT
315 AM MST FRI JAN 30 2015


...................................

...THE CUT BANK MT CLIMATE SUMMARY FOR JANUARY 29 2015...

CLIMATE NORMAL PERIOD 1981 TO 2010
CLIMATE RECORD PERIOD 1903 TO 2015


WEATHER ITEM   OBSERVED TIME   RECORD YEAR NORMAL DEPARTURE LAST
                VALUE   (LST)  VALUE       VALUE  FROM      YEAR
                                                  NORMAL
..................................................................
TEMPERATURE (F)
 YESTERDAY
  MAXIMUM         45    308 PM  61    1962  34     11       33
  MINIMUM         16    711 AM -40    1916  12      4       11
  AVERAGE         31                        23      8       22

PRECIPITATION (IN)
  YESTERDAY        0.00          0.30 2014   0.01  -0.01     0.30
  MONTH TO DATE    0.64                      0.19   0.45     0.78
  SINCE OCT 1      3.17                      1.21   1.96     1.98
  SINCE JAN 1      0.64                      0.19   0.45     0.78

SNOWFALL (IN)
  YESTERDAY       MM
  SNOW DEPTH       0

DEGREE DAYS
 HEATING
  YESTERDAY       34                        42     -8       43
  MONTH TO DATE 1157                      1243    -86     1055
  SINCE DEC 1   2432                      2570   -138     2495
  SINCE JUL 1   4530                      4833   -303     4584

 COOLING
  YESTERDAY        0                         0      0        0
  MONTH TO DATE    0                         0      0        0
  SINCE DEC 1      0                         0      0        0
  SINCE JAN 1      0                         0      0        0
..................................................................


WIND (MPH)
  HIGHEST WIND SPEED    21   HIGHEST WIND DIRECTION     W (280)
  HIGHEST GUST SPEED    26   HIGHEST GUST DIRECTION     W (280)
  AVERAGE WIND SPEED     7.1


SKY COVER
  AVERAGE SKY COVER 0.0


WEATHER CONDITIONS
 THE FOLLOWING WEATHER WAS RECORDED YESTERDAY.
  FOG


RELATIVE HUMIDITY (PERCENT)
 HIGHEST   100          1200 AM
 LOWEST     29           500 PM
 AVERAGE    65

..........................................................


THE CUT BANK MT CLIMATE NORMALS FOR TODAY
                         NORMAL    RECORD    YEAR
 MAXIMUM TEMPERATURE (F)   34        64      1962
 MINIMUM TEMPERATURE (F)   12       -34      1996
                                             1950


SUNRISE AND SUNSET
JANUARY 30 2015.......SUNRISE   802 AM MST   SUNSET   524 PM MST
JANUARY 31 2015.......SUNRISE   800 AM MST   SUNSET   526 PM MST


-  INDICATES NEGATIVE NUMBERS.
R  INDICATES RECORD WAS SET OR TIED.
MM INDICATES DATA IS MISSING.
T  INDICATES TRACE AMOUNT.




$$





U.S. Dept. of Commerce
NOAA National Weather Service
1325 East West Highway
Silver Spring, MD 20910
E-mail: w-nws.webmaster@noaa.gov
Page last modified: May 16, 2007
NATIONAL WEATHER SERVICE: for Safety, for Work, for Fun - FOR LIFE