539
CDUS45 KTFX 221042
CLICTB


CLIMATE REPORT
NATIONAL WEATHER SERVICE GREAT FALLS MT
442 AM MDT TUE JUL 22 2014


...................................

...THE CUT BANK MT CLIMATE SUMMARY FOR JULY 21 2014...

CLIMATE NORMAL PERIOD 1981 TO 2010
CLIMATE RECORD PERIOD 1903 TO 2014


WEATHER ITEM   OBSERVED TIME   RECORD YEAR NORMAL DEPARTURE LAST
                VALUE   (LST)  VALUE       VALUE  FROM      YEAR
                                                  NORMAL
..................................................................
TEMPERATURE (F)
 YESTERDAY
  MAXIMUM         80    251 PM  97    1985  81     -1       87
  MINIMUM         54   1159 PM  35    1933  51      3       54
  AVERAGE         67                        66      1       71

PRECIPITATION (IN)
  YESTERDAY        0.11          0.96 1995   0.03   0.08     0.00
  MONTH TO DATE    0.22                      0.94  -0.72     1.55
  SINCE OCT 1     12.15                      8.15   4.00    11.51
  SINCE JAN 1     10.95                      7.13   3.82     9.34

SNOWFALL (IN)
  YESTERDAY       MM
  SNOW DEPTH       0

DEGREE DAYS
 HEATING
  YESTERDAY        0                         2     -2        0
  MONTH TO DATE    4                        68    -64       26
  SINCE JUN 1    277                       301    -24      235
  SINCE JUL 1      4                        68    -64       26

 COOLING
  YESTERDAY        2                         3     -1        6
  MONTH TO DATE   74                        42     32       68
  SINCE JUN 1     75                        57     18       80
  SINCE JAN 1     75                        59     16       82
..................................................................


WIND (MPH)
  HIGHEST WIND SPEED    24   HIGHEST WIND DIRECTION     W (250)
  HIGHEST GUST SPEED    32   HIGHEST GUST DIRECTION     W (250)
  AVERAGE WIND SPEED     9.6


SKY COVER
  AVERAGE SKY COVER 0.3


WEATHER CONDITIONS
 THE FOLLOWING WEATHER WAS RECORDED YESTERDAY.
  LIGHT RAIN
  FOG


RELATIVE HUMIDITY (PERCENT)
 HIGHEST    93           800 AM
 LOWEST     23           300 PM
 AVERAGE    58

..........................................................


THE CUT BANK MT CLIMATE NORMALS FOR TODAY
                         NORMAL    RECORD    YEAR
 MAXIMUM TEMPERATURE (F)   81       101      1936
 MINIMUM TEMPERATURE (F)   51        36      1984


SUNRISE AND SUNSET
JULY 22 2014..........SUNRISE   551 AM MDT   SUNSET   920 PM MDT
JULY 23 2014..........SUNRISE   552 AM MDT   SUNSET   919 PM MDT


-  INDICATES NEGATIVE NUMBERS.
R  INDICATES RECORD WAS SET OR TIED.
MM INDICATES DATA IS MISSING.
T  INDICATES TRACE AMOUNT.




$$





U.S. Dept. of Commerce
NOAA National Weather Service
1325 East West Highway
Silver Spring, MD 20910
E-mail: w-nws.webmaster@noaa.gov
Page last modified: May 16, 2007
NATIONAL WEATHER SERVICE: for Safety, for Work, for Fun - FOR LIFE