132
CDUS45 KTFX 310743
CLICTB


CLIMATE REPORT
NATIONAL WEATHER SERVICE GREAT FALLS MT
142 AM MDT FRI OCT 31 2014


...................................

...THE CUT BANK MT CLIMATE SUMMARY FOR OCTOBER 30 2014...

CLIMATE NORMAL PERIOD 1981 TO 2010
CLIMATE RECORD PERIOD 1903 TO 2014


WEATHER ITEM   OBSERVED TIME   RECORD YEAR NORMAL DEPARTURE LAST
                VALUE   (LST)  VALUE       VALUE  FROM      YEAR
                                                  NORMAL
..................................................................
TEMPERATURE (F)
 YESTERDAY
  MAXIMUM         52    412 PM  73    1983  49      3       43
  MINIMUM         26    605 AM -14    1991  26      0       12
  AVERAGE         39                        37      2       28

PRECIPITATION (IN)
  YESTERDAY        0.00          0.12 1932   0.01  -0.01     0.00
  MONTH TO DATE    0.27                      0.43  -0.16     0.35
  SINCE OCT 1      0.27                      0.43  -0.16     0.35
  SINCE JAN 1     15.18                     10.31   4.87    14.05

SNOWFALL (IN)
  YESTERDAY       MM
  SNOW DEPTH       0

DEGREE DAYS
 HEATING
  YESTERDAY       26                        28     -2       37
  MONTH TO DATE  451                       660   -209      704
  SINCE SEP 1    765                      1003   -238      927
  SINCE JUL 1    862                      1197   -335      999

 COOLING
  YESTERDAY        0                         0      0        0
  MONTH TO DATE    0                         0      0        0
  SINCE SEP 1     11                         8      3       31
  SINCE JAN 1    208                       161     47      226
..................................................................


WIND (MPH)
  HIGHEST WIND SPEED    22   HIGHEST WIND DIRECTION    SE (140)
  HIGHEST GUST SPEED    27   HIGHEST GUST DIRECTION    SE (140)
  AVERAGE WIND SPEED     8.9


SKY COVER
  AVERAGE SKY COVER 0.0


WEATHER CONDITIONS
 THE FOLLOWING WEATHER WAS RECORDED YESTERDAY.
  NO SIGNIFICANT WEATHER WAS OBSERVED.


RELATIVE HUMIDITY (PERCENT)
 HIGHEST    92           600 AM
 LOWEST     44          1200 PM
 AVERAGE    68

..........................................................


THE CUT BANK MT CLIMATE NORMALS FOR TODAY
                         NORMAL    RECORD    YEAR
 MAXIMUM TEMPERATURE (F)   48        67      1987
 MINIMUM TEMPERATURE (F)   25       -12      1984


SUNRISE AND SUNSET
OCTOBER 31 2014.......SUNRISE   814 AM MDT   SUNSET   611 PM MDT
NOVEMBER  1 2014......SUNRISE   816 AM MDT   SUNSET   610 PM MDT


-  INDICATES NEGATIVE NUMBERS.
R  INDICATES RECORD WAS SET OR TIED.
MM INDICATES DATA IS MISSING.
T  INDICATES TRACE AMOUNT.




$$





U.S. Dept. of Commerce
NOAA National Weather Service
1325 East West Highway
Silver Spring, MD 20910
E-mail: w-nws.webmaster@noaa.gov
Page last modified: May 16, 2007
NATIONAL WEATHER SERVICE: for Safety, for Work, for Fun - FOR LIFE