869
CDUS45 KTFX 301031
CLICTB


CLIMATE REPORT
NATIONAL WEATHER SERVICE GREAT FALLS MT
431 AM MDT WED JUL 30 2014


...................................

...THE CUT BANK MT CLIMATE SUMMARY FOR JULY 29 2014...

CLIMATE NORMAL PERIOD 1981 TO 2010
CLIMATE RECORD PERIOD 1903 TO 2014


WEATHER ITEM   OBSERVED TIME   RECORD YEAR NORMAL DEPARTURE LAST
                VALUE   (LST)  VALUE       VALUE  FROM      YEAR
                                                  NORMAL
..................................................................
TEMPERATURE (F)
 YESTERDAY
  MAXIMUM         91    423 PM  98    2007  82      9       67
                                      1934
  MINIMUM         49    503 AM  39    1963  51     -2       50
  AVERAGE         70                        66      4       59

PRECIPITATION (IN)
  YESTERDAY        0.00          0.66 1992   0.04  -0.04     0.03
  MONTH TO DATE    0.42                      1.21  -0.79     1.67
  SINCE OCT 1     12.35                      8.42   3.93    11.63
  SINCE JAN 1     11.15                      7.40   3.75     9.46

SNOWFALL (IN)
  YESTERDAY       MM
  SNOW DEPTH       0

DEGREE DAYS
 HEATING
  YESTERDAY        0                         2     -2        6
  MONTH TO DATE   17                        84    -67       35
  SINCE JUN 1    290                       317    -27      244
  SINCE JUL 1     17                        84    -67       35

 COOLING
  YESTERDAY        5                         3      2        0
  MONTH TO DATE   89                        66     23       85
  SINCE JUN 1     90                        81      9       97
  SINCE JAN 1     90                        83      7       99
..................................................................


WIND (MPH)
  HIGHEST WIND SPEED    15   HIGHEST WIND DIRECTION    SE (130)
  HIGHEST GUST SPEED    19   HIGHEST GUST DIRECTION    SE (130)
  AVERAGE WIND SPEED     4.5


SKY COVER
  AVERAGE SKY COVER 0.1


WEATHER CONDITIONS
 THE FOLLOWING WEATHER WAS RECORDED YESTERDAY.
  NO SIGNIFICANT WEATHER WAS OBSERVED.


RELATIVE HUMIDITY (PERCENT)
 HIGHEST    86           500 AM
 LOWEST     17           400 PM
 AVERAGE    52

..........................................................


THE CUT BANK MT CLIMATE NORMALS FOR TODAY
                         NORMAL    RECORD    YEAR
 MAXIMUM TEMPERATURE (F)   82        98      1926
 MINIMUM TEMPERATURE (F)   51        40      1933


SUNRISE AND SUNSET
JULY 30 2014..........SUNRISE   601 AM MDT   SUNSET   910 PM MDT
JULY 31 2014..........SUNRISE   602 AM MDT   SUNSET   908 PM MDT


-  INDICATES NEGATIVE NUMBERS.
R  INDICATES RECORD WAS SET OR TIED.
MM INDICATES DATA IS MISSING.
T  INDICATES TRACE AMOUNT.




$$





U.S. Dept. of Commerce
NOAA National Weather Service
1325 East West Highway
Silver Spring, MD 20910
E-mail: w-nws.webmaster@noaa.gov
Page last modified: May 16, 2007
NATIONAL WEATHER SERVICE: for Safety, for Work, for Fun - FOR LIFE