921
CDUS45 KTFX 010924
CLICTB


CLIMATE REPORT
NATIONAL WEATHER SERVICE GREAT FALLS MT
324 AM MDT WED OCT 1 2014


...................................

...THE CUT BANK MT CLIMATE SUMMARY FOR SEPTEMBER 30 2014...

CLIMATE NORMAL PERIOD 1981 TO 2010
CLIMATE RECORD PERIOD 1903 TO 2014


WEATHER ITEM   OBSERVED TIME   RECORD YEAR NORMAL DEPARTURE LAST
                VALUE   (LST)  VALUE       VALUE  FROM      YEAR
                                                  NORMAL
..................................................................
TEMPERATURE (F)
 YESTERDAY
  MAXIMUM         65   1049 AM  89    1992  62      3       54
  MINIMUM         42   1121 PM  19    1959  35      7       36
  AVERAGE         54                        49      5       45

PRECIPITATION (IN)
  YESTERDAY        0.43          0.69 1977   0.03   0.40     0.00
  MONTH TO DATE    1.05                      1.22  -0.17     2.68
  SINCE OCT 1     16.09                     10.90   5.19    15.87
  SINCE JAN 1     14.89                      9.88   5.01    13.70

SNOWFALL (IN)
  YESTERDAY       MM
  SNOW DEPTH       0

DEGREE DAYS
 HEATING
  YESTERDAY       11                        16     -5       20
  MONTH TO DATE  314                       345    -31      223
  SINCE SEP 1    314                       343    -29      223
  SINCE JUL 1    411                       537   -126      295

 COOLING
  YESTERDAY        0                         0      0        0
  MONTH TO DATE   11                         8      3       31
  SINCE SEP 1     11                         8      3       31
  SINCE JAN 1    208                       161     47      226
..................................................................


WIND (MPH)
  HIGHEST WIND SPEED    28   HIGHEST WIND DIRECTION     W (280)
  HIGHEST GUST SPEED    33   HIGHEST GUST DIRECTION     W (290)
  AVERAGE WIND SPEED    16.7


SKY COVER
  AVERAGE SKY COVER 0.8


WEATHER CONDITIONS
 THE FOLLOWING WEATHER WAS RECORDED YESTERDAY.
  HEAVY RAIN
  RAIN
  LIGHT RAIN
  FOG


RELATIVE HUMIDITY (PERCENT)
 HIGHEST    92           700 PM
 LOWEST     43          1000 AM
 AVERAGE    68

..........................................................


THE CUT BANK MT CLIMATE NORMALS FOR TODAY
                         NORMAL    RECORD    YEAR
 MAXIMUM TEMPERATURE (F)   62        88      1992
 MINIMUM TEMPERATURE (F)   35        14      1950


SUNRISE AND SUNSET
OCTOBER  1 2014.......SUNRISE   729 AM MDT   SUNSET   708 PM MDT
OCTOBER  2 2014.......SUNRISE   730 AM MDT   SUNSET   706 PM MDT


-  INDICATES NEGATIVE NUMBERS.
R  INDICATES RECORD WAS SET OR TIED.
MM INDICATES DATA IS MISSING.
T  INDICATES TRACE AMOUNT.




$$





U.S. Dept. of Commerce
NOAA National Weather Service
1325 East West Highway
Silver Spring, MD 20910
E-mail: w-nws.webmaster@noaa.gov
Page last modified: May 16, 2007
NATIONAL WEATHER SERVICE: for Safety, for Work, for Fun - FOR LIFE