392
CDUS45 KTFX 191014
CLICTB


CLIMATE REPORT
NATIONAL WEATHER SERVICE GREAT FALLS MT
414 AM MDT SAT APR 19 2014


...................................

...THE CUT BANK MT CLIMATE SUMMARY FOR APRIL 18 2014...

CLIMATE NORMAL PERIOD 1981 TO 2010
CLIMATE RECORD PERIOD 1903 TO 2014


WEATHER ITEM   OBSERVED TIME   RECORD YEAR NORMAL DEPARTURE LAST
                VALUE   (LST)  VALUE       VALUE  FROM      YEAR
                                                  NORMAL
..................................................................
TEMPERATURE (F)
 YESTERDAY
  MAXIMUM         50   1257 PM  81    1936  54     -4       55
  MINIMUM         36   1056 PM   3    1951  29      7       22
  AVERAGE         43                        42      1       39

PRECIPITATION (IN)
  YESTERDAY        0.00          1.00 1993   0.02  -0.02     0.00
  MONTH TO DATE    0.50                      0.40   0.10     0.68
  SINCE OCT 1      3.62                      2.33   1.29     4.15
  SINCE JAN 1      2.42                      1.31   1.11     1.98

SNOWFALL (IN)
  YESTERDAY       MM
  SNOW DEPTH       0

DEGREE DAYS
 HEATING
  YESTERDAY       22                        23     -1       26
  MONTH TO DATE  451                       463    -12      552
  SINCE MAR 1   1673                      1501    172     1607
  SINCE JUL 1   7879                      7561    318     7346

 COOLING
  YESTERDAY        0                         0      0        0
  MONTH TO DATE    0                         0      0        0
  SINCE MAR 1      0                         0      0        0
  SINCE JAN 1      0                         0      0        0
..................................................................


WIND (MPH)
  HIGHEST WIND SPEED    47   HIGHEST WIND DIRECTION     W (250)
  HIGHEST GUST SPEED    58   HIGHEST GUST DIRECTION     W (250)
  AVERAGE WIND SPEED    25.8


SKY COVER
  AVERAGE SKY COVER 0.2


WEATHER CONDITIONS
 THE FOLLOWING WEATHER WAS RECORDED YESTERDAY.
  NO SIGNIFICANT WEATHER WAS OBSERVED.


RELATIVE HUMIDITY (PERCENT)
 HIGHEST    76           500 AM
 LOWEST     29           100 PM
 AVERAGE    53

..........................................................


THE CUT BANK MT CLIMATE NORMALS FOR TODAY
                         NORMAL    RECORD    YEAR
 MAXIMUM TEMPERATURE (F)   54        83      1962
 MINIMUM TEMPERATURE (F)   30         2      1927


SUNRISE AND SUNSET
APRIL 19 2014.........SUNRISE   631 AM MDT   SUNSET   827 PM MDT
APRIL 20 2014.........SUNRISE   629 AM MDT   SUNSET   828 PM MDT


-  INDICATES NEGATIVE NUMBERS.
R  INDICATES RECORD WAS SET OR TIED.
MM INDICATES DATA IS MISSING.
T  INDICATES TRACE AMOUNT.




$$





U.S. Dept. of Commerce
NOAA National Weather Service
1325 East West Highway
Silver Spring, MD 20910
E-mail: w-nws.webmaster@noaa.gov
Page last modified: May 16, 2007
NATIONAL WEATHER SERVICE: for Safety, for Work, for Fun - FOR LIFE