580
CDUS44 KOHX 230632
CLICSV

MEMCLICSV 000
TTAA00 KOHX 230629


CLIMATE REPORT
NATIONAL WEATHER SERVICE NASHVILLE TN
128 AM CDT WED APR 23 2014


...................................

...THE CROSSVILLE CLIMATE SUMMARY FOR APRIL 22 2014...

CLIMATE NORMAL PERIOD 1981 TO 2010
CLIMATE RECORD PERIOD 1954 TO 2014


WEATHER ITEM   OBSERVED TIME   RECORD YEAR NORMAL DEPARTURE
                VALUE   (LST)  VALUE       VALUE  FROM
                                                  NORMAL
...............................................................
TEMPERATURE (F)
 YESTERDAY
  MAXIMUM         70    411 PM  85    1988  69      1
  MINIMUM         53   1159 PM  31    1986  47      6
  AVERAGE         62                        58      4

PRECIPITATION (IN)
  YESTERDAY        0.11          2.00 1977   0.16  -0.05
  MONTH TO DATE    2.89                      3.52  -0.63
  SINCE MAR 1      5.88                      8.50  -2.62
  SINCE JAN 1     11.54                     17.72  -6.18

DEGREE DAYS
 HEATING
  YESTERDAY        3                               -5
  MONTH TO DATE  182                              -52
  SINCE MAR 1    818                               28
  SINCE JUL 1   4359                              273

 COOLING
  YESTERDAY        0                               -1
  MONTH TO DATE    7                                1
  SINCE MAR 1      7                               -1
  SINCE JAN 1      7                               -1
...............................................................


WIND (MPH)
  HIGHEST WIND SPEED    15   HIGHEST WIND DIRECTION     W (290)
  HIGHEST GUST SPEED    19   HIGHEST GUST DIRECTION     W (270)
  AVERAGE WIND SPEED     6.4


SKY COVER
  AVERAGE SKY COVER 0.6


WEATHER CONDITIONS
 THE FOLLOWING WEATHER WAS RECORDED YESTERDAY.
  HEAVY RAIN
  RAIN
  LIGHT RAIN
  FOG
  HAZE


RELATIVE HUMIDITY (PERCENT)
 HIGHEST    93           800 AM
 LOWEST     47          1000 PM
 AVERAGE    70

..........................................................


THE CROSSVILLE CLIMATE NORMALS FOR TODAY
                         NORMAL    RECORD    YEAR
 MAXIMUM TEMPERATURE (F)   69        85      1967
 MINIMUM TEMPERATURE (F)   47        23      1986


SUNRISE AND SUNSET
APRIL 23 2014.........SUNRISE   557 AM CDT   SUNSET   721 PM CDT
APRIL 24 2014.........SUNRISE   556 AM CDT   SUNSET   721 PM CDT


-  INDICATES NEGATIVE NUMBERS.
R  INDICATES RECORD WAS SET OR TIED.
MM INDICATES DATA IS MISSING.
T  INDICATES TRACE AMOUNT.




$$
19








U.S. Dept. of Commerce
NOAA National Weather Service
1325 East West Highway
Silver Spring, MD 20910
E-mail: w-nws.webmaster@noaa.gov
Page last modified: May 16, 2007
NATIONAL WEATHER SERVICE: for Safety, for Work, for Fun - FOR LIFE