597
CDUS44 KOHX 200638
CLICSV

CLIMATE REPORT
NATIONAL WEATHER SERVICE NASHVILLE TN
136 AM CDT SUN APR 20 2014


...................................

...THE CROSSVILLE CLIMATE SUMMARY FOR APRIL 19 2014...

CLIMATE NORMAL PERIOD 1981 TO 2010
CLIMATE RECORD PERIOD 1954 TO 2014


WEATHER ITEM   OBSERVED TIME   RECORD YEAR NORMAL DEPARTURE
                VALUE   (LST)  VALUE       VALUE  FROM
                                                  NORMAL
...............................................................
TEMPERATURE (F)
 YESTERDAY
  MAXIMUM         71    404 PM  83    2002  68      3
  MINIMUM         46   1129 PM  23    1983  46      0
  AVERAGE         59                        57      2

PRECIPITATION (IN)
  YESTERDAY        0.00          1.38 2013   0.16  -0.16
  MONTH TO DATE    2.78                      3.04  -0.26
  SINCE MAR 1      5.77                      8.02  -2.25
  SINCE JAN 1     11.43                     17.24  -5.81

DEGREE DAYS
 HEATING
  YESTERDAY        6                               -3
  MONTH TO DATE  171                              -39
  SINCE MAR 1    807                               41
  SINCE JUL 1   4348                              286

 COOLING
  YESTERDAY        0                               -1
  MONTH TO DATE    7                                4
  SINCE MAR 1      7                                2
  SINCE JAN 1      7                                2
...............................................................


WIND (MPH)
  HIGHEST WIND SPEED    17   HIGHEST WIND DIRECTION     N (20)
  HIGHEST GUST SPEED    25   HIGHEST GUST DIRECTION    NE (60)
  AVERAGE WIND SPEED     6.6


SKY COVER
  POSSIBLE SUNSHINE  MM
  AVERAGE SKY COVER 0.0


WEATHER CONDITIONS
 THE FOLLOWING WEATHER WAS RECORDED YESTERDAY.
  HAZE


RELATIVE HUMIDITY (PERCENT)
 HIGHEST    71           300 AM
 LOWEST     26           300 PM
 AVERAGE    49

..........................................................


THE CROSSVILLE CLIMATE NORMALS FOR TODAY
                         NORMAL    RECORD    YEAR
 MAXIMUM TEMPERATURE (F)   68        84      1964
 MINIMUM TEMPERATURE (F)   46        26      1983


SUNRISE AND SUNSET
APRIL 20 2014.........SUNRISE   601 AM CDT   SUNSET   718 PM CDT
APRIL 21 2014.........SUNRISE   600 AM CDT   SUNSET   719 PM CDT


-  INDICATES NEGATIVE NUMBERS.
R  INDICATES RECORD WAS SET OR TIED.
MM INDICATES DATA IS MISSING.
T  INDICATES TRACE AMOUNT.




$$









U.S. Dept. of Commerce
NOAA National Weather Service
1325 East West Highway
Silver Spring, MD 20910
E-mail: w-nws.webmaster@noaa.gov
Page last modified: May 16, 2007
NATIONAL WEATHER SERVICE: for Safety, for Work, for Fun - FOR LIFE