928
CDUS44 KOHX 010756
CLICSV

MEMCLICSV 000
TTAA00 KOHX 010750


CLIMATE REPORT
NATIONAL WEATHER SERVICE NASHVILLE TN
250 AM CDT FRI AUG 1 2014


...................................

...THE CROSSVILLE CLIMATE SUMMARY FOR JULY 31 2014...

CLIMATE NORMAL PERIOD 1981 TO 2010
CLIMATE RECORD PERIOD 1954 TO 2014


WEATHER ITEM   OBSERVED TIME   RECORD YEAR NORMAL DEPARTURE
                VALUE   (LST)  VALUE       VALUE  FROM
                                                  NORMAL
...............................................................
TEMPERATURE (F)
 YESTERDAY
  MAXIMUM         79    332 PM  96    1980  84     -5
  MINIMUM         57    519 AM  49    1965  65     -8
  AVERAGE         68                        75     -7

PRECIPITATION (IN)
  YESTERDAY        0.00          2.04 1996   0.16  -0.16
  MONTH TO DATE    5.17                      5.15   0.02
  SINCE JUN 1      9.50                      9.75  -0.25
  SINCE JAN 1     27.41                     34.13  -6.72

DEGREE DAYS
 HEATING
  YESTERDAY        0                                0
  MONTH TO DATE    1                                1
  SINCE JUN 1      1                              -13
  SINCE JUL 1      1                                1

 COOLING
  YESTERDAY        3                               -7
  MONTH TO DATE  206                              -92
  SINCE JUN 1    434                              -59
  SINCE JAN 1    552                              -24
...............................................................


WIND (MPH)
  HIGHEST WIND SPEED     9   HIGHEST WIND DIRECTION    NW (330)
  HIGHEST GUST SPEED    12   HIGHEST GUST DIRECTION     N (360)
  AVERAGE WIND SPEED     1.5


SKY COVER
  AVERAGE SKY COVER 0.3


WEATHER CONDITIONS
 THE FOLLOWING WEATHER WAS RECORDED YESTERDAY.
  FOG
  HAZE


RELATIVE HUMIDITY (PERCENT)
 HIGHEST    90           200 AM
 LOWEST     50           300 PM
 AVERAGE    70

..........................................................


THE CROSSVILLE CLIMATE NORMALS FOR TODAY
                         NORMAL    RECORD    YEAR
 MAXIMUM TEMPERATURE (F)   84        92      1954
 MINIMUM TEMPERATURE (F)   65        56      1997


SUNRISE AND SUNSET
AUGUST  1 2014........SUNRISE   548 AM CDT   SUNSET   745 PM CDT
AUGUST  2 2014........SUNRISE   549 AM CDT   SUNSET   744 PM CDT


-  INDICATES NEGATIVE NUMBERS.
R  INDICATES RECORD WAS SET OR TIED.
MM INDICATES DATA IS MISSING.
T  INDICATES TRACE AMOUNT.




$$
19








U.S. Dept. of Commerce
NOAA National Weather Service
1325 East West Highway
Silver Spring, MD 20910
E-mail: w-nws.webmaster@noaa.gov
Page last modified: May 16, 2007
NATIONAL WEATHER SERVICE: for Safety, for Work, for Fun - FOR LIFE