038
CDUS42 KFFC 242031
CLICSG


CLIMATE REPORT
NATIONAL WEATHER SERVICE PEACHTREE CITY GA
431 PM EDT THU APR 24 2014


...................................

...THE COLUMBUS CLIMATE SUMMARY FOR APRIL 24 2014...
VALID TODAY AS OF 0400 PM LOCAL TIME.

CLIMATE NORMAL PERIOD 1981 TO 2010
CLIMATE RECORD PERIOD 1948 TO 2014


WEATHER ITEM   OBSERVED TIME   RECORD YEAR NORMAL DEPARTURE LAST
                VALUE   (LST)  VALUE       VALUE  FROM      YEAR
                                                  NORMAL
..................................................................
TEMPERATURE (F)
 TODAY
  MAXIMUM         83    240 PM  91    1965  79      4       80
  MINIMUM         49    617 AM  38    1986  55     -6       56
  AVERAGE         66                        67     -1       68

PRECIPITATION (IN)
  TODAY            0.00          1.04 2010   0.10  -0.10      T
  MONTH TO DATE    8.04                      2.91   5.13     2.61
  SINCE MAR 1     13.44                      8.37   5.07     5.95
  SINCE JAN 1     21.76                     16.66   5.10    21.64

SNOWFALL (IN)
  TODAY            0.0           0.0  2002   0.0    0.0      0.0
                                      2001
                                      2000
  MONTH TO DATE    0.0                       0.0    0.0      0.0
  SINCE MAR 1      0.0                       0.1   -0.1      0.0
  SINCE JUL 1      1.2                       0.4    0.8      0.0
  SNOW DEPTH       0

DEGREE DAYS
 HEATING
  TODAY            0                         2     -2        0
  MONTH TO DATE   79                        83     -4       67
  SINCE MAR 1    391                       329     62      417
  SINCE JUL 1   2334                      2106    228     1773

 COOLING
  TODAY            1                         3     -2        3
  MONTH TO DATE   32                        54    -22       63
  SINCE MAR 1     32                        77    -45       71
  SINCE JAN 1     35                        81    -46       96
..................................................................


WIND (MPH)
  RESULTANT WIND SPEED   1   RESULTANT WIND DIRECTION   S (160)
  HIGHEST WIND SPEED    15   HIGHEST WIND DIRECTION    SW (220)
  HIGHEST GUST SPEED    20   HIGHEST GUST DIRECTION    SW (210)
  AVERAGE WIND SPEED     3.4


SKY COVER
  AVERAGE SKY COVER 0.1


WEATHER CONDITIONS
 THE FOLLOWING WEATHER WAS RECORDED TODAY.
  NO SIGNIFICANT WEATHER WAS OBSERVED.


RELATIVE HUMIDITY (PERCENT)
 HIGHEST    86           500 AM
 LOWEST     31           100 PM
 AVERAGE    59

..........................................................


THE COLUMBUS CLIMATE NORMALS FOR TOMORROW
                         NORMAL    RECORD    YEAR
 MAXIMUM TEMPERATURE (F)   79        89      1960
 MINIMUM TEMPERATURE (F)   55        39      2005
                                             1968


SUNRISE AND SUNSET
APRIL 24 2014.........SUNRISE   700 AM EDT   SUNSET   816 PM EDT
APRIL 25 2014.........SUNRISE   659 AM EDT   SUNSET   817 PM EDT


-  INDICATES NEGATIVE NUMBERS.
R  INDICATES RECORD WAS SET OR TIED.
MM INDICATES DATA IS MISSING.
T  INDICATES TRACE AMOUNT.




$$





U.S. Dept. of Commerce
NOAA National Weather Service
1325 East West Highway
Silver Spring, MD 20910
E-mail: w-nws.webmaster@noaa.gov
Page last modified: May 16, 2007
NATIONAL WEATHER SERVICE: for Safety, for Work, for Fun - FOR LIFE