604
CDUS42 KFFC 200917
CLICSG


CLIMATE REPORT
NATIONAL WEATHER SERVICE PEACHTREE CITY GA
417 AM EST THU NOV 20 2014


...................................

...THE COLUMBUS CLIMATE SUMMARY FOR NOVEMBER 19 2014...

CLIMATE NORMAL PERIOD 1981 TO 2010
CLIMATE RECORD PERIOD 1948 TO 2014


WEATHER ITEM   OBSERVED TIME   RECORD YEAR NORMAL DEPARTURE LAST
                VALUE   (LST)  VALUE       VALUE  FROM      YEAR
                                                  NORMAL
..................................................................
TEMPERATURE (F)
 YESTERDAY
  MAXIMUM         51    345 PM  83    1985  67    -16       64
  MINIMUM         21R   735 AM  25    1949  45    -24       47
  AVERAGE         36                        56    -20       56

PRECIPITATION (IN)
  YESTERDAY        0.00          1.35 1952   0.15  -0.15     0.00
  MONTH TO DATE    1.37                      2.37  -1.00     0.52
  SINCE SEP 1      9.74                      8.01   1.73     2.14
  SINCE JAN 1     45.92                     40.75   5.17    52.51

SNOWFALL (IN)
  YESTERDAY        0.0           0.0  2001   0.0    0.0      0.0
  MONTH TO DATE    0.0                       0.0    0.0      0.0
  SINCE SEP 1      0.0                       0.0    0.0      0.0
  SINCE JUL 1      0.0                       0.0    0.0      0.0
  SNOW DEPTH       0

DEGREE DAYS
 HEATING
  YESTERDAY       29                         9     20        9
  MONTH TO DATE  278                       134    144      119
  SINCE SEP 1    322                       210    112      166
  SINCE JUL 1    322                       210    112      166

 COOLING
  YESTERDAY        0                         1     -1        0
  MONTH TO DATE    0                        22    -22       11
  SINCE SEP 1    514                       490     24      563
  SINCE JAN 1   2309                      2362    -53     2347
..................................................................


WIND (MPH)
  HIGHEST WIND SPEED     9   HIGHEST WIND DIRECTION    SW (240)
  HIGHEST GUST SPEED    13   HIGHEST GUST DIRECTION     W (280)
  AVERAGE WIND SPEED     1.2


SKY COVER
  AVERAGE SKY COVER 0.0


WEATHER CONDITIONS
 THE FOLLOWING WEATHER WAS RECORDED YESTERDAY.
  HAZE


RELATIVE HUMIDITY (PERCENT)
 HIGHEST    84           700 AM
 LOWEST     23           200 PM
 AVERAGE    54

..........................................................


THE COLUMBUS CLIMATE NORMALS FOR TODAY
                         NORMAL    RECORD    YEAR
 MAXIMUM TEMPERATURE (F)   67        81      1991
 MINIMUM TEMPERATURE (F)   45        27      1951


SUNRISE AND SUNSET
NOVEMBER 20 2014......SUNRISE   714 AM EST   SUNSET   537 PM EST
NOVEMBER 21 2014......SUNRISE   715 AM EST   SUNSET   536 PM EST


-  INDICATES NEGATIVE NUMBERS.
R  INDICATES RECORD WAS SET OR TIED.
MM INDICATES DATA IS MISSING.
T  INDICATES TRACE AMOUNT.




$$





U.S. Dept. of Commerce
NOAA National Weather Service
1325 East West Highway
Silver Spring, MD 20910
E-mail: w-nws.webmaster@noaa.gov
Page last modified: May 16, 2007
NATIONAL WEATHER SERVICE: for Safety, for Work, for Fun - FOR LIFE