649
CDUS42 KFFC 222038
CLICSG


CLIMATE REPORT
NATIONAL WEATHER SERVICE PEACHTREE CITY GA
438 PM EDT WED OCT 22 2014


...................................

...THE COLUMBUS CLIMATE SUMMARY FOR OCTOBER 22 2014...
VALID TODAY AS OF 0400 PM LOCAL TIME.

CLIMATE NORMAL PERIOD 1981 TO 2010
CLIMATE RECORD PERIOD 1948 TO 2014


WEATHER ITEM   OBSERVED TIME   RECORD YEAR NORMAL DEPARTURE LAST
                VALUE   (LST)  VALUE       VALUE  FROM      YEAR
                                                  NORMAL
..................................................................
TEMPERATURE (F)
 TODAY
  MAXIMUM         72    317 PM  88    1984  76     -4       76
  MINIMUM         51    707 AM  34    1987  53     -2       62
  AVERAGE         62                        64     -2       69

PRECIPITATION (IN)
  TODAY            0.00          1.35 1990   0.08  -0.08      T
  MONTH TO DATE    4.26                      1.85   2.41     0.45
  SINCE SEP 1      8.37                      4.91   3.46     1.62
  SINCE JAN 1     44.55                     37.65   6.90    51.99

SNOWFALL (IN)
  TODAY            0.0           0.0  2002   0.0    0.0      0.0
                                      2001
  MONTH TO DATE    0.0                       0.0    0.0      0.0
  SINCE SEP 1      0.0                       0.0    0.0      0.0
  SINCE JUL 1      0.0                       0.0    0.0      0.0
  SNOW DEPTH       0

DEGREE DAYS
 HEATING
  TODAY            3                         3      0        0
  MONTH TO DATE   21                        37    -16        5
  SINCE SEP 1     21                        40    -19        5
  SINCE JUL 1     21                        40    -19        5

 COOLING
  TODAY            0                         3     -3        4
  MONTH TO DATE  112                        99     13      142
  SINCE SEP 1    498                       449     49      537
  SINCE JAN 1   2293                      2321    -28     2321
..................................................................


WIND (MPH)
  RESULTANT WIND SPEED   5   RESULTANT WIND DIRECTION   N (10)
  HIGHEST WIND SPEED    14   HIGHEST WIND DIRECTION    NE (30)
  HIGHEST GUST SPEED    18   HIGHEST GUST DIRECTION     N (20)
  AVERAGE WIND SPEED     5.3


SKY COVER
  AVERAGE SKY COVER 0.0


WEATHER CONDITIONS
 THE FOLLOWING WEATHER WAS RECORDED TODAY.
  NO SIGNIFICANT WEATHER WAS OBSERVED.


RELATIVE HUMIDITY (PERCENT)
 HIGHEST    86          1200 AM
 LOWEST     34           300 PM
 AVERAGE    60

..........................................................


THE COLUMBUS CLIMATE NORMALS FOR TOMORROW
                         NORMAL    RECORD    YEAR
 MAXIMUM TEMPERATURE (F)   75        90      1984
 MINIMUM TEMPERATURE (F)   53        36      1987


SUNRISE AND SUNSET
OCTOBER 22 2014.......SUNRISE   749 AM EDT   SUNSET   659 PM EDT
OCTOBER 23 2014.......SUNRISE   750 AM EDT   SUNSET   658 PM EDT


-  INDICATES NEGATIVE NUMBERS.
R  INDICATES RECORD WAS SET OR TIED.
MM INDICATES DATA IS MISSING.
T  INDICATES TRACE AMOUNT.




$$





U.S. Dept. of Commerce
NOAA National Weather Service
1325 East West Highway
Silver Spring, MD 20910
E-mail: w-nws.webmaster@noaa.gov
Page last modified: May 16, 2007
NATIONAL WEATHER SERVICE: for Safety, for Work, for Fun - FOR LIFE