083
CDUS42 KFFC 220821
CLICSG


CLIMATE REPORT
NATIONAL WEATHER SERVICE PEACHTREE CITY GA
421 AM EDT FRI AUG 22 2014


...................................

...THE COLUMBUS CLIMATE SUMMARY FOR AUGUST 21 2014...

CLIMATE NORMAL PERIOD 1981 TO 2010
CLIMATE RECORD PERIOD 1948 TO 2014


WEATHER ITEM   OBSERVED TIME   RECORD YEAR NORMAL DEPARTURE LAST
                VALUE   (LST)  VALUE       VALUE  FROM      YEAR
                                                  NORMAL
..................................................................
TEMPERATURE (F)
 YESTERDAY
  MAXIMUM         96    223 PM 102    1983  91      5       89
  MINIMUM         72    619 AM  62    1991  72      0       71
  AVERAGE         84                        82      2       80

PRECIPITATION (IN)
  YESTERDAY        0.00          2.46 1967   0.13  -0.13      T
  MONTH TO DATE    1.18                      2.61  -1.43     8.57
  SINCE JUN 1      9.88                     11.09  -1.21    24.70
  SINCE JAN 1     35.67                     31.58   4.09    50.31

DEGREE DAYS
 HEATING
  YESTERDAY        0                         0      0        0
  MONTH TO DATE    0                         0      0        0
  SINCE JUN 1      0                         0      0        0
  SINCE JUL 1      0                         0      0        0

 COOLING
  YESTERDAY       19                        17      2       15
  MONTH TO DATE  337                       361    -24      327
  SINCE JUN 1   1278                      1351    -73     1263
  SINCE JAN 1   1614                      1709    -95     1626
..................................................................


WIND (MPH)
  HIGHEST WIND SPEED    18   HIGHEST WIND DIRECTION     N (10)
  HIGHEST GUST SPEED    24   HIGHEST GUST DIRECTION     N (20)
  AVERAGE WIND SPEED     2.5


SKY COVER
  AVERAGE SKY COVER 0.1


WEATHER CONDITIONS
 THE FOLLOWING WEATHER WAS RECORDED YESTERDAY.
  THUNDERSTORM


RELATIVE HUMIDITY (PERCENT)
 HIGHEST    93           100 AM
 LOWEST     49           200 PM
 AVERAGE    71

..........................................................


THE COLUMBUS CLIMATE NORMALS FOR TODAY
                         NORMAL    RECORD    YEAR
 MAXIMUM TEMPERATURE (F)   91       102      2007
 MINIMUM TEMPERATURE (F)   72        62      1961


SUNRISE AND SUNSET
AUGUST 22 2014........SUNRISE   708 AM EDT   SUNSET   816 PM EDT
AUGUST 23 2014........SUNRISE   709 AM EDT   SUNSET   815 PM EDT


-  INDICATES NEGATIVE NUMBERS.
R  INDICATES RECORD WAS SET OR TIED.
MM INDICATES DATA IS MISSING.
T  INDICATES TRACE AMOUNT.




$$





U.S. Dept. of Commerce
NOAA National Weather Service
1325 East West Highway
Silver Spring, MD 20910
E-mail: w-nws.webmaster@noaa.gov
Page last modified: May 16, 2007
NATIONAL WEATHER SERVICE: for Safety, for Work, for Fun - FOR LIFE