964
CDUS41 KRLX 200715
CLICRW


CLIMATE REPORT
NATIONAL WEATHER SERVICE CHARLESTON WV
315 AM EDT SUN APR 20 2014


...................................

...THE CHARLESTON WV CLIMATE SUMMARY FOR APRIL 19 2014...

CLIMATE NORMAL PERIOD 1981 TO 2010
CLIMATE RECORD PERIOD 1901 TO 2014


WEATHER ITEM   OBSERVED TIME   RECORD YEAR NORMAL DEPARTURE LAST
                VALUE   (LST)  VALUE       VALUE  FROM      YEAR
                                                  NORMAL
..................................................................
TEMPERATURE (F)
 YESTERDAY
  MAXIMUM         71    313 PM  91    1941  69      2       75
  MINIMUM         45    626 AM  26    1983  46     -1       44
  AVERAGE         58                        57      1       60

PRECIPITATION (IN)
  YESTERDAY        0.00          2.08 1901   0.11  -0.11     0.32
  MONTH TO DATE    1.47                      1.97  -0.50     1.13
  SINCE JAN 1     12.23                     12.07   0.16    10.33

SNOWFALL (IN)
  YESTERDAY       MM
  MONTH TO DATE    0.3
  SINCE SEP 1     51.7
  SNOW DEPTH       0

DEGREE DAYS
 HEATING
  YESTERDAY        7                         9     -2        5
  MONTH TO DATE  156                       213    -57      159
  SINCE MAR 1    874                       813     61      936
  SINCE JUL 1   4641                      4267    374     4319

 COOLING
  YESTERDAY        0                         1     -1        0
  MONTH TO DATE   15                        18     -3       39
  SINCE MAR 1     15                        23     -8       39
  SINCE JAN 1     15                        23     -8       39
..................................................................


WIND (MPH)
  HIGHEST WIND SPEED    16   HIGHEST WIND DIRECTION    NE (60)
  HIGHEST GUST SPEED    22   HIGHEST GUST DIRECTION    NE (50)
  AVERAGE WIND SPEED     5.5


SKY COVER
  POSSIBLE SUNSHINE  MM
  AVERAGE SKY COVER 0.4


WEATHER CONDITIONS
 THE FOLLOWING WEATHER WAS RECORDED YESTERDAY.
  NO SIGNIFICANT WEATHER WAS OBSERVED.


RELATIVE HUMIDITY (PERCENT)
 HIGHEST    82           500 AM
 LOWEST     28           100 PM
 AVERAGE    55

..........................................................


THE CHARLESTON WV CLIMATE NORMALS FOR TODAY
                         NORMAL    RECORD    YEAR
 MAXIMUM TEMPERATURE (F)   69        91      1976
 MINIMUM TEMPERATURE (F)   46        24      1926


SUNRISE AND SUNSET
APRIL 20 2014.........SUNRISE   644 AM EDT   SUNSET   808 PM EDT
APRIL 21 2014.........SUNRISE   642 AM EDT   SUNSET   808 PM EDT


-  INDICATES NEGATIVE NUMBERS.
R  INDICATES RECORD WAS SET OR TIED.
MM INDICATES DATA IS MISSING.
T  INDICATES TRACE AMOUNT.




$$





U.S. Dept. of Commerce
NOAA National Weather Service
1325 East West Highway
Silver Spring, MD 20910
E-mail: w-nws.webmaster@noaa.gov
Page last modified: May 16, 2007
NATIONAL WEATHER SERVICE: for Safety, for Work, for Fun - FOR LIFE