045
CDUS41 KRLX 280844
CLICRW


CLIMATE REPORT
NATIONAL WEATHER SERVICE CHARLESTON WV
336 AM EST FRI NOV 28 2014


...................................

...THE CHARLESTON WV CLIMATE SUMMARY FOR NOVEMBER 27 2014...

CLIMATE NORMAL PERIOD 1981 TO 2010
CLIMATE RECORD PERIOD 1901 TO 2014


WEATHER ITEM   OBSERVED TIME   RECORD YEAR NORMAL DEPARTURE LAST
                VALUE   (LST)  VALUE       VALUE  FROM      YEAR
                                                  NORMAL
..................................................................
TEMPERATURE (F)
 YESTERDAY
  MAXIMUM         36    527 AM  84    1990  52    -16       33
  MINIMUM         30   1159 PM   9    1930  34     -4       26
  AVERAGE         33                        43    -10       30

PRECIPITATION (IN)
  YESTERDAY        0.01          2.18 1973   0.12  -0.11     0.17
  MONTH TO DATE    2.24                      3.35  -1.11     3.17
  SINCE JAN 1     43.36                     40.38   2.98    40.97

SNOWFALL (IN)
  YESTERDAY        0.4
  MONTH TO DATE    0.8
  SINCE SEP 1      0.8
  SNOW DEPTH       0

DEGREE DAYS
 HEATING
  YESTERDAY       32                        22     10       35
  MONTH TO DATE  641                       476    165      551
  SINCE SEP 1    978                       814    164      854
  SINCE JUL 1    978                       816    162      857

 COOLING
  YESTERDAY        0                         0      0        0
  MONTH TO DATE    0                         0      0        0
  SINCE SEP 1    142                       148     -6      155
  SINCE JAN 1   1049                      1094    -45     1121
..................................................................


WIND (MPH)
  HIGHEST WIND SPEED    16   HIGHEST WIND DIRECTION     W (270)
  HIGHEST GUST SPEED    23   HIGHEST GUST DIRECTION     W (250)
  AVERAGE WIND SPEED     5.8


SKY COVER
  POSSIBLE SUNSHINE  MM
  AVERAGE SKY COVER 1.0


WEATHER CONDITIONS
 THE FOLLOWING WEATHER WAS RECORDED YESTERDAY.
  MIXED PRECIP
  LIGHT RAIN
  SNOW
  LIGHT SNOW
  FOG
  HAZE


RELATIVE HUMIDITY (PERCENT)
 HIGHEST    92          1200 AM
 LOWEST     64           400 PM
 AVERAGE    78

..........................................................


THE CHARLESTON WV CLIMATE NORMALS FOR TODAY
                         NORMAL    RECORD    YEAR
 MAXIMUM TEMPERATURE (F)   52        77      1927
 MINIMUM TEMPERATURE (F)   34        14      1930


SUNRISE AND SUNSET
NOVEMBER 28 2014......SUNRISE   722 AM EST   SUNSET   507 PM EST
NOVEMBER 29 2014......SUNRISE   723 AM EST   SUNSET   507 PM EST


-  INDICATES NEGATIVE NUMBERS.
R  INDICATES RECORD WAS SET OR TIED.
MM INDICATES DATA IS MISSING.
T  INDICATES TRACE AMOUNT.




$$





U.S. Dept. of Commerce
NOAA National Weather Service
1325 East West Highway
Silver Spring, MD 20910
E-mail: w-nws.webmaster@noaa.gov
Page last modified: May 16, 2007
NATIONAL WEATHER SERVICE: for Safety, for Work, for Fun - FOR LIFE