595
CDUS41 KRLX 252118
CLICRW


CLIMATE REPORT
NATIONAL WEATHER SERVICE CHARLESTON WV
516 PM EDT SAT OCT 25 2014


...................................

...THE CHARLESTON WV CLIMATE SUMMARY FOR OCTOBER 25 2014...
VALID TODAY AS OF 0500 PM LOCAL TIME.

CLIMATE NORMAL PERIOD 1981 TO 2010
CLIMATE RECORD PERIOD 1901 TO 2014


WEATHER ITEM   OBSERVED TIME   RECORD YEAR NORMAL DEPARTURE LAST
                VALUE   (LST)  VALUE       VALUE  FROM      YEAR
                                                  NORMAL
..................................................................
TEMPERATURE (F)
 TODAY
  MAXIMUM         67    326 PM  85    1991  65      2       47
  MINIMUM         36    706 AM  26    1965  43     -7       29
                                      1903
  AVERAGE         52                        54     -2       38

PRECIPITATION (IN)
  TODAY            0.00          1.27 1946   0.09  -0.09     0.00
  MONTH TO DATE    3.30                      2.10   1.20     0.96
  SINCE SEP 1      7.79                      5.35   2.44     3.45
  SINCE JAN 1     39.94                     36.46   3.48    37.49

DEGREE DAYS
 HEATING
  TODAY           13                        11      2       27
  MONTH TO DATE  220                       207     13      189
  SINCE SEP 1    265                       263      2      228
  SINCE JUL 1    265                       265      0      231

 COOLING
  TODAY            0                         0      0        0
  MONTH TO DATE   14                        16     -2       39
  SINCE SEP 1    141                       143     -2      154
  SINCE JAN 1   1048                      1089    -41     1120
..................................................................


WIND (MPH)
  HIGHEST WIND SPEED    15   HIGHEST WIND DIRECTION    SW (220)
  HIGHEST GUST SPEED    19   HIGHEST GUST DIRECTION    SW (240)
  AVERAGE WIND SPEED     3.7


SKY COVER
  POSSIBLE SUNSHINE  MM
  AVERAGE SKY COVER 0.3


WEATHER CONDITIONS
 THE FOLLOWING WEATHER WAS RECORDED TODAY.
  FOG


RELATIVE HUMIDITY (PERCENT)
 HIGHEST   100           300 AM
 LOWEST     52           100 PM
 AVERAGE    76

..........................................................


THE CHARLESTON WV CLIMATE NORMALS FOR TOMORROW
                         NORMAL    RECORD    YEAR
 MAXIMUM TEMPERATURE (F)   65        88      1920
 MINIMUM TEMPERATURE (F)   42        24      1962


SUNRISE AND SUNSET
OCTOBER 25 2014.......SUNRISE   745 AM EDT   SUNSET   635 PM EDT
OCTOBER 26 2014.......SUNRISE   746 AM EDT   SUNSET   634 PM EDT


-  INDICATES NEGATIVE NUMBERS.
R  INDICATES RECORD WAS SET OR TIED.
MM INDICATES DATA IS MISSING.
T  INDICATES TRACE AMOUNT.




$$





U.S. Dept. of Commerce
NOAA National Weather Service
1325 East West Highway
Silver Spring, MD 20910
E-mail: w-nws.webmaster@noaa.gov
Page last modified: May 16, 2007
NATIONAL WEATHER SERVICE: for Safety, for Work, for Fun - FOR LIFE