621
CDUS41 KRLX 242124
CLICRW


CLIMATE REPORT
NATIONAL WEATHER SERVICE CHARLESTON WV
524 PM EDT THU APR 24 2014


...................................

...THE CHARLESTON WV CLIMATE SUMMARY FOR APRIL 24 2014...
VALID TODAY AS OF 0500 PM LOCAL TIME.

CLIMATE NORMAL PERIOD 1981 TO 2010
CLIMATE RECORD PERIOD 1901 TO 2014


WEATHER ITEM   OBSERVED TIME   RECORD YEAR NORMAL DEPARTURE LAST
                VALUE   (LST)  VALUE       VALUE  FROM      YEAR
                                                  NORMAL
..................................................................
TEMPERATURE (F)
 TODAY
  MAXIMUM         72    359 PM  91    1915  70      2       74
  MINIMUM         39    301 AM  29    1986  47     -8       41
                                      1927
  AVERAGE         56                        59     -3       58

PRECIPITATION (IN)
  TODAY            0.00          1.01 1975   0.12  -0.12     0.24
  MONTH TO DATE    1.49                      2.53  -1.04     1.37
  SINCE MAR 1      5.19                      6.44  -1.25     4.54
  SINCE JAN 1     12.25                     12.63  -0.38    10.57

DEGREE DAYS
 HEATING
  TODAY            9                         8      1        7
  MONTH TO DATE  186                       254    -68      211
  SINCE MAR 1    904                       854     50      988
  SINCE JUL 1   4671                      4308    363     4371

 COOLING
  TODAY            0                         1     -1        0
  MONTH TO DATE   15                        23     -8       39
  SINCE MAR 1     15                        28    -13       39
  SINCE JAN 1     15                        28    -13       39
..................................................................


WIND (MPH)
  HIGHEST WIND SPEED    12   HIGHEST WIND DIRECTION    NE (60)
  HIGHEST GUST SPEED    17   HIGHEST GUST DIRECTION    NE (60)
  AVERAGE WIND SPEED     3.7


SKY COVER
  POSSIBLE SUNSHINE  MM
  AVERAGE SKY COVER 0.4


WEATHER CONDITIONS
 THE FOLLOWING WEATHER WAS RECORDED TODAY.
  NO SIGNIFICANT WEATHER WAS OBSERVED.


RELATIVE HUMIDITY (PERCENT)
 HIGHEST    82           700 AM
 LOWEST     12           400 PM
 AVERAGE    47

..........................................................


THE CHARLESTON WV CLIMATE NORMALS FOR TOMORROW
                         NORMAL    RECORD    YEAR
 MAXIMUM TEMPERATURE (F)   71        96      1925
 MINIMUM TEMPERATURE (F)   47        28      1927


SUNRISE AND SUNSET
APRIL 24 2014.........SUNRISE   638 AM EDT   SUNSET   811 PM EDT
APRIL 25 2014.........SUNRISE   637 AM EDT   SUNSET   812 PM EDT


-  INDICATES NEGATIVE NUMBERS.
R  INDICATES RECORD WAS SET OR TIED.
MM INDICATES DATA IS MISSING.
T  INDICATES TRACE AMOUNT.




$$





U.S. Dept. of Commerce
NOAA National Weather Service
1325 East West Highway
Silver Spring, MD 20910
E-mail: w-nws.webmaster@noaa.gov
Page last modified: May 16, 2007
NATIONAL WEATHER SERVICE: for Safety, for Work, for Fun - FOR LIFE