773
CDUS44 KCRP 230019
CLICRP

CLIMATE REPORT
NATIONAL WEATHER SERVICE CORPUS CHRISTI TX
615 PM CST SAT NOV 22 2014


...................................

...THE CORPUS CHRISTI CLIMATE SUMMARY FOR NOVEMBER 22 2014...
VALID TODAY AS OF 600 PM LOCAL TIME.

CLIMATE NORMAL PERIOD 1981 TO 2010
CLIMATE RECORD PERIOD 1887 TO 2014


WEATHER ITEM   OBSERVED TIME   RECORD YEAR NORMAL DEPARTURE LAST
                VALUE   (LST)  VALUE       VALUE  FROM      YEAR
                                                  NORMAL
..................................................................
TEMPERATURE (F)
 TODAY
  MAXIMUM         76    442 PM  89    1909  74      2       77
  MINIMUM         70    250 AM  36    1937  54     16       42
  AVERAGE         73                        64      9       60

PRECIPITATION (IN)
  TODAY            0.12          3.43 1947   0.06   0.06     2.42
  MONTH TO DATE    2.33                      1.58   0.75     2.95
  SINCE SEP 1     13.97                     10.20   3.77    11.71
  SINCE JAN 1     27.81                     29.54  -1.73    22.72

SNOWFALL (IN)
  TODAY            0.0
  MONTH TO DATE    0.0
  SINCE SEP 1      0.0
  SINCE JUL 1      0.0
  SNOW DEPTH       0

DEGREE DAYS
 HEATING
  TODAY            0                         4     -4        5
  MONTH TO DATE  135                        51     84       31
  SINCE SEP 1    135                        61     74       31
  SINCE JUL 1    135                        61     74       31

 COOLING
  TODAY            8                         3      5        0
  MONTH TO DATE   50                       102    -52      129
  SINCE SEP 1    928                       892     36     1099
  SINCE JAN 1   3631                      3453    178     4112
..................................................................


WIND (MPH)
  HIGHEST WIND SPEED    31   HIGHEST WIND DIRECTION    SE (120)
  HIGHEST GUST SPEED    39   HIGHEST GUST DIRECTION    SE (120)


SKY COVER
  POSSIBLE SUNSHINE  MM
  AVERAGE SKY COVER 0.8


WEATHER CONDITIONS
 THE FOLLOWING WEATHER WAS RECORDED TODAY.
  THUNDERSTORM
  RAIN
  LIGHT RAIN
  FOG


RELATIVE HUMIDITY (PERCENT)
 HIGHEST    93           900 AM
 LOWEST     82           300 PM
 AVERAGE    88

..........................................................


THE CORPUS CHRISTI CLIMATE NORMALS FOR TOMORROW
                         NORMAL    RECORD    YEAR
 MAXIMUM TEMPERATURE (F)   74        88      1981
                                             1924
 MINIMUM TEMPERATURE (F)   54        35      1975


SUNRISE AND SUNSET
NOVEMBER 22 2014......SUNRISE   657 AM CST   SUNSET   535 PM CST
NOVEMBER 23 2014......SUNRISE   657 AM CST   SUNSET   535 PM CST


-  INDICATES NEGATIVE NUMBERS.
R  INDICATES RECORD WAS SET OR TIED.
MM INDICATES DATA IS MISSING.
T  INDICATES TRACE AMOUNT.




$$









U.S. Dept. of Commerce
NOAA National Weather Service
1325 East West Highway
Silver Spring, MD 20910
E-mail: w-nws.webmaster@noaa.gov
Page last modified: May 16, 2007
NATIONAL WEATHER SERVICE: for Safety, for Work, for Fun - FOR LIFE