357
CDUS44 KCRP 242349
CLICRP

CLIMATE REPORT
NATIONAL WEATHER SERVICE CORPUS CHRISTI TX
649 PM CDT THU APR 24 2014

...................................

...THE CORPUS CHRISTI CLIMATE SUMMARY FOR APRIL 24 2014...
VALID TODAY AS OF 649 PM LOCAL TIME.

CLIMATE NORMAL PERIOD 1981 TO 2010
CLIMATE RECORD PERIOD 1887 TO 2014


WEATHER ITEM   OBSERVED TIME   RECORD YEAR NORMAL DEPARTURE LAST
                VALUE   (LST)  VALUE       VALUE  FROM      YEAR
                                                  NORMAL
..................................................................
TEMPERATURE (F)
 TODAY
  MAXIMUM         85    157 PM  94    1953  83      2       75
  MINIMUM         72    635 AM  49    1983  65      7       51
  AVERAGE         79                        74      5       63

PRECIPITATION (IN)
  TODAY            0.00          1.46 1926   0.06  -0.06     0.06
  MONTH TO DATE    0.45                      1.41  -0.96     0.23
  SINCE MAR 1      2.10                      3.30  -1.20     0.29
  SINCE JAN 1      3.01                      6.77  -3.76     1.98

SNOWFALL (IN)
  TODAY            0.0
  MONTH TO DATE    0.0
  SINCE MAR 1      0.0
  SINCE JUL 1      T
  SNOW DEPTH       0

DEGREE DAYS
 HEATING
  TODAY            0                         0      0        2
  MONTH TO DATE   14                        15     -1       11
  SINCE MAR 1    146                        96     50       75
  SINCE JUL 1   1145                       896    249      527

 COOLING
  TODAY           14                         9      5        0
  MONTH TO DATE  184                       178      6      188
  SINCE MAR 1    268                       293    -25      345
  SINCE JAN 1    345                       369    -24      489
..................................................................


WIND (MPH)
  HIGHEST WIND SPEED    21   HIGHEST WIND DIRECTION     S (170)
  HIGHEST GUST SPEED    27   HIGHEST GUST DIRECTION    SE (150)


SKY COVER
  POSSIBLE SUNSHINE  MM
  AVERAGE SKY COVER 0.7


WEATHER CONDITIONS
 THE FOLLOWING WEATHER WAS RECORDED TODAY.
  NO SIGNIFICANT WEATHER WAS OBSERVED.


RELATIVE HUMIDITY (PERCENT)
 HIGHEST    84          1200 AM
 LOWEST     58          1000 AM
 AVERAGE    71

..........................................................


THE CORPUS CHRISTI CLIMATE NORMALS FOR TOMORROW
                         NORMAL    RECORD    YEAR
 MAXIMUM TEMPERATURE (F)   83        99      2003
 MINIMUM TEMPERATURE (F)   65        49      1983


SUNRISE AND SUNSET
APRIL 24 2014.........SUNRISE   656 AM CDT   SUNSET   800 PM CDT
APRIL 25 2014.........SUNRISE   656 AM CDT   SUNSET   801 PM CDT


-  INDICATES NEGATIVE NUMBERS.
R  INDICATES RECORD WAS SET OR TIED.
MM INDICATES DATA IS MISSING.
T  INDICATES TRACE AMOUNT.




$$












U.S. Dept. of Commerce
NOAA National Weather Service
1325 East West Highway
Silver Spring, MD 20910
E-mail: w-nws.webmaster@noaa.gov
Page last modified: May 16, 2007
NATIONAL WEATHER SERVICE: for Safety, for Work, for Fun - FOR LIFE