330
CDUS44 KCRP 012334
CLICRP

CLIMATE REPORT
NATIONAL WEATHER SERVICE CORPUS CHRISTI TX
534 PM CST SUN FEB 1 2015

...................................

...THE CORPUS CHRISTI CLIMATE SUMMARY FOR FEBRUARY 1 2015...
VALID TODAY AS OF 534 PM LOCAL TIME.

CLIMATE NORMAL PERIOD 1981 TO 2010
CLIMATE RECORD PERIOD 1887 TO 2015


WEATHER ITEM   OBSERVED TIME   RECORD YEAR NORMAL DEPARTURE LAST
                VALUE   (LST)  VALUE       VALUE  FROM      YEAR
                                                  NORMAL
..................................................................
TEMPERATURE (F)
 TODAY
  MAXIMUM         81    217 PM  87    1963  68     13       78
  MINIMUM         55    623 AM  18    1951  48      7       66
  AVERAGE         68                        58     10       72

PRECIPITATION (IN)
  TODAY            0.00          1.24 1895   0.06  -0.06      T
  MONTH TO DATE    0.00                      0.06  -0.06      T
  SINCE DEC 1      3.08                      3.43  -0.35     0.96
  SINCE JAN 1      2.04                      1.60   0.44     0.67

SNOWFALL (IN)
  TODAY            0.0
  MONTH TO DATE    0.0
  SINCE DEC 1      0.0
  SINCE JUL 1      0.0
  SNOW DEPTH       0

DEGREE DAYS
 HEATING
  TODAY            0                         8     -8        0
  MONTH TO DATE    0                         8     -8        0
  SINCE DEC 1    545                       534     11      609
  SINCE JUL 1    706                       635     71      766

 COOLING
  TODAY            3                         1      2        7
  MONTH TO DATE    3                         1      2        7
  SINCE DEC 1     65                        80    -15       45
  SINCE JAN 1      6                        31    -25        9
..................................................................


WIND (MPH)
  HIGHEST WIND SPEED    18   HIGHEST WIND DIRECTION    SW (220)
  HIGHEST GUST SPEED    23   HIGHEST GUST DIRECTION     S (190)


SKY COVER
  POSSIBLE SUNSHINE  MM
  AVERAGE SKY COVER 0.7


WEATHER CONDITIONS
 THE FOLLOWING WEATHER WAS RECORDED TODAY.
  FOG
  FOG W/VISIBILITY <= 1/4 MILE


RELATIVE HUMIDITY (PERCENT)
 HIGHEST   100           500 AM
 LOWEST     52           200 PM
 AVERAGE    76

..........................................................


THE CORPUS CHRISTI CLIMATE NORMALS FOR TOMORROW
                         NORMAL    RECORD    YEAR
 MAXIMUM TEMPERATURE (F)   68        93      2006
 MINIMUM TEMPERATURE (F)   48        20      1951


SUNRISE AND SUNSET
FEBRUARY  1 2015......SUNRISE   717 AM CST   SUNSET   611 PM CST
FEBRUARY  2 2015......SUNRISE   716 AM CST   SUNSET   611 PM CST


-  INDICATES NEGATIVE NUMBERS.
R  INDICATES RECORD WAS SET OR TIED.
MM INDICATES DATA IS MISSING.
T  INDICATES TRACE AMOUNT.




$$












U.S. Dept. of Commerce
NOAA National Weather Service
1325 East West Highway
Silver Spring, MD 20910
E-mail: w-nws.webmaster@noaa.gov
Page last modified: May 16, 2007
NATIONAL WEATHER SERVICE: for Safety, for Work, for Fun - FOR LIFE