300
CDUS44 KCRP 192141
CLICRP

CLIMATE REPORT
NATIONAL WEATHER SERVICE CORPUS CHRISTI TX
441 PM CDT SAT APR 19 2014


...................................

...THE CORPUS CHRISTI CLIMATE SUMMARY FOR APRIL 19 2014...
VALID TODAY AS OF 0400 PM LOCAL TIME.

CLIMATE NORMAL PERIOD 1981 TO 2010
CLIMATE RECORD PERIOD 1887 TO 2014


WEATHER ITEM   OBSERVED TIME   RECORD YEAR NORMAL DEPARTURE LAST
                VALUE   (LST)  VALUE       VALUE  FROM      YEAR
                                                  NORMAL
..................................................................
TEMPERATURE (F)
 TODAY
  MAXIMUM         82    129 PM  94    1984  82      0       78
  MINIMUM         57    232 AM  46    2008  64     -7       51
  AVERAGE         70                        73     -3       65

PRECIPITATION (IN)
  TODAY            0.00          0.93 1935   0.07  -0.07      T
  MONTH TO DATE    0.43                      1.10  -0.67     0.17
  SINCE MAR 1      2.08                      2.99  -0.91     0.23
  SINCE JAN 1      2.99                      6.46  -3.47     1.92

SNOWFALL (IN)
  TODAY            0.0
  MONTH TO DATE    0.0
  SINCE MAR 1      0.0
  SINCE JUL 1      T
  SNOW DEPTH       0

DEGREE DAYS
 HEATING
  TODAY            0                         0      0        0
  MONTH TO DATE   14                        15     -1        6
  SINCE MAR 1    146                        96     50       70
  SINCE JUL 1   1145                       896    249      522

 COOLING
  TODAY            5                         8     -3        0
  MONTH TO DATE  119                       133    -14      158
  SINCE MAR 1    203                       248    -45      315
  SINCE JAN 1    280                       324    -44      459
..................................................................


WIND (MPH)
  HIGHEST WIND SPEED    21   HIGHEST WIND DIRECTION     E (100)
  HIGHEST GUST SPEED    28   HIGHEST GUST DIRECTION     E (70)


SKY COVER
  POSSIBLE SUNSHINE  MM
  AVERAGE SKY COVER 0.7


WEATHER CONDITIONS
 THE FOLLOWING WEATHER WAS RECORDED TODAY.
  FOG
  HAZE


RELATIVE HUMIDITY (PERCENT)
 HIGHEST    93           300 AM
 LOWEST     45           100 PM
 AVERAGE    69

..........................................................


THE CORPUS CHRISTI CLIMATE NORMALS FOR TOMORROW
                         NORMAL    RECORD    YEAR
 MAXIMUM TEMPERATURE (F)   83        89      1984
                                             1892
 MINIMUM TEMPERATURE (F)   64        47      2013
                                             1980


SUNRISE AND SUNSET
APRIL 19 2014.........SUNRISE   701 AM CDT   SUNSET   757 PM CDT
APRIL 20 2014.........SUNRISE   700 AM CDT   SUNSET   758 PM CDT


-  INDICATES NEGATIVE NUMBERS.
R  INDICATES RECORD WAS SET OR TIED.
MM INDICATES DATA IS MISSING.
T  INDICATES TRACE AMOUNT.




$$








U.S. Dept. of Commerce
NOAA National Weather Service
1325 East West Highway
Silver Spring, MD 20910
E-mail: w-nws.webmaster@noaa.gov
Page last modified: May 16, 2007
NATIONAL WEATHER SERVICE: for Safety, for Work, for Fun - FOR LIFE