847
CDUS44 KCRP 212330
CLICRP

CLIMATE REPORT
NATIONAL WEATHER SERVICE CORPUS CHRISTI TX
530 PM CST SUN DEC 21 2014

...................................

...THE CORPUS CHRISTI CLIMATE SUMMARY FOR DECEMBER 21 2014...
VALID TODAY AS OF 530 PM LOCAL TIME.

CLIMATE NORMAL PERIOD 1981 TO 2010
CLIMATE RECORD PERIOD 1887 TO 2014


WEATHER ITEM   OBSERVED TIME   RECORD YEAR NORMAL DEPARTURE LAST
                VALUE   (LST)  VALUE       VALUE  FROM      YEAR
                                                  NORMAL
..................................................................
TEMPERATURE (F)
 TODAY
  MAXIMUM         62    307 PM  87    1990  67     -5       80
  MINIMUM         53    510 AM  18    1973  48      5       58
  AVERAGE         58                        58      0       69

PRECIPITATION (IN)
  TODAY            0.00          6.77 1991   0.07  -0.07     0.01
  MONTH TO DATE    0.43                      1.19  -0.76     0.03
  SINCE DEC 1      0.43                      1.19  -0.76     0.03
  SINCE JAN 1     28.75                     31.12  -2.37    23.19

SNOWFALL (IN)
  TODAY            0.0
  MONTH TO DATE    0.0
  SINCE DEC 1      0.0
  SINCE JUL 1      0.0
  SNOW DEPTH       0

DEGREE DAYS
 HEATING
  TODAY            7                         9     -2        0
  MONTH TO DATE   54                       159   -105      186
  SINCE DEC 1     54                       159   -105      186
  SINCE JUL 1    215                       260    -45      343

 COOLING
  TODAY            0                         1     -1        4
  MONTH TO DATE   50                        39     11       36
  SINCE DEC 1     50                        39     11       36
  SINCE JAN 1   3691                      3514    177     4148
..................................................................


WIND (MPH)
  HIGHEST WIND SPEED    16   HIGHEST WIND DIRECTION    NE (40)
  HIGHEST GUST SPEED    19   HIGHEST GUST DIRECTION    NE (40)


SKY COVER
  POSSIBLE SUNSHINE  MM
  AVERAGE SKY COVER 1.0


WEATHER CONDITIONS
 THE FOLLOWING WEATHER WAS RECORDED TODAY.
  FOG


RELATIVE HUMIDITY (PERCENT)
 HIGHEST    93           100 AM
 LOWEST     78           200 PM
 AVERAGE    86

..........................................................


THE CORPUS CHRISTI CLIMATE NORMALS FOR TOMORROW
                         NORMAL    RECORD    YEAR
 MAXIMUM TEMPERATURE (F)   67        84      1988
                                             1981
                                             1970
 MINIMUM TEMPERATURE (F)   48        20      1989


SUNRISE AND SUNSET
DECEMBER 21 2014......SUNRISE   717 AM CST   SUNSET   540 PM CST
DECEMBER 22 2014......SUNRISE   717 AM CST   SUNSET   540 PM CST


-  INDICATES NEGATIVE NUMBERS.
R  INDICATES RECORD WAS SET OR TIED.
MM INDICATES DATA IS MISSING.
T  INDICATES TRACE AMOUNT.




$$












U.S. Dept. of Commerce
NOAA National Weather Service
1325 East West Highway
Silver Spring, MD 20910
E-mail: w-nws.webmaster@noaa.gov
Page last modified: May 16, 2007
NATIONAL WEATHER SERVICE: for Safety, for Work, for Fun - FOR LIFE