716
CDUS42 KILM 200944
CLICRE


CLIMATE REPORT
NATIONAL WEATHER SERVICE WILMINGTON NC
444 AM EST SAT DEC 20 2014


...................................

...THE NORTH MYRTLE BEACH SC CLIMATE SUMMARY FOR DECEMBER 19 2014...

CLIMATE NORMAL PERIOD 1981 TO 2010
CLIMATE RECORD PERIOD 1949 TO 2014


WEATHER ITEM   OBSERVED TIME   RECORD YEAR NORMAL DEPARTURE LAST
                VALUE   (LST)  VALUE       VALUE  FROM      YEAR
                                                  NORMAL
..................................................................
TEMPERATURE (F)
 YESTERDAY
  MAXIMUM         58   1254 PM  74    2006  58      0       60
  MINIMUM         35    725 AM  16    1953  38     -3       29
  AVERAGE         47                        48     -1       45

PRECIPITATION (IN)
  YESTERDAY        0.00                      0.12  -0.12     0.00
  MONTH TO DATE    0.18                      2.26  -2.08     0.70
  SINCE DEC 1      0.18                      2.26  -2.08     0.70
  SINCE JAN 1     37.97                     50.81 -12.84    47.68

SNOWFALL (IN)
  YESTERDAY       MM
  MONTH TO DATE   MM
  SINCE DEC 1     MM
  SINCE JUL 1     MM
  SNOW DEPTH      MM

DEGREE DAYS
 HEATING
  YESTERDAY       18                        17      1       20
  MONTH TO DATE  276                       289    -13      261
  SINCE DEC 1    276                       289    -13      261
  SINCE JUL 1    726                       650     76      674

 COOLING
  YESTERDAY        0                         0      0        0
  MONTH TO DATE    0                         0      0        3
  SINCE DEC 1      0                         0      0        3
  SINCE JAN 1   2029                      1899    130     1843
..................................................................


WIND (MPH)
  HIGHEST WIND SPEED    12   HIGHEST WIND DIRECTION    NE (40)
  HIGHEST GUST SPEED    15   HIGHEST GUST DIRECTION    NE (50)
  AVERAGE WIND SPEED     3.4


SKY COVER
  POSSIBLE SUNSHINE  MM
  AVERAGE SKY COVER 0.0


WEATHER CONDITIONS
 THE FOLLOWING WEATHER WAS RECORDED YESTERDAY.
  FOG


RELATIVE HUMIDITY (PERCENT)
 HIGHEST   100           500 AM
 LOWEST     36          1200 PM
 AVERAGE    68

..........................................................


THE NORTH MYRTLE BEACH SC CLIMATE NORMALS FOR TODAY
                         NORMAL    RECORD    YEAR
 MAXIMUM TEMPERATURE (F)   58        74      2013
 MINIMUM TEMPERATURE (F)   38        19      2004


SUNRISE AND SUNSET
DECEMBER 20 2014......SUNRISE   715 AM EST   SUNSET   510 PM EST
DECEMBER 21 2014......SUNRISE   716 AM EST   SUNSET   510 PM EST


-  INDICATES NEGATIVE NUMBERS.
R  INDICATES RECORD WAS SET OR TIED.
MM INDICATES DATA IS MISSING.
T  INDICATES TRACE AMOUNT.




$$





U.S. Dept. of Commerce
NOAA National Weather Service
1325 East West Highway
Silver Spring, MD 20910
E-mail: w-nws.webmaster@noaa.gov
Page last modified: May 16, 2007
NATIONAL WEATHER SERVICE: for Safety, for Work, for Fun - FOR LIFE