266
CDUS46 KLOX 250903
CLICQT


CLIMATE REPORT
NATIONAL WEATHER SERVICE LOS ANGELES/OXNARD CA
203 AM PDT SAT OCT 25 2014


...................................

...THE DOWNTOWN LOS ANGELES (USC) CA CLIMATE SUMMARY FOR OCTOBER 24 2014...

CLIMATE NORMAL PERIOD 1981 TO 2010
CLIMATE RECORD PERIOD 1877 TO 2014


WEATHER ITEM   OBSERVED TIME   RECORD YEAR NORMAL DEPARTURE LAST
                VALUE   (LST)  VALUE       VALUE  FROM      YEAR
                                                  NORMAL
..................................................................
TEMPERATURE (F)
 YESTERDAY
  MAXIMUM         88   1241 PM  99    1909  78     10       70
  MINIMUM         59    543 AM  43    1886  57      2       58
  AVERAGE         74                        67      7       64

PRECIPITATION (IN)
  YESTERDAY        0.00          0.55 1919   0.02  -0.02     0.00
  MONTH TO DATE    0.00                      0.46  -0.46     0.04
  SINCE JUL 1      0.05                      0.75  -0.70     0.13
  SINCE JAN 1      5.16                     11.36  -6.20     2.76

SNOWFALL (IN)
  YESTERDAY        0.0
  MONTH TO DATE    0.0
  SINCE SEP 1      0.0
  SINCE JUL 1      0.0

DEGREE DAYS
 HEATING
  YESTERDAY        0                         1     -1        1
  MONTH TO DATE    0                         7     -7       12
  SINCE SEP 1      0                         9     -9       12
  SINCE JUL 1      0                         9     -9       12

 COOLING
  YESTERDAY        9                         3      6        0
  MONTH TO DATE  218                       110    108       93
  SINCE SEP 1    571                       354    217      355
  SINCE JAN 1   1648                      1188    460     1160
..................................................................


WIND (MPH)
  HIGHEST WIND SPEED     7   HIGHEST WIND DIRECTION     W (280)
  HIGHEST GUST SPEED    11   HIGHEST GUST DIRECTION     W (270)
  AVERAGE WIND SPEED     0.7


SKY COVER
  POSSIBLE SUNSHINE  MM
  AVERAGE SKY COVER 0.0


WEATHER CONDITIONS
 THE FOLLOWING WEATHER WAS RECORDED YESTERDAY.
  HAZE


RELATIVE HUMIDITY (PERCENT)
 HIGHEST    84           100 AM
 LOWEST     20          1200 PM
 AVERAGE    52

..........................................................


THE DOWNTOWN LOS ANGELES (USC) CA CLIMATE NORMALS FOR TODAY
                         NORMAL    RECORD    YEAR
 MAXIMUM TEMPERATURE (F)   77        96      1983
 MINIMUM TEMPERATURE (F)   57        43      1886


SUNRISE AND SUNSET
OCTOBER 25 2014.......SUNRISE   707 AM PDT   SUNSET   607 PM PDT
OCTOBER 26 2014.......SUNRISE   707 AM PDT   SUNSET   606 PM PDT


-  INDICATES NEGATIVE NUMBERS.
R  INDICATES RECORD WAS SET OR TIED.
MM INDICATES DATA IS MISSING.
T  INDICATES TRACE AMOUNT.




$$





U.S. Dept. of Commerce
NOAA National Weather Service
1325 East West Highway
Silver Spring, MD 20910
E-mail: w-nws.webmaster@noaa.gov
Page last modified: May 16, 2007
NATIONAL WEATHER SERVICE: for Safety, for Work, for Fun - FOR LIFE