638
CDUS46 KLOX 290908
CLICQT


CLIMATE REPORT
NATIONAL WEATHER SERVICE LOS ANGELES/OXNARD CA
108 AM PST THU JAN 29 2015


...................................

...THE DOWNTOWN LOS ANGELES (USC) CA CLIMATE SUMMARY FOR JANUARY 28 2015...

CLIMATE NORMAL PERIOD 1981 TO 2010
CLIMATE RECORD PERIOD 1877 TO 2015


WEATHER ITEM   OBSERVED TIME   RECORD YEAR NORMAL DEPARTURE LAST
                VALUE   (LST)  VALUE       VALUE  FROM      YEAR
                                                  NORMAL
..................................................................
TEMPERATURE (F)
 YESTERDAY
  MAXIMUM         75    105 PM  90    1971  68      7       70
  MINIMUM         56    253 AM  35    1957  48      8       49
  AVERAGE         66                        58      8       60

PRECIPITATION (IN)
  YESTERDAY        0.00          2.81 1915   0.10  -0.10     0.00
  MONTH TO DATE    1.06                      2.80  -1.74      T
  SINCE OCT 1      5.67                      6.83  -1.16     0.88
  SINCE JAN 1      1.06                      2.80  -1.74      T

SNOWFALL (IN)
  YESTERDAY        0.0
  MONTH TO DATE    0.0
  SINCE DEC 1      0.0
  SINCE JUL 1      0.0

DEGREE DAYS
 HEATING
  YESTERDAY        0                         7     -7        5
  MONTH TO DATE  106                       202    -96       78
  SINCE DEC 1    288                       436   -148      277
  SINCE JUL 1    311                       567   -256      358

 COOLING
  YESTERDAY        1                         0      1        0
  MONTH TO DATE   19                         0     19       17
  SINCE DEC 1     23                         4     19       33
  SINCE JAN 1     19                         0     19       17
..................................................................


WIND (MPH)
  HIGHEST WIND SPEED     6   HIGHEST WIND DIRECTION    NW (300)
  HIGHEST GUST SPEED    10   HIGHEST GUST DIRECTION     N (10)
  AVERAGE WIND SPEED     0.8


SKY COVER
  POSSIBLE SUNSHINE  MM
  AVERAGE SKY COVER 0.0


WEATHER CONDITIONS
 THE FOLLOWING WEATHER WAS RECORDED YESTERDAY.
  NO SIGNIFICANT WEATHER WAS OBSERVED.


RELATIVE HUMIDITY (PERCENT)
 HIGHEST    77           300 AM
 LOWEST     33           100 PM
 AVERAGE    55

..........................................................


THE DOWNTOWN LOS ANGELES (USC) CA CLIMATE NORMALS FOR TODAY
                         NORMAL    RECORD    YEAR
 MAXIMUM TEMPERATURE (F)   68        88      1971
 MINIMUM TEMPERATURE (F)   48        30      1880


SUNRISE AND SUNSET
JANUARY 29 2015.......SUNRISE   652 AM PST   SUNSET   521 PM PST
JANUARY 30 2015.......SUNRISE   652 AM PST   SUNSET   522 PM PST


-  INDICATES NEGATIVE NUMBERS.
R  INDICATES RECORD WAS SET OR TIED.
MM INDICATES DATA IS MISSING.
T  INDICATES TRACE AMOUNT.




$$





U.S. Dept. of Commerce
NOAA National Weather Service
1325 East West Highway
Silver Spring, MD 20910
E-mail: w-nws.webmaster@noaa.gov
Page last modified: May 16, 2007
NATIONAL WEATHER SERVICE: for Safety, for Work, for Fun - FOR LIFE