986
CDUS45 KRIW 280733
CLICPR


CLIMATE REPORT
NATIONAL WEATHER SERVICE RIVERTON WY
1233 AM MST WED JAN 28 2015


...................................

...THE CASPER WY CLIMATE SUMMARY FOR JANUARY 27 2015...

CLIMATE NORMAL PERIOD 1981 TO 2010
CLIMATE RECORD PERIOD 1939 TO 2015


WEATHER ITEM   OBSERVED TIME   RECORD YEAR NORMAL DEPARTURE LAST
                VALUE   (LST)  VALUE       VALUE  FROM      YEAR
                                                  NORMAL
..................................................................
TEMPERATURE (F)
 YESTERDAY
  MAXIMUM         58R   214 PM  56    2003  35     23       15
  MINIMUM         41   1137 PM -26    1980  14     27       -6
  AVERAGE         50                        25     25        5

PRECIPITATION (IN)
  YESTERDAY        0.00          0.31 2000   0.01  -0.01      T
  MONTH TO DATE    0.35                      0.44  -0.09     0.71
  SINCE DEC 1      1.60                      0.93   0.67     1.91
  SINCE JAN 1      0.35                      0.44  -0.09     0.71

SNOWFALL (IN)
  YESTERDAY        0.0                       0.3   -0.3       T
  MONTH TO DATE    6.1                       7.9   -1.8     13.8
  SINCE DEC 1     23.9                      18.9    5.0     29.5
  SINCE JUL 1     38.7                      38.4    0.3     54.3
  SNOW DEPTH       0

DEGREE DAYS
 HEATING
  YESTERDAY       15                        40    -25       60
  MONTH TO DATE 1062                      1085    -23     1083
  SINCE DEC 1   2186                      2360   -174     2459
  SINCE JUL 1   3961                      4214   -253     4303

 COOLING
  YESTERDAY        0                         0      0        0
  MONTH TO DATE    0                         0      0        0
  SINCE DEC 1      0                         0      0        0
  SINCE JAN 1      0                         0      0        0
..................................................................


WIND (MPH)
  HIGHEST WIND SPEED    29   HIGHEST WIND DIRECTION    SW (220)
  HIGHEST GUST SPEED    37   HIGHEST GUST DIRECTION     S (200)
  AVERAGE WIND SPEED    19.9


SKY COVER
  POSSIBLE SUNSHINE  MM
  AVERAGE SKY COVER 0.0


WEATHER CONDITIONS
 THE FOLLOWING WEATHER WAS RECORDED YESTERDAY.
  NO SIGNIFICANT WEATHER WAS OBSERVED.


RELATIVE HUMIDITY (PERCENT)
 HIGHEST    60          1100 PM
 LOWEST     28           100 PM
 AVERAGE    44

..........................................................


THE CASPER WY CLIMATE NORMALS FOR TODAY
                         NORMAL    RECORD    YEAR
 MAXIMUM TEMPERATURE (F)   35        55      1971
 MINIMUM TEMPERATURE (F)   14       -32      1980


SUNRISE AND SUNSET
JANUARY 28 2015.......SUNRISE   725 AM MST   SUNSET   513 PM MST
JANUARY 29 2015.......SUNRISE   724 AM MST   SUNSET   515 PM MST


-  INDICATES NEGATIVE NUMBERS.
R  INDICATES RECORD WAS SET OR TIED.
MM INDICATES DATA IS MISSING.
T  INDICATES TRACE AMOUNT.




$$





U.S. Dept. of Commerce
NOAA National Weather Service
1325 East West Highway
Silver Spring, MD 20910
E-mail: w-nws.webmaster@noaa.gov
Page last modified: May 16, 2007
NATIONAL WEATHER SERVICE: for Safety, for Work, for Fun - FOR LIFE