967
CDUS45 KRIW 230746
CLICPR


CLIMATE REPORT
NATIONAL WEATHER SERVICE RIVERTON WY
1246 AM MST SUN NOV 23 2014


...................................

...THE CASPER WY CLIMATE SUMMARY FOR NOVEMBER 22 2014...

CLIMATE NORMAL PERIOD 1981 TO 2010
CLIMATE RECORD PERIOD 1939 TO 2014


WEATHER ITEM   OBSERVED TIME   RECORD YEAR NORMAL DEPARTURE LAST
                VALUE   (LST)  VALUE       VALUE  FROM      YEAR
                                                  NORMAL
..................................................................
TEMPERATURE (F)
 YESTERDAY
  MAXIMUM         47   1123 AM  61    2006  41      6       26
                                      2002
  MINIMUM         31   1159 PM -20    1947  19     12       -5
  AVERAGE         39                        30      9       11

PRECIPITATION (IN)
  YESTERDAY        T             0.34 1955   0.02  -0.02     0.00
  MONTH TO DATE    0.57                      0.60  -0.03     0.24
  SINCE SEP 1      2.26                      2.79  -0.53     4.74
  SINCE JAN 1     10.64                     11.87  -1.23    13.94

SNOWFALL (IN)
  YESTERDAY        0.0                       0.3   -0.3      0.0
  MONTH TO DATE    6.7                       7.5   -0.8      3.6
  SINCE SEP 1     10.9                      16.7   -5.8     24.8
  SINCE JUL 1     10.9                      16.7   -5.8     24.8
  SNOW DEPTH       0

DEGREE DAYS
 HEATING
  YESTERDAY       26                        35     -9       54
  MONTH TO DATE  819                       661    158      672
  SINCE SEP 1   1463                      1514    -51     1561
  SINCE JUL 1   1510                      1560    -50     1561

 COOLING
  YESTERDAY        0                         0      0        0
  MONTH TO DATE    0                         0      0        0
  SINCE SEP 1     29                        25      4       80
  SINCE JAN 1    357                       422    -65      618
..................................................................


WIND (MPH)
  HIGHEST WIND SPEED    45   HIGHEST WIND DIRECTION    SW (220)
  HIGHEST GUST SPEED    57   HIGHEST GUST DIRECTION    SW (220)
  AVERAGE WIND SPEED    22.6


SKY COVER
  POSSIBLE SUNSHINE  MM
  AVERAGE SKY COVER 0.4


WEATHER CONDITIONS
 THE FOLLOWING WEATHER WAS RECORDED YESTERDAY.
  NO SIGNIFICANT WEATHER WAS OBSERVED.


RELATIVE HUMIDITY (PERCENT)
 HIGHEST    82          1000 PM
 LOWEST     37          1200 PM
 AVERAGE    60

..........................................................


THE CASPER WY CLIMATE NORMALS FOR TODAY
                         NORMAL    RECORD    YEAR
 MAXIMUM TEMPERATURE (F)   40        60      2006
 MINIMUM TEMPERATURE (F)   19       -21      1985


SUNRISE AND SUNSET
NOVEMBER 23 2014......SUNRISE   708 AM MST   SUNSET   436 PM MST
NOVEMBER 24 2014......SUNRISE   709 AM MST   SUNSET   436 PM MST


-  INDICATES NEGATIVE NUMBERS.
R  INDICATES RECORD WAS SET OR TIED.
MM INDICATES DATA IS MISSING.
T  INDICATES TRACE AMOUNT.




$$





U.S. Dept. of Commerce
NOAA National Weather Service
1325 East West Highway
Silver Spring, MD 20910
E-mail: w-nws.webmaster@noaa.gov
Page last modified: May 16, 2007
NATIONAL WEATHER SERVICE: for Safety, for Work, for Fun - FOR LIFE