205
CDUS45 KRIW 180731
CLICPR


CLIMATE REPORT
NATIONAL WEATHER SERVICE RIVERTON WY
130 AM MDT FRI APR 18 2014


...................................

...THE CASPER WY CLIMATE SUMMARY FOR APRIL 17 2014...

CLIMATE NORMAL PERIOD 1981 TO 2010
CLIMATE RECORD PERIOD 1939 TO 2014


WEATHER ITEM   OBSERVED TIME   RECORD YEAR NORMAL DEPARTURE LAST
                VALUE   (LST)  VALUE       VALUE  FROM      YEAR
                                                  NORMAL
..................................................................
TEMPERATURE (F)
 YESTERDAY
  MAXIMUM         63    405 PM  81    1994  57      6       22
  MINIMUM         29    633 AM  15    1945  29      0       16
  AVERAGE         46                        43      3       19

PRECIPITATION (IN)
  YESTERDAY        0.00          0.64 1986   0.04  -0.04     0.26
  MONTH TO DATE    0.64                      0.65  -0.01     2.28
  SINCE MAR 1      2.28                      1.47   0.81     3.13
  SINCE JAN 1      3.76                      2.55   1.21     3.90

SNOWFALL (IN)
  YESTERDAY        0.0                       0.4   -0.4      4.6
  MONTH TO DATE    5.2                       7.3   -2.1     35.1
  SINCE MAR 1     23.9                      18.2    5.7     45.6
  SINCE JUL 1     90.1                      67.6   22.5     78.3
  SNOW DEPTH       0

DEGREE DAYS
 HEATING
  YESTERDAY       19                        22     -3       46
  MONTH TO DATE  418                       409      9      525
  SINCE MAR 1   1330                      1334     -4     1486
  SINCE JUL 1   7094                      6782    312     6536

 COOLING
  YESTERDAY        0                         0      0        0
  MONTH TO DATE    0                         0      0        0
  SINCE MAR 1      0                         0      0        0
  SINCE JAN 1      0                         0      0        0
..................................................................


WIND (MPH)
  HIGHEST WIND SPEED    23   HIGHEST WIND DIRECTION     W (250)
  HIGHEST GUST SPEED    34   HIGHEST GUST DIRECTION    SW (240)
  AVERAGE WIND SPEED     9.6


SKY COVER
  POSSIBLE SUNSHINE  MM
  AVERAGE SKY COVER 0.3


WEATHER CONDITIONS
 THE FOLLOWING WEATHER WAS RECORDED YESTERDAY.
  FOG
  FOG W/VISIBILITY <= 1/4 MILE


RELATIVE HUMIDITY (PERCENT)
 HIGHEST   100           600 AM
 LOWEST     19           200 PM
 AVERAGE    60

..........................................................


THE CASPER WY CLIMATE NORMALS FOR TODAY
                         NORMAL    RECORD    YEAR
 MAXIMUM TEMPERATURE (F)   57        80      2001
                                             1946
 MINIMUM TEMPERATURE (F)   29         4      2013


SUNRISE AND SUNSET
APRIL 18 2014.........SUNRISE   619 AM MDT   SUNSET   752 PM MDT
APRIL 19 2014.........SUNRISE   618 AM MDT   SUNSET   753 PM MDT


-  INDICATES NEGATIVE NUMBERS.
R  INDICATES RECORD WAS SET OR TIED.
MM INDICATES DATA IS MISSING.
T  INDICATES TRACE AMOUNT.




$$





U.S. Dept. of Commerce
NOAA National Weather Service
1325 East West Highway
Silver Spring, MD 20910
E-mail: w-nws.webmaster@noaa.gov
Page last modified: May 16, 2007
NATIONAL WEATHER SERVICE: for Safety, for Work, for Fun - FOR LIFE