152
CDUS43 KLSX 220745
CLICOU


CLIMATE REPORT
NATIONAL WEATHER SERVICE ST LOUIS MO
245 AM CDT MON SEP 22 2014


...................................

...THE COLUMBIA ASOS CLIMATE SUMMARY FOR SEPTEMBER 21 2014...

CLIMATE NORMAL PERIOD 1981 TO 2010
CLIMATE RECORD PERIOD 1890 TO 2014


WEATHER ITEM   OBSERVED TIME   RECORD YEAR NORMAL DEPARTURE LAST
                VALUE   (LST)  VALUE       VALUE  FROM      YEAR
                                                  NORMAL
..................................................................
TEMPERATURE (F)
 YESTERDAY
  MAXIMUM         76    207 PM 100    1893  77     -1       73
  MINIMUM         54   1159 PM  35    1983  54      0       48
                                      1897
  AVERAGE         65                        65      0       61

PRECIPITATION (IN)
  YESTERDAY        0.00          3.57 1945   0.13  -0.13     0.00
  MONTH TO DATE    6.15                      2.68   3.47     2.21
  SINCE SEP 1      6.15                      2.68   3.47     2.21
  SINCE JAN 1     30.44                     32.43  -1.99    35.30

SNOWFALL (IN)
  YESTERDAY        0.0           0.0  2013   0.0    0.0      0.0
  MONTH TO DATE    0.0                       0.0    0.0      0.0
  SINCE SEP 1      0.0                       0.0    0.0      0.0
  SINCE JUL 1      0.0                       0.0    0.0      0.0
  SNOW DEPTH       0

DEGREE DAYS
 HEATING
  YESTERDAY        0                         3     -3        4
  MONTH TO DATE   40                        25     15        9
  SINCE SEP 1     40                        25     15        9
  SINCE JUL 1     40                        27     13        9

 COOLING
  YESTERDAY        0                         3     -3        0
  MONTH TO DATE   97                       122    -25      185
  SINCE SEP 1     97                       122    -25      185
  SINCE JAN 1   1207                      1205      2     1252
..................................................................


WIND (MPH)
  HIGHEST WIND SPEED    22   HIGHEST WIND DIRECTION    NW (320)
  HIGHEST GUST SPEED    27   HIGHEST GUST DIRECTION     N (340)
  AVERAGE WIND SPEED    10.8


SKY COVER
  AVERAGE SKY COVER 0.0


WEATHER CONDITIONS
 THE FOLLOWING WEATHER WAS RECORDED YESTERDAY.
  FOG


RELATIVE HUMIDITY (PERCENT)
 HIGHEST   100
 LOWEST     38
 AVERAGE    69

..........................................................


THE COLUMBIA ASOS CLIMATE NORMALS FOR TODAY
                         NORMAL    RECORD    YEAR
 MAXIMUM TEMPERATURE (F)   76        97      1937
 MINIMUM TEMPERATURE (F)   53        33      1995


SUNRISE AND SUNSET
SEPTEMBER 22 2014.....SUNRISE   657 AM CDT   SUNSET   706 PM CDT
SEPTEMBER 23 2014.....SUNRISE   657 AM CDT   SUNSET   704 PM CDT


-  INDICATES NEGATIVE NUMBERS.
R  INDICATES RECORD WAS SET OR TIED.
MM INDICATES DATA IS MISSING.
T  INDICATES TRACE AMOUNT.




$$





152
CDUS43 KLSX 220745
CLICOU


CLIMATE REPORT
NATIONAL WEATHER SERVICE ST LOUIS MO
245 AM CDT MON SEP 22 2014


...................................

...THE COLUMBIA ASOS CLIMATE SUMMARY FOR SEPTEMBER 21 2014...

CLIMATE NORMAL PERIOD 1981 TO 2010
CLIMATE RECORD PERIOD 1890 TO 2014


WEATHER ITEM   OBSERVED TIME   RECORD YEAR NORMAL DEPARTURE LAST
                VALUE   (LST)  VALUE       VALUE  FROM      YEAR
                                                  NORMAL
..................................................................
TEMPERATURE (F)
 YESTERDAY
  MAXIMUM         76    207 PM 100    1893  77     -1       73
  MINIMUM         54   1159 PM  35    1983  54      0       48
                                      1897
  AVERAGE         65                        65      0       61

PRECIPITATION (IN)
  YESTERDAY        0.00          3.57 1945   0.13  -0.13     0.00
  MONTH TO DATE    6.15                      2.68   3.47     2.21
  SINCE SEP 1      6.15                      2.68   3.47     2.21
  SINCE JAN 1     30.44                     32.43  -1.99    35.30

SNOWFALL (IN)
  YESTERDAY        0.0           0.0  2013   0.0    0.0      0.0
  MONTH TO DATE    0.0                       0.0    0.0      0.0
  SINCE SEP 1      0.0                       0.0    0.0      0.0
  SINCE JUL 1      0.0                       0.0    0.0      0.0
  SNOW DEPTH       0

DEGREE DAYS
 HEATING
  YESTERDAY        0                         3     -3        4
  MONTH TO DATE   40                        25     15        9
  SINCE SEP 1     40                        25     15        9
  SINCE JUL 1     40                        27     13        9

 COOLING
  YESTERDAY        0                         3     -3        0
  MONTH TO DATE   97                       122    -25      185
  SINCE SEP 1     97                       122    -25      185
  SINCE JAN 1   1207                      1205      2     1252
..................................................................


WIND (MPH)
  HIGHEST WIND SPEED    22   HIGHEST WIND DIRECTION    NW (320)
  HIGHEST GUST SPEED    27   HIGHEST GUST DIRECTION     N (340)
  AVERAGE WIND SPEED    10.8


SKY COVER
  AVERAGE SKY COVER 0.0


WEATHER CONDITIONS
 THE FOLLOWING WEATHER WAS RECORDED YESTERDAY.
  FOG


RELATIVE HUMIDITY (PERCENT)
 HIGHEST   100
 LOWEST     38
 AVERAGE    69

..........................................................


THE COLUMBIA ASOS CLIMATE NORMALS FOR TODAY
                         NORMAL    RECORD    YEAR
 MAXIMUM TEMPERATURE (F)   76        97      1937
 MINIMUM TEMPERATURE (F)   53        33      1995


SUNRISE AND SUNSET
SEPTEMBER 22 2014.....SUNRISE   657 AM CDT   SUNSET   706 PM CDT
SEPTEMBER 23 2014.....SUNRISE   657 AM CDT   SUNSET   704 PM CDT


-  INDICATES NEGATIVE NUMBERS.
R  INDICATES RECORD WAS SET OR TIED.
MM INDICATES DATA IS MISSING.
T  INDICATES TRACE AMOUNT.




$$





U.S. Dept. of Commerce
NOAA National Weather Service
1325 East West Highway
Silver Spring, MD 20910
E-mail: w-nws.webmaster@noaa.gov
Page last modified: May 16, 2007
NATIONAL WEATHER SERVICE: for Safety, for Work, for Fun - FOR LIFE