955
CDUS45 KPUB 291037
CLICOS


CLIMATE REPORT
NATIONAL WEATHER SERVICE PUEBLO
437 AM MDT TUE JUL 29 2014


...................................

...THE COLORADO SPRINGS CO CLIMATE SUMMARY FOR JULY 28 2014...

CLIMATE NORMAL PERIOD 1981 TO 2010
CLIMATE RECORD PERIOD 1872 TO 2014


WEATHER ITEM   OBSERVED TIME   RECORD YEAR NORMAL DEPARTURE LAST
                VALUE   (LST)  VALUE       VALUE  FROM      YEAR
                                                  NORMAL
..................................................................
TEMPERATURE (F)
 YESTERDAY
  MAXIMUM         71    306 PM  96    1978  84    -13       75
  MINIMUM         56    445 AM  44    1913  58     -2       56
  AVERAGE         64                        71     -7       66

PRECIPITATION (IN)
  YESTERDAY        0.00          2.05 1982   0.10  -0.10     0.09
  MONTH TO DATE    3.08                      2.51   0.57     4.39
  SINCE JUN 1      4.37                      5.01  -0.64     4.99
  SINCE JAN 1      9.16                     10.12  -0.96     7.72

SNOWFALL (IN)
  YESTERDAY        0.0           T    2004   0.0    0.0      0.0
  MONTH TO DATE    T                         0.0    0.0       T
  SINCE JUN 1      T                         0.0    0.0       T
  SINCE JUL 1      T                         0.0    0.0       T
  SNOW DEPTH       0

DEGREE DAYS
 HEATING
  YESTERDAY        1                         0      1        0
  MONTH TO DATE   14                         3     11        5
  SINCE JUN 1     53                        82    -29       30
  SINCE JUL 1     14                         3     11        5

 COOLING
  YESTERDAY        0                         6     -6        1
  MONTH TO DATE  191                       171     20      190
  SINCE JUN 1    295                       254     41      372
  SINCE JAN 1    308                       264     44      394
..................................................................


WIND (MPH)
  HIGHEST WIND SPEED    14   HIGHEST WIND DIRECTION     S (160)
  HIGHEST GUST SPEED    25   HIGHEST GUST DIRECTION     S (190)
  AVERAGE WIND SPEED     5.8


SKY COVER
  POSSIBLE SUNSHINE  MM
  AVERAGE SKY COVER 0.8


WEATHER CONDITIONS
 THE FOLLOWING WEATHER WAS RECORDED YESTERDAY.
  NO SIGNIFICANT WEATHER WAS OBSERVED.


RELATIVE HUMIDITY (PERCENT)
 HIGHEST    93           500 AM
 LOWEST     68           200 PM
 AVERAGE    81

..........................................................


THE COLORADO SPRINGS CO CLIMATE NORMALS FOR TODAY
                         NORMAL    RECORD    YEAR
 MAXIMUM TEMPERATURE (F)   84        96      1980
 MINIMUM TEMPERATURE (F)   57        49      1909
                                             1906


SUNRISE AND SUNSET
JULY 29 2014..........SUNRISE   557 AM MDT   SUNSET   813 PM MDT
JULY 30 2014..........SUNRISE   558 AM MDT   SUNSET   812 PM MDT


-  INDICATES NEGATIVE NUMBERS.
R  INDICATES RECORD WAS SET OR TIED.
MM INDICATES DATA IS MISSING.
T  INDICATES TRACE AMOUNT.




$$





U.S. Dept. of Commerce
NOAA National Weather Service
1325 East West Highway
Silver Spring, MD 20910
E-mail: w-nws.webmaster@noaa.gov
Page last modified: May 16, 2007
NATIONAL WEATHER SERVICE: for Safety, for Work, for Fun - FOR LIFE