475
CDUS41 KGYX 250806
CLICON


CLIMATE REPORT
NATIONAL WEATHER SERVICE GRAY ME
405 AM EDT SAT OCT 25 2014


...................................

...THE CONCORD NH CLIMATE SUMMARY FOR OCTOBER 24 2014...

CLIMATE NORMAL PERIOD 1981 TO 2010
CLIMATE RECORD PERIOD 1868 TO 2014


WEATHER ITEM   OBSERVED TIME   RECORD YEAR NORMAL DEPARTURE LAST
                VALUE   (LST)  VALUE       VALUE  FROM      YEAR
                                                  NORMAL
..................................................................
TEMPERATURE (F)
 YESTERDAY
  MAXIMUM         50    342 PM  81    1963  58     -8       51
  MINIMUM         46   1029 PM  10    1969  33     13       33
  AVERAGE         48                        45      3       42

PRECIPITATION (IN)
  YESTERDAY        0.21          1.87 2009   0.12   0.09      T
  MONTH TO DATE    4.37                      3.14   1.23     1.16
  SINCE SEP 1      4.79                      6.52  -1.73     5.97
  SINCE JAN 1     37.67                     32.79   4.88    34.26

SNOWFALL (IN)
  YESTERDAY        0.0           T    1879   0.0    0.0      0.0
                                      1883
  MONTH TO DATE    0.0                       0.0    0.0      0.0
  SINCE SEP 1      0.0                       0.0    0.0      0.0
  SINCE JUL 1      0.0                       0.0    0.0      0.0
  SNOW DEPTH       0

DEGREE DAYS
 HEATING
  YESTERDAY       17                        20     -3       23
  MONTH TO DATE  285                       379    -94      297
  SINCE SEP 1    474                       566    -92      496
  SINCE JUL 1    506                       614   -108      526

 COOLING
  YESTERDAY        0                         0      0        0
  MONTH TO DATE    6                         0      6        0
  SINCE SEP 1     56                        37     19       46
  SINCE JAN 1    387                       450    -63      537
..................................................................


WIND (MPH)
  RESULTANT WIND SPEED   9   RESULTANT WIND DIRECTION  NW (310)
  HIGHEST WIND SPEED    17   HIGHEST WIND DIRECTION    NW (300)
  HIGHEST GUST SPEED    22   HIGHEST GUST DIRECTION    NW (300)
  AVERAGE WIND SPEED     8.7


SKY COVER
  AVERAGE SKY COVER 1.0


WEATHER CONDITIONS
 THE FOLLOWING WEATHER WAS RECORDED YESTERDAY.
  RAIN
  LIGHT RAIN
  FOG


RELATIVE HUMIDITY (PERCENT)
 HIGHEST   100           400 AM
 LOWEST     71           500 PM
 AVERAGE    86

..........................................................


THE CONCORD NH CLIMATE NORMALS FOR TODAY
                         NORMAL    RECORD    YEAR
 MAXIMUM TEMPERATURE (F)   57        83      1963
 MINIMUM TEMPERATURE (F)   33        16      1947


SUNRISE AND SUNSET
OCTOBER 25 2014.......SUNRISE   712 AM EDT   SUNSET   548 PM EDT
OCTOBER 26 2014.......SUNRISE   713 AM EDT   SUNSET   546 PM EDT


-  INDICATES NEGATIVE NUMBERS.
R  INDICATES RECORD WAS SET OR TIED.
MM INDICATES DATA IS MISSING.
T  INDICATES TRACE AMOUNT.




$$





U.S. Dept. of Commerce
NOAA National Weather Service
1325 East West Highway
Silver Spring, MD 20910
E-mail: w-nws.webmaster@noaa.gov
Page last modified: May 16, 2007
NATIONAL WEATHER SERVICE: for Safety, for Work, for Fun - FOR LIFE