509
CDUS41 KGYX 210901
CLICON


CLIMATE REPORT
NATIONAL WEATHER SERVICE GRAY ME
401 AM EST FRI NOV 21 2014


...................................

...THE CONCORD NH CLIMATE SUMMARY FOR NOVEMBER 20 2014...

CLIMATE NORMAL PERIOD 1981 TO 2010
CLIMATE RECORD PERIOD 1868 TO 2014


WEATHER ITEM   OBSERVED TIME   RECORD YEAR NORMAL DEPARTURE LAST
                VALUE   (LST)  VALUE       VALUE  FROM      YEAR
                                                  NORMAL
..................................................................
TEMPERATURE (F)
 YESTERDAY
  MAXIMUM         42    117 PM  76    1991  47     -5       41
  MINIMUM         23    714 AM   2    1986  27     -4       17
                                      1873
  AVERAGE         33                        37     -4       29

PRECIPITATION (IN)
  YESTERDAY        0.00          1.23 1972   0.12  -0.12     0.00
  MONTH TO DATE    1.42                      2.52  -1.10     0.82
  SINCE SEP 1      6.30                      9.94  -3.64     6.91
  SINCE JAN 1     39.18                     36.21   2.97    35.20

SNOWFALL (IN)
  YESTERDAY        0.0           8.3  1961   0.1   -0.1      0.0
  MONTH TO DATE    0.3                       1.0   -0.7       T
  SINCE SEP 1      0.3                       1.0   -0.7       T
  SINCE JUL 1      0.3                       1.0   -0.7       T
  SNOW DEPTH       0

DEGREE DAYS
 HEATING
  YESTERDAY       32                        28      4       36
  MONTH TO DATE  554                       498     56      515
  SINCE SEP 1   1152                      1209    -57     1200
  SINCE JUL 1   1184                      1257    -73     1230

 COOLING
  YESTERDAY        0                         0      0        0
  MONTH TO DATE    0                         0      0        0
  SINCE SEP 1     56                        39     17       46
  SINCE JAN 1    387                       452    -65      537
..................................................................


WIND (MPH)
  RESULTANT WIND SPEED   5   RESULTANT WIND DIRECTION  SW (240)
  HIGHEST WIND SPEED    20   HIGHEST WIND DIRECTION    SW (240)
  HIGHEST GUST SPEED    26   HIGHEST GUST DIRECTION    SW (240)
  AVERAGE WIND SPEED     6.8


SKY COVER
  AVERAGE SKY COVER 0.6


WEATHER CONDITIONS
 THE FOLLOWING WEATHER WAS RECORDED YESTERDAY.
  NO SIGNIFICANT WEATHER WAS OBSERVED.


RELATIVE HUMIDITY (PERCENT)
 HIGHEST    60           600 AM
 LOWEST     37          1200 PM
 AVERAGE    49

..........................................................


THE CONCORD NH CLIMATE NORMALS FOR TODAY
                         NORMAL    RECORD    YEAR
 MAXIMUM TEMPERATURE (F)   46        70      1931
 MINIMUM TEMPERATURE (F)   27         4      1873


SUNRISE AND SUNSET
NOVEMBER 21 2014......SUNRISE   646 AM EST   SUNSET   417 PM EST
NOVEMBER 22 2014......SUNRISE   648 AM EST   SUNSET   416 PM EST


-  INDICATES NEGATIVE NUMBERS.
R  INDICATES RECORD WAS SET OR TIED.
MM INDICATES DATA IS MISSING.
T  INDICATES TRACE AMOUNT.




$$





U.S. Dept. of Commerce
NOAA National Weather Service
1325 East West Highway
Silver Spring, MD 20910
E-mail: w-nws.webmaster@noaa.gov
Page last modified: May 16, 2007
NATIONAL WEATHER SERVICE: for Safety, for Work, for Fun - FOR LIFE