740
CDUS41 KGYX 310803
CLICON


CLIMATE REPORT
NATIONAL WEATHER SERVICE GRAY ME
402 AM EDT THU JUL 31 2014


...................................

...THE CONCORD NH CLIMATE SUMMARY FOR JULY 30 2014...

CLIMATE NORMAL PERIOD 1981 TO 2010
CLIMATE RECORD PERIOD 1868 TO 2014


WEATHER ITEM   OBSERVED TIME   RECORD YEAR NORMAL DEPARTURE LAST
                VALUE   (LST)  VALUE       VALUE  FROM      YEAR
                                                  NORMAL
..................................................................
TEMPERATURE (F)
 YESTERDAY
  MAXIMUM         76    324 PM  98    1917  83     -7       80
  MINIMUM         54   1233 AM  40    1956  58     -4       55
  AVERAGE         65                        70     -5       68

PRECIPITATION (IN)
  YESTERDAY        0.00          1.72 1903   0.13  -0.13     0.00
  MONTH TO DATE    7.24                      3.62   3.62     6.70
  SINCE JUN 1     11.07                      7.31   3.76    13.48
  SINCE JAN 1     28.81                     22.97   5.84    26.24

SNOWFALL (IN)
  YESTERDAY        0.0           0.0  2002   0.0    0.0      0.0
                                      2001
                                      2000
  MONTH TO DATE    0.0                       0.0    0.0      0.0
  SINCE JUN 1      0.0                       0.0    0.0      0.0
  SINCE JUL 1      0.0                       0.0    0.0      0.0
  SNOW DEPTH       0

DEGREE DAYS
 HEATING
  YESTERDAY        0                         0      0        0
  MONTH TO DATE    0                        13    -13        2
  SINCE JUN 1     56                        98    -42       74
  SINCE JUL 1      0                        13    -13        2

 COOLING
  YESTERDAY        0                         6     -6        3
  MONTH TO DATE  174                       170      4      263
  SINCE JUN 1    247                       254     -7      372
  SINCE JAN 1    249                       272    -23      393
..................................................................


WIND (MPH)
  RESULTANT WIND SPEED   0   RESULTANT WIND DIRECTION  NW (330)
  HIGHEST WIND SPEED     9   HIGHEST WIND DIRECTION     W (290)
  HIGHEST GUST SPEED    13   HIGHEST GUST DIRECTION     W (280)
  AVERAGE WIND SPEED     2.7


SKY COVER
  AVERAGE SKY COVER 0.7


WEATHER CONDITIONS
 THE FOLLOWING WEATHER WAS RECORDED YESTERDAY.
  NO SIGNIFICANT WEATHER WAS OBSERVED.


RELATIVE HUMIDITY (PERCENT)
 HIGHEST   100           200 AM
 LOWEST     38           400 PM
 AVERAGE    69

..........................................................


THE CONCORD NH CLIMATE NORMALS FOR TODAY
                         NORMAL    RECORD    YEAR
 MAXIMUM TEMPERATURE (F)   83        95      1917
 MINIMUM TEMPERATURE (F)   58        41      1932


SUNRISE AND SUNSET
JULY 31 2014..........SUNRISE   535 AM EDT   SUNSET   809 PM EDT
AUGUST  1 2014........SUNRISE   536 AM EDT   SUNSET   808 PM EDT


-  INDICATES NEGATIVE NUMBERS.
R  INDICATES RECORD WAS SET OR TIED.
MM INDICATES DATA IS MISSING.
T  INDICATES TRACE AMOUNT.




$$





U.S. Dept. of Commerce
NOAA National Weather Service
1325 East West Highway
Silver Spring, MD 20910
E-mail: w-nws.webmaster@noaa.gov
Page last modified: May 16, 2007
NATIONAL WEATHER SERVICE: for Safety, for Work, for Fun - FOR LIFE