893
CDUS41 KGYX 260903
CLICON


CLIMATE REPORT
NATIONAL WEATHER SERVICE GRAY ME
403 AM EST WED NOV 26 2014


...................................

...THE CONCORD NH CLIMATE SUMMARY FOR NOVEMBER 25 2014...

CLIMATE NORMAL PERIOD 1981 TO 2010
CLIMATE RECORD PERIOD 1868 TO 2014


WEATHER ITEM   OBSERVED TIME   RECORD YEAR NORMAL DEPARTURE LAST
                VALUE   (LST)  VALUE       VALUE  FROM      YEAR
                                                  NORMAL
..................................................................
TEMPERATURE (F)
 YESTERDAY
  MAXIMUM         63   1210 AM  64    2004  44     19       30
  MINIMUM         32   1159 PM   5    2000  26      6       MM
                                      1956
  AVERAGE         48                        35     13       MM

PRECIPITATION (IN)
  YESTERDAY        0.00          2.04 2008   0.12  -0.12     0.00
  MONTH TO DATE    1.81                      3.14  -1.33     0.98
  SINCE SEP 1      6.69                     10.56  -3.87     7.07
  SINCE JAN 1     39.57                     36.83   2.74    35.36

SNOWFALL (IN)
  YESTERDAY        0.0           9.3  1971   0.2   -0.2      0.0
  MONTH TO DATE    0.3                       1.7   -1.4      0.1
  SINCE SEP 1      0.3                       1.7   -1.4      0.1
  SINCE JUL 1      0.3                       1.7   -1.4      0.1
  SNOW DEPTH       0

DEGREE DAYS
 HEATING
  YESTERDAY       17                        30    -13       MM
  MONTH TO DATE  685                       645     40      612
  SINCE SEP 1   1283                      1356    -73     1297
  SINCE JUL 1   1315                      1404    -89     1327

 COOLING
  YESTERDAY        0                         0      0       MM
  MONTH TO DATE    0                         0      0        0
  SINCE SEP 1     56                        39     17       46
  SINCE JAN 1    387                       452    -65      537
..................................................................


WIND (MPH)
  RESULTANT WIND SPEED   6   RESULTANT WIND DIRECTION  SW (230)
  HIGHEST WIND SPEED    24   HIGHEST WIND DIRECTION     W (250)
  HIGHEST GUST SPEED    34   HIGHEST GUST DIRECTION     W (250)
  AVERAGE WIND SPEED     6.7


SKY COVER
  AVERAGE SKY COVER 0.0


WEATHER CONDITIONS
 THE FOLLOWING WEATHER WAS RECORDED YESTERDAY.
  NO SIGNIFICANT WEATHER WAS OBSERVED.


RELATIVE HUMIDITY (PERCENT)
 HIGHEST    83           700 AM
 LOWEST     26           200 PM
 AVERAGE    55

..........................................................


THE CONCORD NH CLIMATE NORMALS FOR TODAY
                         NORMAL    RECORD    YEAR
 MAXIMUM TEMPERATURE (F)   44        64      2001
                                             1979
 MINIMUM TEMPERATURE (F)   25        -2      1938


SUNRISE AND SUNSET
NOVEMBER 26 2014......SUNRISE   652 AM EST   SUNSET   414 PM EST
NOVEMBER 27 2014......SUNRISE   654 AM EST   SUNSET   413 PM EST


-  INDICATES NEGATIVE NUMBERS.
R  INDICATES RECORD WAS SET OR TIED.
MM INDICATES DATA IS MISSING.
T  INDICATES TRACE AMOUNT.




$$





U.S. Dept. of Commerce
NOAA National Weather Service
1325 East West Highway
Silver Spring, MD 20910
E-mail: w-nws.webmaster@noaa.gov
Page last modified: May 16, 2007
NATIONAL WEATHER SERVICE: for Safety, for Work, for Fun - FOR LIFE