137
CDUS41 KGYX 160816
CLICON


CLIMATE REPORT
NATIONAL WEATHER SERVICE GRAY ME
416 AM EDT WED APR 16 2014


...................................

...THE CONCORD NH CLIMATE SUMMARY FOR APRIL 15 2014...

CLIMATE NORMAL PERIOD 1981 TO 2010
CLIMATE RECORD PERIOD 1868 TO 2014


WEATHER ITEM   OBSERVED TIME   RECORD YEAR NORMAL DEPARTURE LAST
                VALUE   (LST)  VALUE       VALUE  FROM      YEAR
                                                  NORMAL
..................................................................
TEMPERATURE (F)
 YESTERDAY
  MAXIMUM         64    150 AM  86    1941  57      7       59
  MINIMUM         33   1159 PM  17    1957  33      0       25
  AVERAGE         49                        45      4       42

PRECIPITATION (IN)
  YESTERDAY        0.70          1.26 2007   0.12   0.58     0.00
  MONTH TO DATE    1.62                      1.73  -0.11     1.46
  SINCE MAR 1      5.60                      5.00   0.60     3.18
  SINCE JAN 1     12.92                     10.32   2.60     8.27

SNOWFALL (IN)
  YESTERDAY        T             1.5  2007   0.1   -0.1      0.0
  MONTH TO DATE    T                         2.1   -2.1      0.2
  SINCE MAR 1     10.4                      13.2   -2.8     16.2
  SINCE JUL 1     80.2                      60.7   19.5     83.4
  SNOW DEPTH       0

DEGREE DAYS
 HEATING
  YESTERDAY       16                        20     -4       23
  MONTH TO DATE  299                       344    -45      348
  SINCE MAR 1   1513                      1331    182     1336
  SINCE JUL 1   6982                      6591    391     6265

 COOLING
  YESTERDAY        0                         0      0        0
  MONTH TO DATE    0                         0      0        0
  SINCE MAR 1      0                         0      0        0
  SINCE JAN 1      0                         0      0        0
..................................................................


WIND (MPH)
  RESULTANT WIND SPEED   9   RESULTANT WIND DIRECTION   S (190)
  HIGHEST WIND SPEED    25   HIGHEST WIND DIRECTION     S (170)
  HIGHEST GUST SPEED    40   HIGHEST GUST DIRECTION     S (180)
  AVERAGE WIND SPEED    13.7


SKY COVER
  AVERAGE SKY COVER 1.0


WEATHER CONDITIONS
 THE FOLLOWING WEATHER WAS RECORDED YESTERDAY.
  RAIN
  LIGHT RAIN
  LIGHT SNOW
  FOG


RELATIVE HUMIDITY (PERCENT)
 HIGHEST   100          1100 AM
 LOWEST     72          1200 AM
 AVERAGE    86

..........................................................


THE CONCORD NH CLIMATE NORMALS FOR TODAY
                         NORMAL    RECORD    YEAR
 MAXIMUM TEMPERATURE (F)   58        90      2012
 MINIMUM TEMPERATURE (F)   33        15      1943


SUNRISE AND SUNSET
APRIL 16 2014.........SUNRISE   602 AM EDT   SUNSET   730 PM EDT
APRIL 17 2014.........SUNRISE   601 AM EDT   SUNSET   731 PM EDT


-  INDICATES NEGATIVE NUMBERS.
R  INDICATES RECORD WAS SET OR TIED.
MM INDICATES DATA IS MISSING.
T  INDICATES TRACE AMOUNT.




$$





U.S. Dept. of Commerce
NOAA National Weather Service
1325 East West Highway
Silver Spring, MD 20910
E-mail: w-nws.webmaster@noaa.gov
Page last modified: May 16, 2007
NATIONAL WEATHER SERVICE: for Safety, for Work, for Fun - FOR LIFE