061
CDUS45 KGJT 202331
CLICNY


CLIMATE REPORT
NATIONAL WEATHER SERVICE GRAND JUNCTION CO
530 PM MDT WED AUG 20 2014


...................................

...THE CANYONLANDS AIRPORT UT CLIMATE SUMMARY FOR AUGUST 20 2014...
VALID TODAY AS OF 0500 PM LOCAL TIME.

CLIMATE NORMAL PERIOD 1981 TO 2010
CLIMATE RECORD PERIOD 9999 TO 9999


WEATHER ITEM   OBSERVED TIME   RECORD YEAR NORMAL DEPARTURE LAST
                VALUE   (LST)  VALUE       VALUE  FROM      YEAR
                                                  NORMAL
..................................................................
TEMPERATURE (F)
 TODAY
  MAXIMUM         84    253 PM  MM      MM  91     -7       95
  MINIMUM         59    559 AM  MM      MM  61     -2       70
  AVERAGE         72                        76     -4       83

PRECIPITATION (IN)
  TODAY            T            MM      MM   0.02  -0.02      T
  MONTH TO DATE    1.38                      0.53   0.85     0.70
  SINCE JUN 1      2.75                      1.87   0.88     1.67
  SINCE JAN 1      5.13                      5.07   0.06     3.39

SNOWFALL (IN)
  TODAY           MM            MM      MM  MM     MM       MM
  MONTH TO DATE   MM                        MM     MM       MM
  SINCE JUN 1     MM                        MM     MM       MM
  SINCE JUL 1     MM                        MM     MM       MM
  SNOW DEPTH      MM

DEGREE DAYS
 HEATING
  TODAY            0                         0      0        0
  MONTH TO DATE    0                         0      0        0
  SINCE JUN 1      0                        17    -17        0
  SINCE JUL 1      0                         0      0        0

 COOLING
  TODAY            7                        11     -4       18
  MONTH TO DATE  238                       268    -30      271
  SINCE JUN 1   1061                       997     64     1259
  SINCE JAN 1   1160                      1061     99     1339
..................................................................


WIND (MPH)
  HIGHEST WIND SPEED    38   HIGHEST WIND DIRECTION     W (280)
  HIGHEST GUST SPEED    45   HIGHEST GUST DIRECTION     W (290)
  AVERAGE WIND SPEED     4.0


SKY COVER
  POSSIBLE SUNSHINE  MM
  AVERAGE SKY COVER 0.3


WEATHER CONDITIONS
 THE FOLLOWING WEATHER WAS RECORDED TODAY.
  LIGHT RAIN


RELATIVE HUMIDITY (PERCENT)
 HIGHEST   100           200 AM
 LOWEST     27           300 PM
 AVERAGE    64

..........................................................


THE CANYONLANDS AIRPORT UT CLIMATE NORMALS FOR TOMORROW
                         NORMAL    RECORD    YEAR
 MAXIMUM TEMPERATURE (F)   91        MM        MM
 MINIMUM TEMPERATURE (F)   61        MM        MM


SUNRISE AND SUNSET
AUGUST 20 2014........SUNRISE   637 AM MDT   SUNSET   807 PM MDT
AUGUST 21 2014........SUNRISE   638 AM MDT   SUNSET   805 PM MDT


-  INDICATES NEGATIVE NUMBERS.
R  INDICATES RECORD WAS SET OR TIED.
MM INDICATES DATA IS MISSING.
T  INDICATES TRACE AMOUNT.




$$






U.S. Dept. of Commerce
NOAA National Weather Service
1325 East West Highway
Silver Spring, MD 20910
E-mail: w-nws.webmaster@noaa.gov
Page last modified: May 16, 2007
NATIONAL WEATHER SERVICE: for Safety, for Work, for Fun - FOR LIFE