454
CDUS43 KICT 240630
CLICNU


CLIMATE REPORT
NATIONAL WEATHER SERVICE WICHITA KS
130 AM CDT FRI OCT 24 2014


...................................

...THE CHANUTE KS CLIMATE SUMMARY FOR OCTOBER 23 2014...

CLIMATE NORMAL PERIOD 1981 TO 2010
CLIMATE RECORD PERIOD 1894 TO 2014


WEATHER ITEM   OBSERVED TIME   RECORD YEAR NORMAL DEPARTURE LAST
                VALUE   (LST)  VALUE       VALUE  FROM      YEAR
                                                  NORMAL
..................................................................
TEMPERATURE (F)
 YESTERDAY
  MAXIMUM         66    304 PM  92    1939  67     -1       60
  MINIMUM         55   1159 PM  21    1937  45     10       36
  AVERAGE         61                        56      5       48

PRECIPITATION (IN)
  YESTERDAY        0.10          2.49 1957   0.10   0.00     0.00
  MONTH TO DATE    4.58                      2.89   1.69     2.89
  SINCE SEP 1      7.68                      6.56   1.12     5.91
  SINCE JAN 1     28.16                     37.05  -8.89    41.53

DEGREE DAYS
 HEATING
  YESTERDAY        4                         9     -5       17
  MONTH TO DATE  123                       154    -31      172
  SINCE SEP 1    153                       200    -47      188
  SINCE JUL 1    154                       201    -47      188

 COOLING
  YESTERDAY        0                         1     -1        0
  MONTH TO DATE   23                        31     -8       37
  SINCE SEP 1    209                       224    -15      291
  SINCE JAN 1   1497                      1528    -31     1558
..................................................................


WIND (MPH)
  HIGHEST WIND SPEED    17   HIGHEST WIND DIRECTION     S (190)
  HIGHEST GUST SPEED    26   HIGHEST GUST DIRECTION    SW (210)
  AVERAGE WIND SPEED     9.2


SKY COVER
  POSSIBLE SUNSHINE  MM
  AVERAGE SKY COVER 0.9


WEATHER CONDITIONS
 THE FOLLOWING WEATHER WAS RECORDED YESTERDAY.
  LIGHT RAIN
  FOG


RELATIVE HUMIDITY (PERCENT)
 HIGHEST   100          1100 PM
 LOWEST     78          1200 PM
 AVERAGE    89

..........................................................


THE CHANUTE KS CLIMATE NORMALS FOR TODAY
                         NORMAL    RECORD    YEAR
 MAXIMUM TEMPERATURE (F)   67        92      1927
 MINIMUM TEMPERATURE (F)   45        24      1999


SUNRISE AND SUNSET
OCTOBER 24 2014.......SUNRISE   739 AM CDT   SUNSET   633 PM CDT
OCTOBER 25 2014.......SUNRISE   740 AM CDT   SUNSET   631 PM CDT


-  INDICATES NEGATIVE NUMBERS.
R  INDICATES RECORD WAS SET OR TIED.
MM INDICATES DATA IS MISSING.
T  INDICATES TRACE AMOUNT.




$$





U.S. Dept. of Commerce
NOAA National Weather Service
1325 East West Highway
Silver Spring, MD 20910
E-mail: w-nws.webmaster@noaa.gov
Page last modified: May 16, 2007
NATIONAL WEATHER SERVICE: for Safety, for Work, for Fun - FOR LIFE