303
CDUS43 KTOP 020633
CLICNK


CLIMATE REPORT
NATIONAL WEATHER SERVICE TOPEKA KS
132 AM CDT SAT AUG 2 2014


...................................

...THE CONCORDIA KS CLIMATE SUMMARY FOR AUGUST 1 2014...

CLIMATE NORMAL PERIOD 1981 TO 2010
CLIMATE RECORD PERIOD 1885 TO 2014


WEATHER ITEM   OBSERVED TIME   RECORD YEAR NORMAL DEPARTURE LAST
                VALUE   (LST)  VALUE       VALUE  FROM      YEAR
                                                  NORMAL
..................................................................
TEMPERATURE (F)
 YESTERDAY
  MAXIMUM         87    257 PM 106    1991  90     -3       86
  MINIMUM         60    535 AM  50    1898  67     -7       63
  AVERAGE         74                        79     -5       75

PRECIPITATION (IN)
  YESTERDAY        0.00          2.24 1903   0.11  -0.11     0.95
  MONTH TO DATE    0.00                      0.11  -0.11     0.95
  SINCE JUN 1      7.84                      8.08  -0.24     6.55
  SINCE JAN 1     13.67                     18.07  -4.40    17.94

SNOWFALL (IN)
  YESTERDAY        0.0           T    1954   0.0    0.0      0.0
  MONTH TO DATE    0.0                       0.0    0.0      0.0
  SINCE JAN 1     16.9                      13.7    3.2     20.3
  SINCE JUL 1      0.0                       0.0    0.0      0.0
  SNOW DEPTH       0

DEGREE DAYS
 HEATING
  YESTERDAY        0                         0      0        0
  MONTH TO DATE    0                         0      0        0
  SINCE JUN 1      3                        13    -10       22
  SINCE JUL 1      2                         0      2        7

 COOLING
  YESTERDAY        9                        14     -5       10
  MONTH TO DATE    9                        14     -5       10
  SINCE JUN 1    658                       715    -57      659
  SINCE JAN 1    833                       804     29      762
..................................................................


WIND (MPH)
  HIGHEST WIND SPEED    23   HIGHEST WIND DIRECTION     N (340)
  HIGHEST GUST SPEED    30   HIGHEST GUST DIRECTION     N (10)
  AVERAGE WIND SPEED     8.8


SKY COVER
  AVERAGE SKY COVER 0.0


WEATHER CONDITIONS
 THE FOLLOWING WEATHER WAS RECORDED YESTERDAY.
  NO SIGNIFICANT WEATHER WAS OBSERVED.


RELATIVE HUMIDITY (PERCENT)
 HIGHEST    90           600 AM
 LOWEST     31           300 PM
 AVERAGE    61

..........................................................


THE CONCORDIA KS CLIMATE NORMALS FOR TODAY
                         NORMAL    RECORD    YEAR
 MAXIMUM TEMPERATURE (F)   90       107      2010
                                             1930
 MINIMUM TEMPERATURE (F)   67        54      1927


SUNRISE AND SUNSET
AUGUST  2 2014........SUNRISE   631 AM CDT   SUNSET   842 PM CDT
AUGUST  3 2014........SUNRISE   632 AM CDT   SUNSET   841 PM CDT


-  INDICATES NEGATIVE NUMBERS.
R  INDICATES RECORD WAS SET OR TIED.
MM INDICATES DATA IS MISSING.
T  INDICATES TRACE AMOUNT.




$$





U.S. Dept. of Commerce
NOAA National Weather Service
1325 East West Highway
Silver Spring, MD 20910
E-mail: w-nws.webmaster@noaa.gov
Page last modified: May 16, 2007
NATIONAL WEATHER SERVICE: for Safety, for Work, for Fun - FOR LIFE