977
CDUS43 KTOP 270635
CLICNK


CLIMATE REPORT
NATIONAL WEATHER SERVICE TOPEKA KS
1233 AM CST TUE JAN 27 2015


...................................

...THE CONCORDIA KS CLIMATE SUMMARY FOR JANUARY 26 2015...

CLIMATE NORMAL PERIOD 1981 TO 2010
CLIMATE RECORD PERIOD 1885 TO 2015


WEATHER ITEM   OBSERVED TIME   RECORD YEAR NORMAL DEPARTURE LAST
                VALUE   (LST)  VALUE       VALUE  FROM      YEAR
                                                  NORMAL
..................................................................
TEMPERATURE (F)
 YESTERDAY
  MAXIMUM         67    422 PM  73    1914  39     28       60
  MINIMUM         30    143 AM -10    1904  19     11       16
                                      1902
  AVERAGE         49                        29     20       38

PRECIPITATION (IN)
  YESTERDAY        0.00          1.43 1944   0.02  -0.02     T
  MONTH TO DATE    0.11                      0.45  -0.34     0.21
  SINCE DEC 1      0.85                      1.30  -0.45     0.75
  SINCE JAN 1      0.11                      0.45  -0.34     0.21

SNOWFALL (IN)
  YESTERDAY        0.0           5.6  1996   0.2   -0.2      T
  MONTH TO DATE    1.3                       4.7   -3.4      2.0
  SINCE JAN 1      1.3                       4.7   -3.4      2.0
  SINCE JUL 1      7.4                      11.2   -3.8      8.3
  SNOW DEPTH       0

DEGREE DAYS
 HEATING
  YESTERDAY       16                        36    -20       27
  MONTH TO DATE  907                       950    -43      961
  SINCE DEC 1   1882                      2035   -153     2132
  SINCE JUL 1   3045                      3127    -82     3188

 COOLING
  YESTERDAY        0                         0      0        0
  MONTH TO DATE    0                         0      0        0
  SINCE DEC 1      0                         0      0        0
  SINCE JAN 1      0                         0      0        0
..................................................................


WIND (MPH)
  HIGHEST WIND SPEED    23   HIGHEST WIND DIRECTION    NW (330)
  HIGHEST GUST SPEED    29   HIGHEST GUST DIRECTION    NW (330)
  AVERAGE WIND SPEED    10.8


SKY COVER
  AVERAGE SKY COVER 0.1


WEATHER CONDITIONS
 THE FOLLOWING WEATHER WAS RECORDED YESTERDAY.
  NO SIGNIFICANT WEATHER WAS OBSERVED.


RELATIVE HUMIDITY (PERCENT)
 HIGHEST    89           300 AM
 LOWEST     28           400 PM
 AVERAGE    59

..........................................................


THE CONCORDIA KS CLIMATE NORMALS FOR TODAY
                         NORMAL    RECORD    YEAR
 MAXIMUM TEMPERATURE (F)   39        68      1934
 MINIMUM TEMPERATURE (F)   19       -14      1902


SUNRISE AND SUNSET
JANUARY 27 2015.......SUNRISE   743 AM CST   SUNSET   545 PM CST
JANUARY 28 2015.......SUNRISE   742 AM CST   SUNSET   546 PM CST


-  INDICATES NEGATIVE NUMBERS.
R  INDICATES RECORD WAS SET OR TIED.
MM INDICATES DATA IS MISSING.
T  INDICATES TRACE AMOUNT.




$$






U.S. Dept. of Commerce
NOAA National Weather Service
1325 East West Highway
Silver Spring, MD 20910
E-mail: w-nws.webmaster@noaa.gov
Page last modified: May 16, 2007
NATIONAL WEATHER SERVICE: for Safety, for Work, for Fun - FOR LIFE