004
CDUS43 KILX 240659
CLICMI


CLIMATE REPORT
NATIONAL WEATHER SERVICE LINCOLN IL
1259 AM CST MON NOV 24 2014


...................................

...THE CHAMPAIGN IL AIRPORT CLIMATE SUMMARY FOR NOVEMBER 23 2014...

CLIMATE NORMAL PERIOD 1981 TO 2010
CLIMATE RECORD PERIOD 9999 TO 9999


WEATHER ITEM   OBSERVED TIME   RECORD YEAR NORMAL DEPARTURE LAST
                VALUE   (LST)  VALUE       VALUE  FROM      YEAR
                                                  NORMAL
..................................................................
TEMPERATURE (F)
 YESTERDAY
  MAXIMUM         54   1133 AM  MM      MM  47      7       29
  MINIMUM         47    711 AM  MM      MM  29     18       15
  AVERAGE         51                        38     13       22

PRECIPITATION (IN)
  YESTERDAY        0.86         MM      MM   0.12   0.74     0.00
  MONTH TO DATE    1.66                      2.68  -1.02     1.13
  SINCE SEP 1      8.26                      9.10  -0.84     5.68
  SINCE JAN 1     36.83                     36.38   0.45    29.89

DEGREE DAYS
 HEATING
  YESTERDAY       14                        27    -13       43
  MONTH TO DATE  685                       499    186      539
  SINCE SEP 1   1118                       951    167      916
  SINCE JUL 1   1127                       960    167      931

 COOLING
  YESTERDAY        0                         0      0        0
  MONTH TO DATE    0                         0      0        0
  SINCE SEP 1     92                       117    -25      214
  SINCE JAN 1    948                       944      4     1067
..................................................................


WIND (MPH)
  HIGHEST WIND SPEED    22   HIGHEST WIND DIRECTION     S (160)
  HIGHEST GUST SPEED    27   HIGHEST GUST DIRECTION    SE (150)
  AVERAGE WIND SPEED    12.6


SKY COVER
  POSSIBLE SUNSHINE  MM
  AVERAGE SKY COVER 0.9


WEATHER CONDITIONS
 THE FOLLOWING WEATHER WAS RECORDED YESTERDAY.
  HEAVY RAIN
  RAIN
  LIGHT RAIN
  FOG


RELATIVE HUMIDITY (PERCENT)
 HIGHEST   100           500 PM
 LOWEST     80           200 AM
 AVERAGE    90

..........................................................


THE CHAMPAIGN IL AIRPORT CLIMATE NORMALS FOR TODAY
                         NORMAL    RECORD    YEAR
 MAXIMUM TEMPERATURE (F)   46        MM        MM
 MINIMUM TEMPERATURE (F)   29        MM        MM


SUNRISE AND SUNSET
NOVEMBER 24 2014......SUNRISE   648 AM CST   SUNSET   431 PM CST
NOVEMBER 25 2014......SUNRISE   650 AM CST   SUNSET   430 PM CST


-  INDICATES NEGATIVE NUMBERS.
R  INDICATES RECORD WAS SET OR TIED.
MM INDICATES DATA IS MISSING.
T  INDICATES TRACE AMOUNT.




$$





U.S. Dept. of Commerce
NOAA National Weather Service
1325 East West Highway
Silver Spring, MD 20910
E-mail: w-nws.webmaster@noaa.gov
Page last modified: May 16, 2007
NATIONAL WEATHER SERVICE: for Safety, for Work, for Fun - FOR LIFE