166
CDUS43 KILX 180639
CLICMI


CLIMATE REPORT
NATIONAL WEATHER SERVICE LINCOLN IL
139 AM CDT THU SEP 18 2014


...................................

...THE CHAMPAIGN IL AIRPORT CLIMATE SUMMARY FOR SEPTEMBER 17 2014...

CLIMATE NORMAL PERIOD 1981 TO 2010
CLIMATE RECORD PERIOD 9999 TO 9999


WEATHER ITEM   OBSERVED TIME   RECORD YEAR NORMAL DEPARTURE LAST
                VALUE   (LST)  VALUE       VALUE  FROM      YEAR
                                                  NORMAL
..................................................................
TEMPERATURE (F)
 YESTERDAY
  MAXIMUM         70    334 PM  MM      MM  78     -8       77
  MINIMUM         44    551 AM  MM      MM  53     -9       49
  AVERAGE         57                        65     -8       63

PRECIPITATION (IN)
  YESTERDAY        0.00         MM      MM   0.08  -0.08      T
  MONTH TO DATE    2.61                      2.00   0.61     0.07
  SINCE SEP 1      2.61                      2.00   0.61     0.07
  SINCE JAN 1     31.18                     29.28   1.90    24.28

DEGREE DAYS
 HEATING
  YESTERDAY        8                         3      5        2
  MONTH TO DATE   59                        20     39       14
  SINCE SEP 1     59                        20     39       14
  SINCE JUL 1     68                        29     39       29

 COOLING
  YESTERDAY        0                         3     -3        0
  MONTH TO DATE   68                        72     -4      125
  SINCE SEP 1     68                        72     -4      125
  SINCE JAN 1    924                       899     25      978
..................................................................


WIND (MPH)
  HIGHEST WIND SPEED    12   HIGHEST WIND DIRECTION     S (170)
  HIGHEST GUST SPEED    16   HIGHEST GUST DIRECTION    SE (150)
  AVERAGE WIND SPEED     4.4


SKY COVER
  POSSIBLE SUNSHINE  MM
  AVERAGE SKY COVER 0.5


WEATHER CONDITIONS
 THE FOLLOWING WEATHER WAS RECORDED YESTERDAY.
  FOG


RELATIVE HUMIDITY (PERCENT)
 HIGHEST   100           700 AM
 LOWEST     53           200 PM
 AVERAGE    77

..........................................................


THE CHAMPAIGN IL AIRPORT CLIMATE NORMALS FOR TODAY
                         NORMAL    RECORD    YEAR
 MAXIMUM TEMPERATURE (F)   78        MM        MM
 MINIMUM TEMPERATURE (F)   52        MM        MM


SUNRISE AND SUNSET
SEPTEMBER 18 2014.....SUNRISE   637 AM CDT   SUNSET   657 PM CDT
SEPTEMBER 19 2014.....SUNRISE   638 AM CDT   SUNSET   655 PM CDT


-  INDICATES NEGATIVE NUMBERS.
R  INDICATES RECORD WAS SET OR TIED.
MM INDICATES DATA IS MISSING.
T  INDICATES TRACE AMOUNT.




$$





U.S. Dept. of Commerce
NOAA National Weather Service
1325 East West Highway
Silver Spring, MD 20910
E-mail: w-nws.webmaster@noaa.gov
Page last modified: May 16, 2007
NATIONAL WEATHER SERVICE: for Safety, for Work, for Fun - FOR LIFE