605
CDUS41 KILN 180553
CLICMH


CLIMATE REPORT
NATIONAL WEATHER SERVICE WILMINGTON OH
152 AM EDT FRI APR 18 2014


...................................

...THE COLUMBUS OH CLIMATE SUMMARY FOR APRIL 17 2014...

CLIMATE NORMAL PERIOD 1981 TO 2010
CLIMATE RECORD PERIOD 1869 TO 2014


WEATHER ITEM   OBSERVED TIME   RECORD YEAR NORMAL DEPARTURE LAST
                VALUE   (LST)  VALUE       VALUE  FROM      YEAR
                                                  NORMAL
..................................................................
TEMPERATURE (F)
 YESTERDAY
  MAXIMUM         68    546 PM  88    1896  64      4       67
  MINIMUM         39    550 AM  25    1962  43     -4       54
  AVERAGE         54                        54      0       61

PRECIPITATION (IN)
  YESTERDAY        0.00          0.94 1924   0.12  -0.12     0.09
  MONTH TO DATE    2.68                      1.92   0.76     1.83
  SINCE MAR 1      5.27                      4.94   0.33     4.95
  SINCE JAN 1     10.06                      9.92   0.14     9.02

SNOWFALL (IN)
  YESTERDAY        0.0           1.0  1961   0.0    0.0      0.0
  MONTH TO DATE    0.9                       0.9    0.0       T
  SINCE MAR 1      5.4                       5.1    0.3     12.2
  SINCE JUL 1     56.4                      26.5   29.9     41.2
  SNOW DEPTH       0

DEGREE DAYS
 HEATING
  YESTERDAY       11                        12     -1        4
  MONTH TO DATE  204                       246    -42      207
  SINCE MAR 1   1041                       962     79     1058
  SINCE JUL 1   5425                      4957    468     4916

 COOLING
  YESTERDAY        0                         0      0        0
  MONTH TO DATE    6                         0      6       14
  SINCE MAR 1      6                         0      6       14
  SINCE JAN 1      6                         0      6       14
..................................................................


WIND (MPH)
  RESULTANT WIND SPEED   6   RESULTANT WIND DIRECTION   S (170)
  HIGHEST WIND SPEED    18   HIGHEST WIND DIRECTION    SW (210)
  HIGHEST GUST SPEED    24   HIGHEST GUST DIRECTION     S (190)
  AVERAGE WIND SPEED     8.1


SKY COVER
  POSSIBLE SUNSHINE  MM
  AVERAGE SKY COVER 0.6


WEATHER CONDITIONS
 THE FOLLOWING WEATHER WAS RECORDED YESTERDAY.
  NO SIGNIFICANT WEATHER WAS OBSERVED.


RELATIVE HUMIDITY (PERCENT)
 HIGHEST    50          1100 PM
 LOWEST     22           400 PM
 AVERAGE    36

..........................................................


THE COLUMBUS OH CLIMATE NORMALS FOR TODAY
                         NORMAL    RECORD    YEAR
 MAXIMUM TEMPERATURE (F)   65        89      1896
 MINIMUM TEMPERATURE (F)   43        22      1953


SUNRISE AND SUNSET
APRIL 18 2014.........SUNRISE   649 AM EDT   SUNSET   813 PM EDT
APRIL 19 2014.........SUNRISE   648 AM EDT   SUNSET   814 PM EDT


-  INDICATES NEGATIVE NUMBERS.
R  INDICATES RECORD WAS SET OR TIED.
MM INDICATES DATA IS MISSING.
T  INDICATES TRACE AMOUNT.




$$





U.S. Dept. of Commerce
NOAA National Weather Service
1325 East West Highway
Silver Spring, MD 20910
E-mail: w-nws.webmaster@noaa.gov
Page last modified: May 16, 2007
NATIONAL WEATHER SERVICE: for Safety, for Work, for Fun - FOR LIFE