541
CDUS41 KILN 280546
CLICMH


CLIMATE REPORT
NATIONAL WEATHER SERVICE WILMINGTON OH
1245 AM EST WED JAN 28 2015


...................................

...THE COLUMBUS OH CLIMATE SUMMARY FOR JANUARY 27 2015...

CLIMATE NORMAL PERIOD 1981 TO 2010
CLIMATE RECORD PERIOD 1869 TO 2015


WEATHER ITEM   OBSERVED TIME   RECORD YEAR NORMAL DEPARTURE LAST
                VALUE   (LST)  VALUE       VALUE  FROM      YEAR
                                                  NORMAL
..................................................................
TEMPERATURE (F)
 YESTERDAY
  MAXIMUM         24    345 PM  68    1916  37    -13       42
  MINIMUM          7    646 AM  -8    1936  22    -15       -4
  AVERAGE         16                        30    -14       19

PRECIPITATION (IN)
  YESTERDAY        T             1.06 1949   0.08  -0.08     0.01
  MONTH TO DATE    2.69                      2.40   0.29     2.39
  SINCE DEC 1      5.39                      5.37   0.02     6.69
  SINCE JAN 1      2.69                      2.40   0.29     2.39

SNOWFALL (IN)
  YESTERDAY        T             4.0  1888   0.3   -0.3      0.2
  MONTH TO DATE    7.4                       8.1   -0.7     17.6
  SINCE DEC 1      7.4                      13.1   -5.7     30.3
  SINCE JUL 1     11.5                      14.2   -2.7     35.0
  SNOW DEPTH       2

DEGREE DAYS
 HEATING
  YESTERDAY       49                        35     14       46
  MONTH TO DATE 1038                       961     77     1101
  SINCE DEC 1   1931                      1938     -7     2032
  SINCE JUL 1   3116                      2952    164     3094

 COOLING
  YESTERDAY        0                         0      0        0
  MONTH TO DATE    0                         0      0        0
  SINCE DEC 1      0                         0      0        0
  SINCE JAN 1      0                         0      0        0
..................................................................


WIND (MPH)
  RESULTANT WIND SPEED   7   RESULTANT WIND DIRECTION   N (340)
  HIGHEST WIND SPEED    16   HIGHEST WIND DIRECTION     N (340)
  HIGHEST GUST SPEED    21   HIGHEST GUST DIRECTION    NW (320)
  AVERAGE WIND SPEED     7.2


SKY COVER
  POSSIBLE SUNSHINE  MM
  AVERAGE SKY COVER 0.5


WEATHER CONDITIONS
 THE FOLLOWING WEATHER WAS RECORDED YESTERDAY.
  LIGHT SNOW
  FOG
  HAZE


RELATIVE HUMIDITY (PERCENT)
 HIGHEST    88           500 AM
 LOWEST     62           500 PM
 AVERAGE    75

..........................................................


THE COLUMBUS OH CLIMATE NORMALS FOR TODAY
                         NORMAL    RECORD    YEAR
 MAXIMUM TEMPERATURE (F)   37        66      1914
 MINIMUM TEMPERATURE (F)   23       -15      1963


SUNRISE AND SUNSET
JANUARY 28 2015.......SUNRISE   744 AM EST   SUNSET   546 PM EST
JANUARY 29 2015.......SUNRISE   743 AM EST   SUNSET   547 PM EST


-  INDICATES NEGATIVE NUMBERS.
R  INDICATES RECORD WAS SET OR TIED.
MM INDICATES DATA IS MISSING.
T  INDICATES TRACE AMOUNT.




$$





U.S. Dept. of Commerce
NOAA National Weather Service
1325 East West Highway
Silver Spring, MD 20910
E-mail: w-nws.webmaster@noaa.gov
Page last modified: May 16, 2007
NATIONAL WEATHER SERVICE: for Safety, for Work, for Fun - FOR LIFE