681
CDUS46 KLOX 240116
CLICMA


CLIMATE REPORT
NATIONAL WEATHER SERVICE LOS ANGELES/OXNARD CA
516 PM PST SUN NOV 23 2014


...................................

...THE CAMARILLO CLIMATE SUMMARY FOR NOVEMBER 23 2014...
VALID TODAY AS OF 0500 PM LOCAL TIME.

CLIMATE NORMAL PERIOD 1981 TO 2010
CLIMATE RECORD PERIOD 1948 TO 2014


WEATHER ITEM   OBSERVED TIME   RECORD YEAR NORMAL DEPARTURE LAST
                VALUE   (LST)  VALUE       VALUE  FROM      YEAR
                                                  NORMAL
..................................................................
TEMPERATURE (F)
 TODAY
  MAXIMUM         80    141 PM  88    1950  69     11       67
  MINIMUM         49    712 AM  35    1961  45      4       54
  AVERAGE         65                        57      8       61

PRECIPITATION (IN)
  TODAY            0.00          0.54 1973   0.04  -0.04     0.00
  MONTH TO DATE    0.05                      1.11  -1.06     0.40
  SINCE JUL 1      0.79                      1.98  -1.19     0.44
  SINCE JAN 1      4.98                     12.96  -7.98     2.59

SNOWFALL (IN)
  TODAY            0.0
  MONTH TO DATE    0.0
  SINCE SEP 1      0.0
  SINCE JUL 1      0.0

DEGREE DAYS
 HEATING
  TODAY            0                         8     -8        4
  MONTH TO DATE   59                       146    -87       75
  SINCE SEP 1     66                       254   -188      182
  SINCE JUL 1     66                       269   -203      185

 COOLING
  TODAY            0                         0      0        0
  MONTH TO DATE   31                        13     18       11
  SINCE SEP 1    369                       117    252      165
  SINCE JAN 1   1006                       329    677      634
..................................................................


WIND (MPH)
  HIGHEST WIND SPEED    31   HIGHEST WIND DIRECTION     E (70)
  HIGHEST GUST SPEED    37   HIGHEST GUST DIRECTION     E (70)
  AVERAGE WIND SPEED     8.6


SKY COVER
  POSSIBLE SUNSHINE  MM
  AVERAGE SKY COVER 0.0


WEATHER CONDITIONS
 THE FOLLOWING WEATHER WAS RECORDED TODAY.
  NO SIGNIFICANT WEATHER WAS OBSERVED.


RELATIVE HUMIDITY (PERCENT)
 HIGHEST    80           400 AM
 LOWEST     12           100 PM
 AVERAGE    46

..........................................................


THE CAMARILLO CLIMATE NORMALS FOR TOMORROW
                         NORMAL    RECORD    YEAR
 MAXIMUM TEMPERATURE (F)   69        86      1959
 MINIMUM TEMPERATURE (F)   44        35      1952


SUNRISE AND SUNSET
NOVEMBER 23 2014......SUNRISE   637 AM PST   SUNSET   448 PM PST
NOVEMBER 24 2014......SUNRISE   638 AM PST   SUNSET   448 PM PST


-  INDICATES NEGATIVE NUMBERS.
R  INDICATES RECORD WAS SET OR TIED.
MM INDICATES DATA IS MISSING.
T  INDICATES TRACE AMOUNT.




$$





U.S. Dept. of Commerce
NOAA National Weather Service
1325 East West Highway
Silver Spring, MD 20910
E-mail: w-nws.webmaster@noaa.gov
Page last modified: May 16, 2007
NATIONAL WEATHER SERVICE: for Safety, for Work, for Fun - FOR LIFE