519
CDUS46 KLOX 220113
CLICMA


CLIMATE REPORT
NATIONAL WEATHER SERVICE LOS ANGELES/OXNARD CA
513 PM PST SUN DEC 21 2014


...................................

...THE CAMARILLO CLIMATE SUMMARY FOR DECEMBER 21 2014...
VALID TODAY AS OF 0500 PM LOCAL TIME.

CLIMATE NORMAL PERIOD 1981 TO 2010
CLIMATE RECORD PERIOD 1948 TO 2014


WEATHER ITEM   OBSERVED TIME   RECORD YEAR NORMAL DEPARTURE LAST
                VALUE   (LST)  VALUE       VALUE  FROM      YEAR
                                                  NORMAL
..................................................................
TEMPERATURE (F)
 TODAY
  MAXIMUM         68    329 PM  80    1954  65      3       62
  MINIMUM         48    457 AM  27    1968  42      6       37
  AVERAGE         58                        53      5       50

PRECIPITATION (IN)
  TODAY            0.00          0.70 1970   0.08  -0.08     0.00
  MONTH TO DATE    4.08                      0.97   3.11     0.22
  SINCE JUL 1      4.94                      3.15   1.79     0.82
  SINCE JAN 1      9.13                     14.13  -5.00     2.97

SNOWFALL (IN)
  TODAY            0.0
  MONTH TO DATE    0.0
  SINCE DEC 1      0.0
  SINCE JUL 1      0.0

DEGREE DAYS
 HEATING
  TODAY            7                        12     -5       15
  MONTH TO DATE  120                       237   -117      225
  SINCE DEC 1    120                       237   -117      225
  SINCE JUL 1    207                       569   -362      449

 COOLING
  TODAY            0                         0      0        0
  MONTH TO DATE    0                         0      0       12
  SINCE DEC 1      0                         0      0       12
  SINCE JAN 1   1009                       330    679      646
..................................................................


WIND (MPH)
  HIGHEST WIND SPEED     9   HIGHEST WIND DIRECTION    NE (40)
  HIGHEST GUST SPEED    11   HIGHEST GUST DIRECTION    NE (50)
  AVERAGE WIND SPEED     1.2


SKY COVER
  POSSIBLE SUNSHINE  MM
  AVERAGE SKY COVER 0.0


WEATHER CONDITIONS
 THE FOLLOWING WEATHER WAS RECORDED TODAY.
  NO SIGNIFICANT WEATHER WAS OBSERVED.


RELATIVE HUMIDITY (PERCENT)
 HIGHEST    93          1200 AM
 LOWEST     58           200 PM
 AVERAGE    76

..........................................................


THE CAMARILLO CLIMATE NORMALS FOR TOMORROW
                         NORMAL    RECORD    YEAR
 MAXIMUM TEMPERATURE (F)   65        80      1972
 MINIMUM TEMPERATURE (F)   42        31      1968


SUNRISE AND SUNSET
DECEMBER 21 2014......SUNRISE   658 AM PST   SUNSET   451 PM PST
DECEMBER 22 2014......SUNRISE   659 AM PST   SUNSET   451 PM PST


-  INDICATES NEGATIVE NUMBERS.
R  INDICATES RECORD WAS SET OR TIED.
MM INDICATES DATA IS MISSING.
T  INDICATES TRACE AMOUNT.




$$





U.S. Dept. of Commerce
NOAA National Weather Service
1325 East West Highway
Silver Spring, MD 20910
E-mail: w-nws.webmaster@noaa.gov
Page last modified: May 16, 2007
NATIONAL WEATHER SERVICE: for Safety, for Work, for Fun - FOR LIFE