443
CDUS46 KLOX 270905
CLICMA


CLIMATE REPORT
NATIONAL WEATHER SERVICE LOS ANGELES/OXNARD CA
105 AM PST THU NOV 27 2014


...................................

...THE CAMARILLO AIRPORT CA CLIMATE SUMMARY FOR NOVEMBER 26 2014...

CLIMATE NORMAL PERIOD 1981 TO 2010
CLIMATE RECORD PERIOD 1948 TO 2014


WEATHER ITEM   OBSERVED TIME   RECORD YEAR NORMAL DEPARTURE LAST
                VALUE   (LST)  VALUE       VALUE  FROM      YEAR
                                                  NORMAL
..................................................................
TEMPERATURE (F)
 YESTERDAY
  MAXIMUM         78    257 PM  91    1977  69      9       68
  MINIMUM         46    449 AM  35    1966  44      2       43
  AVERAGE         62                        56      6       56

PRECIPITATION (IN)
  YESTERDAY        0.00          1.52 1960   0.03  -0.03     0.00
  MONTH TO DATE    0.05                      1.20  -1.15     0.40
  SINCE JUL 1      0.79                      2.07  -1.28     0.44
  SINCE JAN 1      4.98                     13.05  -8.07     2.59

SNOWFALL (IN)
  YESTERDAY        0.0
  MONTH TO DATE    0.0
  SINCE SEP 1      0.0
  SINCE JUL 1      0.0

DEGREE DAYS
 HEATING
  YESTERDAY        3                         9     -6        9
  MONTH TO DATE   65                       173   -108       99
  SINCE SEP 1     72                       281   -209      206
  SINCE JUL 1     72                       296   -224      209

 COOLING
  YESTERDAY        0                         0      0        0
  MONTH TO DATE   31                        13     18       11
  SINCE SEP 1    369                       117    252      165
  SINCE JAN 1   1006                       329    677      634
..................................................................


WIND (MPH)
  HIGHEST WIND SPEED     9   HIGHEST WIND DIRECTION    SW (210)
  HIGHEST GUST SPEED    11   HIGHEST GUST DIRECTION    SW (210)
  AVERAGE WIND SPEED     2.6


SKY COVER
  POSSIBLE SUNSHINE  MM
  AVERAGE SKY COVER 0.0


WEATHER CONDITIONS
 THE FOLLOWING WEATHER WAS RECORDED YESTERDAY.
  NO SIGNIFICANT WEATHER WAS OBSERVED.


RELATIVE HUMIDITY (PERCENT)
 HIGHEST    66           900 PM
 LOWEST     19          1200 PM
 AVERAGE    43

..........................................................


THE CAMARILLO AIRPORT CA CLIMATE NORMALS FOR TODAY
                         NORMAL    RECORD    YEAR
 MAXIMUM TEMPERATURE (F)   68        86      2011
 MINIMUM TEMPERATURE (F)   44        32      2010


SUNRISE AND SUNSET
NOVEMBER 27 2014......SUNRISE   641 AM PST   SUNSET   447 PM PST
NOVEMBER 28 2014......SUNRISE   641 AM PST   SUNSET   447 PM PST


-  INDICATES NEGATIVE NUMBERS.
R  INDICATES RECORD WAS SET OR TIED.
MM INDICATES DATA IS MISSING.
T  INDICATES TRACE AMOUNT.




$$





U.S. Dept. of Commerce
NOAA National Weather Service
1325 East West Highway
Silver Spring, MD 20910
E-mail: w-nws.webmaster@noaa.gov
Page last modified: May 16, 2007
NATIONAL WEATHER SERVICE: for Safety, for Work, for Fun - FOR LIFE