001
CDUS46 KLOX 190910
CLICMA


CLIMATE REPORT
NATIONAL WEATHER SERVICE LOS ANGELES/OXNARD CA
210 AM PDT FRI SEP 19 2014


...................................

...THE CAMARILLO AIRPORT CA CLIMATE SUMMARY FOR SEPTEMBER 18 2014...

CLIMATE NORMAL PERIOD 1981 TO 2010
CLIMATE RECORD PERIOD 1948 TO 2014


WEATHER ITEM   OBSERVED TIME   RECORD YEAR NORMAL DEPARTURE LAST
                VALUE   (LST)  VALUE       VALUE  FROM      YEAR
                                                  NORMAL
..................................................................
TEMPERATURE (F)
 YESTERDAY
  MAXIMUM         82   1248 PM  89    1979  77      5       74
  MINIMUM         64    403 AM  48    1961  57      7       57
  AVERAGE         73                        67      6       66

PRECIPITATION (IN)
  YESTERDAY        0.00          0.16 1963   0.01  -0.01     0.00
  MONTH TO DATE    T                         0.08  -0.08     0.00
  SINCE JUL 1      0.03                      0.14  -0.11     0.04
  SINCE JAN 1      4.22                     11.12  -6.90     2.19

SNOWFALL (IN)
  YESTERDAY        0.0
  MONTH TO DATE    0.0
  SINCE SEP 1      0.0
  SINCE JUL 1      0.0

DEGREE DAYS
 HEATING
  YESTERDAY        0                         0      0        0
  MONTH TO DATE    0                         0      0        0
  SINCE SEP 1      0                         0      0        0
  SINCE JUL 1      0                        15    -15        3

 COOLING
  YESTERDAY        8                         2      6        1
  MONTH TO DATE  177                        49    128       93
  SINCE SEP 1    177                        49    128       93
  SINCE JAN 1    814                       261    553      562
..................................................................


WIND (MPH)
  HIGHEST WIND SPEED    18   HIGHEST WIND DIRECTION     W (270)
  HIGHEST GUST SPEED    23   HIGHEST GUST DIRECTION     W (270)
  AVERAGE WIND SPEED     7.1


SKY COVER
  POSSIBLE SUNSHINE  MM
  AVERAGE SKY COVER 0.2


WEATHER CONDITIONS
 THE FOLLOWING WEATHER WAS RECORDED YESTERDAY.
  LIGHT RAIN


RELATIVE HUMIDITY (PERCENT)
 HIGHEST    78           700 PM
 LOWEST     51          1100 AM
 AVERAGE    65

..........................................................


THE CAMARILLO AIRPORT CA CLIMATE NORMALS FOR TODAY
                         NORMAL    RECORD    YEAR
 MAXIMUM TEMPERATURE (F)   77        85      1979
 MINIMUM TEMPERATURE (F)   57        46      1954


SUNRISE AND SUNSET
SEPTEMBER 19 2014.....SUNRISE   642 AM PDT   SUNSET   657 PM PDT
SEPTEMBER 20 2014.....SUNRISE   643 AM PDT   SUNSET   656 PM PDT


-  INDICATES NEGATIVE NUMBERS.
R  INDICATES RECORD WAS SET OR TIED.
MM INDICATES DATA IS MISSING.
T  INDICATES TRACE AMOUNT.




$$





U.S. Dept. of Commerce
NOAA National Weather Service
1325 East West Highway
Silver Spring, MD 20910
E-mail: w-nws.webmaster@noaa.gov
Page last modified: May 16, 2007
NATIONAL WEATHER SERVICE: for Safety, for Work, for Fun - FOR LIFE