976
CDUS46 KLOX 200912
CLICMA


CLIMATE REPORT
NATIONAL WEATHER SERVICE LOS ANGELES/OXNARD CA
211 AM PDT MON OCT 20 2014


...................................

...THE CAMARILLO AIRPORT CA CLIMATE SUMMARY FOR OCTOBER 19 2014...

CLIMATE NORMAL PERIOD 1981 TO 2010
CLIMATE RECORD PERIOD 1948 TO 2014


WEATHER ITEM   OBSERVED TIME   RECORD YEAR NORMAL DEPARTURE LAST
                VALUE   (LST)  VALUE       VALUE  FROM      YEAR
                                                  NORMAL
..................................................................
TEMPERATURE (F)
 YESTERDAY
  MAXIMUM         76    202 PM  99    1964  73      3       77
  MINIMUM         53    629 AM  40    1949  52      1       48
  AVERAGE         65                        63      2       63

PRECIPITATION (IN)
  YESTERDAY        0.00          1.23 2004   0.02  -0.02     0.00
  MONTH TO DATE    0.00                      0.28  -0.28      T
  SINCE JUL 1      0.03                      0.52  -0.49     0.04
  SINCE JAN 1      4.22                     11.50  -7.28     2.19

SNOWFALL (IN)
  YESTERDAY        0.0
  MONTH TO DATE    0.0
  SINCE SEP 1      0.0
  SINCE JUL 1      0.0

DEGREE DAYS
 HEATING
  YESTERDAY        0                         3     -3        2
  MONTH TO DATE    0                        46    -46       46
  SINCE SEP 1      0                        63    -63       48
  SINCE JUL 1      0                        78    -78       51

 COOLING
  YESTERDAY        0                         1     -1        0
  MONTH TO DATE   76                        19     57       41
  SINCE SEP 1    329                        90    239      154
  SINCE JAN 1    966                       302    664      623
..................................................................


WIND (MPH)
  HIGHEST WIND SPEED    13   HIGHEST WIND DIRECTION     W (260)
  HIGHEST GUST SPEED    17   HIGHEST GUST DIRECTION     W (260)
  AVERAGE WIND SPEED     4.6


SKY COVER
  POSSIBLE SUNSHINE  MM
  AVERAGE SKY COVER 0.3


WEATHER CONDITIONS
 THE FOLLOWING WEATHER WAS RECORDED YESTERDAY.
  HAZE


RELATIVE HUMIDITY (PERCENT)
 HIGHEST    89           500 AM
 LOWEST     58           100 PM
 AVERAGE    74

..........................................................


THE CAMARILLO AIRPORT CA CLIMATE NORMALS FOR TODAY
                         NORMAL    RECORD    YEAR
 MAXIMUM TEMPERATURE (F)   73        96      1965
 MINIMUM TEMPERATURE (F)   52        40      1949


SUNRISE AND SUNSET
OCTOBER 20 2014.......SUNRISE   706 AM PDT   SUNSET   616 PM PDT
OCTOBER 21 2014.......SUNRISE   707 AM PDT   SUNSET   615 PM PDT


-  INDICATES NEGATIVE NUMBERS.
R  INDICATES RECORD WAS SET OR TIED.
MM INDICATES DATA IS MISSING.
T  INDICATES TRACE AMOUNT.




$$





U.S. Dept. of Commerce
NOAA National Weather Service
1325 East West Highway
Silver Spring, MD 20910
E-mail: w-nws.webmaster@noaa.gov
Page last modified: May 16, 2007
NATIONAL WEATHER SERVICE: for Safety, for Work, for Fun - FOR LIFE