073
CDUS46 KLOX 200119
CLICMA


CLIMATE REPORT
NATIONAL WEATHER SERVICE LOS ANGELES/OXNARD CA
619 PM PDT SAT APR 19 2014


...................................

...THE CAMARILLO CLIMATE SUMMARY FOR APRIL 19 2014...
VALID TODAY AS OF 0600 PM LOCAL TIME.

CLIMATE NORMAL PERIOD 1981 TO 2010
CLIMATE RECORD PERIOD 1948 TO 2014


WEATHER ITEM   OBSERVED TIME   RECORD YEAR NORMAL DEPARTURE LAST
                VALUE   (LST)  VALUE       VALUE  FROM      YEAR
                                                  NORMAL
..................................................................
TEMPERATURE (F)
 TODAY
  MAXIMUM         71    105 PM  96    2009  69      2       81
  MINIMUM         51    524 AM  37    1967  48      3       47
  AVERAGE         61                        58      3       64

PRECIPITATION (IN)
  TODAY            0.00          1.11 1988   0.04  -0.04     0.00
  MONTH TO DATE    0.05                      0.43  -0.38     0.00
  SINCE JUL 1      5.00                     14.50  -9.50     4.78
  SINCE JAN 1      4.18                     10.26  -6.08     2.07

SNOWFALL (IN)
  TODAY            0.0
  MONTH TO DATE    0.0
  SINCE MAR 1      0.0
  SINCE JUL 1      0.0

DEGREE DAYS
 HEATING
  TODAY            4                         7     -3        1
  MONTH TO DATE  109                       138    -29       66
  SINCE MAR 1    260                       415   -155      268
  SINCE JUL 1   1213                      1751   -538     1408

 COOLING
  TODAY            0                         0      0        0
  MONTH TO DATE    2                         0      2        1
  SINCE MAR 1     14                         4     10        5
  SINCE JAN 1     42                        13     29       25
..................................................................


WIND (MPH)
  HIGHEST WIND SPEED    14   HIGHEST WIND DIRECTION     W (260)
  HIGHEST GUST SPEED    18   HIGHEST GUST DIRECTION     W (250)
  AVERAGE WIND SPEED     4.8


SKY COVER
  POSSIBLE SUNSHINE  MM
  AVERAGE SKY COVER 0.0


WEATHER CONDITIONS
 THE FOLLOWING WEATHER WAS RECORDED TODAY.
  FOG


RELATIVE HUMIDITY (PERCENT)
 HIGHEST    89           300 AM
 LOWEST     49           100 PM
 AVERAGE    69

..........................................................


THE CAMARILLO CLIMATE NORMALS FOR TOMORROW
                         NORMAL    RECORD    YEAR
 MAXIMUM TEMPERATURE (F)   69        96      2009
 MINIMUM TEMPERATURE (F)   48        39      1967


SUNRISE AND SUNSET
APRIL 19 2014.........SUNRISE   620 AM PDT   SUNSET   731 PM PDT
APRIL 20 2014.........SUNRISE   619 AM PDT   SUNSET   732 PM PDT


-  INDICATES NEGATIVE NUMBERS.
R  INDICATES RECORD WAS SET OR TIED.
MM INDICATES DATA IS MISSING.
T  INDICATES TRACE AMOUNT.




$$





U.S. Dept. of Commerce
NOAA National Weather Service
1325 East West Highway
Silver Spring, MD 20910
E-mail: w-nws.webmaster@noaa.gov
Page last modified: May 16, 2007
NATIONAL WEATHER SERVICE: for Safety, for Work, for Fun - FOR LIFE