009
CDUS46 KLOX 270113
CLICMA


CLIMATE REPORT
NATIONAL WEATHER SERVICE LOS ANGELES/OXNARD CA
613 PM PDT TUE AUG 26 2014


...................................

...THE CAMARILLO CLIMATE SUMMARY FOR AUGUST 26 2014...
VALID TODAY AS OF 0600 PM LOCAL TIME.

CLIMATE NORMAL PERIOD 1981 TO 2010
CLIMATE RECORD PERIOD 1948 TO 2014


WEATHER ITEM   OBSERVED TIME   RECORD YEAR NORMAL DEPARTURE LAST
                VALUE   (LST)  VALUE       VALUE  FROM      YEAR
                                                  NORMAL
..................................................................
TEMPERATURE (F)
 TODAY
  MAXIMUM         82    134 PM  85    1968  77      5       83
                                      1981
  MINIMUM         58    538 AM  49    1963  59     -1       55
  AVERAGE         70                        68      2       69

PRECIPITATION (IN)
  TODAY            0.00          T    2007   0.00   0.00     0.00
  MONTH TO DATE    0.03                      0.03   0.00     0.00
  SINCE JUL 1      0.03                      0.05  -0.02     0.04
  SINCE JAN 1      4.22                     11.03  -6.81     2.19

SNOWFALL (IN)
  TODAY            0.0
  MONTH TO DATE    0.0
  SINCE JUN 1      0.0
  SINCE JUL 1      0.0

DEGREE DAYS
 HEATING
  TODAY            0                         0      0        0
  MONTH TO DATE    0                         0      0        1
  SINCE JUN 1     12                        53    -41        3
  SINCE JUL 1      0                        10    -10        3

 COOLING
  TODAY            5                         3      2        4
  MONTH TO DATE  170                        78     92       53
  SINCE JUN 1    440                       172    268      316
  SINCE JAN 1    588                       203    385      422
..................................................................


WIND (MPH)
  HIGHEST WIND SPEED    14   HIGHEST WIND DIRECTION    SW (240)
  HIGHEST GUST SPEED    18   HIGHEST GUST DIRECTION    SW (240)
  AVERAGE WIND SPEED     5.1


SKY COVER
  POSSIBLE SUNSHINE  MM
  AVERAGE SKY COVER 0.0


WEATHER CONDITIONS
 THE FOLLOWING WEATHER WAS RECORDED TODAY.
  NO SIGNIFICANT WEATHER WAS OBSERVED.


RELATIVE HUMIDITY (PERCENT)
 HIGHEST    78          1200 AM
 LOWEST     45          1200 PM
 AVERAGE    62

..........................................................


THE CAMARILLO CLIMATE NORMALS FOR TOMORROW
                         NORMAL    RECORD    YEAR
 MAXIMUM TEMPERATURE (F)   77        91      2009
 MINIMUM TEMPERATURE (F)   59        52      2012


SUNRISE AND SUNSET
AUGUST 26 2014........SUNRISE   626 AM PDT   SUNSET   730 PM PDT
AUGUST 27 2014........SUNRISE   626 AM PDT   SUNSET   729 PM PDT


-  INDICATES NEGATIVE NUMBERS.
R  INDICATES RECORD WAS SET OR TIED.
MM INDICATES DATA IS MISSING.
T  INDICATES TRACE AMOUNT.




$$





U.S. Dept. of Commerce
NOAA National Weather Service
1325 East West Highway
Silver Spring, MD 20910
E-mail: w-nws.webmaster@noaa.gov
Page last modified: May 16, 2007
NATIONAL WEATHER SERVICE: for Safety, for Work, for Fun - FOR LIFE