389
CDUS42 KGSP 210656
CLICLT

CLIMATE REPORT
NATIONAL WEATHER SERVICE GREENVILLE-SPARTANBURG SC
253 AM EDT MON APR 21 2014


...................................

...THE CHARLOTTE NC CLIMATE SUMMARY FOR APRIL 20 2014...

CLIMATE NORMAL PERIOD 1981 TO 2010
CLIMATE RECORD PERIOD 1878 TO 2014


WEATHER ITEM   OBSERVED TIME   RECORD YEAR NORMAL DEPARTURE LAST
                VALUE   (LST)  VALUE       VALUE  FROM      YEAR
                                                  NORMAL
..................................................................
TEMPERATURE (F)
 YESTERDAY
  MAXIMUM         71    421 PM  91    1896  73     -2       65
  MINIMUM         48    331 AM  28    1983  48      0       39
  AVERAGE         60                        61     -1       52

PRECIPITATION (IN)
  YESTERDAY        0.02          1.47 1920   0.11  -0.09     0.00
  MONTH TO DATE    6.43                      2.04   4.39     1.83
  SINCE MAR 1     10.91                      6.05   4.86     5.27
  SINCE JAN 1     17.83                     12.78   5.05    13.02

SNOWFALL (IN)
  YESTERDAY        0.0           0.8  1904   0.0    0.0      0.0
  MONTH TO DATE    0.0                       0.0    0.0      0.0
  SINCE MAR 1      T                         0.6   -0.6       T
  SINCE JUL 1      9.3                       4.3    5.0      2.7
  SNOW DEPTH       0

DEGREE DAYS
 HEATING
  YESTERDAY        5                         6     -1       13
  MONTH TO DATE  132                       154    -22      102
  SINCE MAR 1    673                       587     86      683
  SINCE JUL 1   3349                      3286     63     3088

 COOLING
  YESTERDAY        0                         1     -1        0
  MONTH TO DATE   22                        19      3       40
  SINCE MAR 1     22                        24     -2       43
  SINCE JAN 1     23                        24     -1       43
..................................................................


WIND (MPH)
  HIGHEST WIND SPEED    23   HIGHEST WIND DIRECTION    NE (50)
  HIGHEST GUST SPEED    31   HIGHEST GUST DIRECTION    NE (30)
  AVERAGE WIND SPEED    10.5


SKY COVER
  POSSIBLE SUNSHINE  MM
  AVERAGE SKY COVER 0.5


WEATHER CONDITIONS
 THE FOLLOWING WEATHER WAS RECORDED YESTERDAY.
  LIGHT RAIN


RELATIVE HUMIDITY (PERCENT)
 HIGHEST    89          1200 AM
 LOWEST     26           300 PM
 AVERAGE    58

..........................................................


THE CHARLOTTE NC CLIMATE NORMALS FOR TODAY
                         NORMAL    RECORD    YEAR
 MAXIMUM TEMPERATURE (F)   73        90      1963
 MINIMUM TEMPERATURE (F)   48        30      1983


SUNRISE AND SUNSET
APRIL 21 2014.........SUNRISE   644 AM EDT   SUNSET   801 PM EDT
APRIL 22 2014.........SUNRISE   643 AM EDT   SUNSET   802 PM EDT


-  INDICATES NEGATIVE NUMBERS.
R  INDICATES RECORD WAS SET OR TIED.
MM INDICATES DATA IS MISSING.
T  INDICATES TRACE AMOUNT.




$$








U.S. Dept. of Commerce
NOAA National Weather Service
1325 East West Highway
Silver Spring, MD 20910
E-mail: w-nws.webmaster@noaa.gov
Page last modified: May 16, 2007
NATIONAL WEATHER SERVICE: for Safety, for Work, for Fun - FOR LIFE