838
CDUS42 KGSP 010639
CLICLT

CLIMATE REPORT
NATIONAL WEATHER SERVICE GREENVILLE-SPARTANBURG SC
238 AM EDT MON SEP 1 2014


...................................

...THE CHARLOTTE NC CLIMATE SUMMARY FOR AUGUST 31 2014...

CLIMATE NORMAL PERIOD 1981 TO 2010
CLIMATE RECORD PERIOD 1878 TO 2014


WEATHER ITEM   OBSERVED TIME   RECORD YEAR NORMAL DEPARTURE LAST
                VALUE   (LST)  VALUE       VALUE  FROM      YEAR
                                                  NORMAL
..................................................................
TEMPERATURE (F)
 YESTERDAY
  MAXIMUM         91    438 PM  99    1957  86      5       90
                                      1932
  MINIMUM         74    626 AM  53    1946  65      9       68
                                      1887
  AVERAGE         83                        75      8       79

PRECIPITATION (IN)
  YESTERDAY        0.06          3.40 1952   0.12  -0.06     0.18
  MONTH TO DATE    3.74                      4.22  -0.48     1.80
  SINCE JUN 1     10.97                     11.64  -0.67    16.57
  SINCE JAN 1     33.76                     28.60   5.16    35.32

SNOWFALL (IN)
  YESTERDAY        0.0           0.0    MM   0.0    0.0      0.0
  MONTH TO DATE    0.0                       0.0    0.0      0.0
  SINCE JUN 1      0.0                       0.0    0.0      0.0
  SINCE JUL 1      0.0                       0.0    0.0      0.0
  SNOW DEPTH       0

DEGREE DAYS
 HEATING
  YESTERDAY        0                         0      0        0
  MONTH TO DATE    0                         0      0        1
  SINCE JUN 1      0                         3     -3        1
  SINCE JUL 1      0                         0      0        1

 COOLING
  YESTERDAY       18                        10      8       14
  MONTH TO DATE  359                       383    -24      356
  SINCE JUN 1   1127                      1114     13     1119
  SINCE JAN 1   1355                      1277     78     1288
..................................................................


WIND (MPH)
  HIGHEST WIND SPEED    13   HIGHEST WIND DIRECTION     S (160)
  HIGHEST GUST SPEED    15   HIGHEST GUST DIRECTION     S (170)
  AVERAGE WIND SPEED     4.8


SKY COVER
  POSSIBLE SUNSHINE  MM
  AVERAGE SKY COVER 0.7


WEATHER CONDITIONS
 THE FOLLOWING WEATHER WAS RECORDED YESTERDAY.
  LIGHT RAIN
  FOG


RELATIVE HUMIDITY (PERCENT)
 HIGHEST    87           400 AM
 LOWEST     49           400 PM
 AVERAGE    68

..........................................................


THE CHARLOTTE NC CLIMATE NORMALS FOR TODAY
                         NORMAL    RECORD    YEAR
 MAXIMUM TEMPERATURE (F)   85        99      1957
 MINIMUM TEMPERATURE (F)   65        51      1999


SUNRISE AND SUNSET
SEPTEMBER  1 2014.....SUNRISE   656 AM EDT   SUNSET   751 PM EDT
SEPTEMBER  2 2014.....SUNRISE   657 AM EDT   SUNSET   749 PM EDT


-  INDICATES NEGATIVE NUMBERS.
R  INDICATES RECORD WAS SET OR TIED.
MM INDICATES DATA IS MISSING.
T  INDICATES TRACE AMOUNT.




$$








U.S. Dept. of Commerce
NOAA National Weather Service
1325 East West Highway
Silver Spring, MD 20910
E-mail: w-nws.webmaster@noaa.gov
Page last modified: May 16, 2007
NATIONAL WEATHER SERVICE: for Safety, for Work, for Fun - FOR LIFE