031
CDUS44 KHGX 250720
CLICLL


CLIMATE REPORT
NATIONAL WEATHER SERVICE HOUSTON/GALVESTON TX
219 AM CDT SAT OCT 25 2014


...................................

...THE COLLEGE STATION CLIMATE SUMMARY FOR OCTOBER 24 2014...

CLIMATE NORMAL PERIOD 1981 TO 2010
CLIMATE RECORD PERIOD 1902 TO 2014


WEATHER ITEM   OBSERVED TIME   RECORD YEAR NORMAL DEPARTURE LAST
                VALUE   (LST)  VALUE       VALUE  FROM      YEAR
                                                  NORMAL
..................................................................
TEMPERATURE (F)
 YESTERDAY
  MAXIMUM         83    306 PM  93    2001  79      4       82
  MINIMUM         58    655 AM  36    1917  58      0       52
  AVERAGE         71                        69      2       67

PRECIPITATION (IN)
  YESTERDAY        0.00          1.53 1949   0.16  -0.16     0.00
  MONTH TO DATE    1.81                      3.87  -2.06     5.70
  SINCE SEP 1      8.38                      7.05   1.33    10.89
  SINCE JAN 1     31.15                     32.57  -1.42    30.62

SNOWFALL (IN)
  YESTERDAY        0.0
  MONTH TO DATE    0.0
  SINCE JUL 1      0.0

DEGREE DAYS
 HEATING
  YESTERDAY        0                         2     -2        0
  MONTH TO DATE    1                        16    -15       19
  SINCE SEP 1      1                        18    -17       19
  SINCE JUL 1      1                        18    -17       19

 COOLING
  YESTERDAY        6                         5      1        2
  MONTH TO DATE  196                       183     13      158
  SINCE SEP 1    669                       633     36      714
  SINCE JAN 1   2876                      2979   -103     3191
..................................................................


WIND (MPH)
  HIGHEST WIND SPEED     7   HIGHEST WIND DIRECTION    SE (140)
  HIGHEST GUST SPEED    11   HIGHEST GUST DIRECTION    NE (60)
  AVERAGE WIND SPEED     2.2


SKY COVER
  AVERAGE SKY COVER 0.1


WEATHER CONDITIONS
 THE FOLLOWING WEATHER WAS RECORDED YESTERDAY.
  NO SIGNIFICANT WEATHER WAS OBSERVED.


RELATIVE HUMIDITY (PERCENT)
 HIGHEST    86           700 AM
 LOWEST     40           400 PM
 AVERAGE    63

..........................................................


THE COLLEGE STATION CLIMATE NORMALS FOR TODAY
                         NORMAL    RECORD    YEAR
 MAXIMUM TEMPERATURE (F)   79        91      1992
 MINIMUM TEMPERATURE (F)   58        38      2005
                                             1980


SUNRISE AND SUNSET
OCTOBER 25 2014.......SUNRISE   735 AM CDT   SUNSET   644 PM CDT
OCTOBER 26 2014.......SUNRISE   736 AM CDT   SUNSET   643 PM CDT


-  INDICATES NEGATIVE NUMBERS.
R  INDICATES RECORD WAS SET OR TIED.
MM INDICATES DATA IS MISSING.
T  INDICATES TRACE AMOUNT.




$$





U.S. Dept. of Commerce
NOAA National Weather Service
1325 East West Highway
Silver Spring, MD 20910
E-mail: w-nws.webmaster@noaa.gov
Page last modified: May 16, 2007
NATIONAL WEATHER SERVICE: for Safety, for Work, for Fun - FOR LIFE