717
CDUS44 KHGX 270820
CLICLL


CLIMATE REPORT
NATIONAL WEATHER SERVICE HOUSTON/GALVESTON TX
220 AM CST TUE JAN 27 2015


...................................

...THE COLLEGE STATION CLIMATE SUMMARY FOR JANUARY 26 2015...

CLIMATE NORMAL PERIOD 1981 TO 2010
CLIMATE RECORD PERIOD 1902 TO 2015


WEATHER ITEM   OBSERVED TIME   RECORD YEAR NORMAL DEPARTURE LAST
                VALUE   (LST)  VALUE       VALUE  FROM      YEAR
                                                  NORMAL
..................................................................
TEMPERATURE (F)
 YESTERDAY
  MAXIMUM         69    426 PM  83    1918  62      7       71
  MINIMUM         38    716 AM  16    1904  42     -4       46
  AVERAGE         54                        52      2       59

PRECIPITATION (IN)
  YESTERDAY        0.00          2.97 1934   0.11  -0.11     0.00
  MONTH TO DATE    6.64                      2.72   3.92     1.24
  SINCE DEC 1      9.21                      5.95   3.26     2.00
  SINCE JAN 1      6.64                      2.72   3.92     1.24

SNOWFALL (IN)
  YESTERDAY        0.0
  MONTH TO DATE    0.0
  SINCE JUL 1      0.0

DEGREE DAYS
 HEATING
  YESTERDAY       11                        14     -3        6
  MONTH TO DATE  508                       377    131      426
  SINCE DEC 1    822                       788     34      942
  SINCE JUL 1   1117                      1013    104     1244

 COOLING
  YESTERDAY        0                         0      0        0
  MONTH TO DATE    0                         0      0        0
  SINCE DEC 1     10                        16     -6       14
  SINCE JAN 1      0                         0      0        0
..................................................................


WIND (MPH)
  HIGHEST WIND SPEED    12   HIGHEST WIND DIRECTION     N (360)
  HIGHEST GUST SPEED    16   HIGHEST GUST DIRECTION     N (10)
  AVERAGE WIND SPEED     6.0


SKY COVER
  AVERAGE SKY COVER 0.0


WEATHER CONDITIONS
 THE FOLLOWING WEATHER WAS RECORDED YESTERDAY.
  NO SIGNIFICANT WEATHER WAS OBSERVED.


RELATIVE HUMIDITY (PERCENT)
 HIGHEST    76           700 AM
 LOWEST     26           400 PM
 AVERAGE    51

..........................................................


THE COLLEGE STATION CLIMATE NORMALS FOR TODAY
                         NORMAL    RECORD    YEAR
 MAXIMUM TEMPERATURE (F)   62        82      1972
 MINIMUM TEMPERATURE (F)   42        19      1940


SUNRISE AND SUNSET
JANUARY 27 2015.......SUNRISE   719 AM CST   SUNSET   557 PM CST
JANUARY 28 2015.......SUNRISE   719 AM CST   SUNSET   558 PM CST


-  INDICATES NEGATIVE NUMBERS.
R  INDICATES RECORD WAS SET OR TIED.
MM INDICATES DATA IS MISSING.
T  INDICATES TRACE AMOUNT.




$$





U.S. Dept. of Commerce
NOAA National Weather Service
1325 East West Highway
Silver Spring, MD 20910
E-mail: w-nws.webmaster@noaa.gov
Page last modified: May 16, 2007
NATIONAL WEATHER SERVICE: for Safety, for Work, for Fun - FOR LIFE