227
CDUS44 KHGX 212219
CLICLL


CLIMATE REPORT
NATIONAL WEATHER SERVICE HOUSTON/GALVESTON TX
418 PM CST SUN DEC 21 2014


...................................

...THE COLLEGE STATION CLIMATE SUMMARY FOR DECEMBER 21 2014...
VALID TODAY AS OF 400 PM LOCAL TIME.

CLIMATE NORMAL PERIOD 1981 TO 2010
CLIMATE RECORD PERIOD 1902 TO 2014


WEATHER ITEM   OBSERVED TIME   RECORD YEAR NORMAL DEPARTURE LAST
                VALUE   (LST)  VALUE       VALUE  FROM      YEAR
                                                  NORMAL
..................................................................
TEMPERATURE (F)
 TODAY
  MAXIMUM         55    256 PM  84    2010  61     -6       74
  MINIMUM         49    921 AM  21    1916  41      8       45
  AVERAGE         52                        51      1       60

PRECIPITATION (IN)
  TODAY            0.00          2.38 1991   0.11  -0.11     0.56
  MONTH TO DATE    1.75                      2.19  -0.44     0.76
  SINCE DEC 1      1.75                      2.19  -0.44     0.76
  SINCE JAN 1     38.79                     39.02  -0.23    39.35

SNOWFALL (IN)
  TODAY            0.0
  MONTH TO DATE    0.0
  SINCE JUL 1      0.0

DEGREE DAYS
 HEATING
  TODAY           13                        14     -1        5
  MONTH TO DATE  156                       266   -110      315
  SINCE DEC 1    156                       266   -110      315
  SINCE JUL 1    451                       491    -40      617

 COOLING
  TODAY            0                         0      0        0
  MONTH TO DATE   10                        13     -3       14
  SINCE DEC 1     10                        13     -3       14
  SINCE JAN 1   2943                      3086   -143     3282
..................................................................


WIND (MPH)
  HIGHEST WIND SPEED    10   HIGHEST WIND DIRECTION     S (170)
  HIGHEST GUST SPEED    13   HIGHEST GUST DIRECTION     S (160)
  AVERAGE WIND SPEED     3.9


SKY COVER
  AVERAGE SKY COVER 1.0


WEATHER CONDITIONS
 THE FOLLOWING WEATHER WAS RECORDED TODAY.
  FOG


RELATIVE HUMIDITY (PERCENT)
 HIGHEST    93           400 AM
 LOWEST     71          1200 PM
 AVERAGE    82

..........................................................


THE COLLEGE STATION CLIMATE NORMALS FOR TOMORROW
                         NORMAL    RECORD    YEAR
 MAXIMUM TEMPERATURE (F)   61        82      1921
 MINIMUM TEMPERATURE (F)   41         9      1989


SUNRISE AND SUNSET
DECEMBER 21 2014......SUNRISE   719 AM CST   SUNSET   529 PM CST
DECEMBER 22 2014......SUNRISE   719 AM CST   SUNSET   529 PM CST


-  INDICATES NEGATIVE NUMBERS.
R  INDICATES RECORD WAS SET OR TIED.
MM INDICATES DATA IS MISSING.
T  INDICATES TRACE AMOUNT.




$$






U.S. Dept. of Commerce
NOAA National Weather Service
1325 East West Highway
Silver Spring, MD 20910
E-mail: w-nws.webmaster@noaa.gov
Page last modified: May 16, 2007
NATIONAL WEATHER SERVICE: for Safety, for Work, for Fun - FOR LIFE