426
CDUS41 KCLE 190545
CLICLE


CLIMATE REPORT
NATIONAL WEATHER SERVICE CLEVELAND OH
145 AM EDT SAT APR 19 2014


...................................

...THE CLEVELAND OH CLIMATE SUMMARY FOR APRIL 18 2014...

CLIMATE NORMAL PERIOD 1981 TO 2010
CLIMATE RECORD PERIOD 1871 TO 2014


WEATHER ITEM   OBSERVED TIME   RECORD YEAR NORMAL DEPARTURE LAST
                VALUE   (LST)  VALUE       VALUE  FROM      YEAR
                                                  NORMAL
..................................................................
TEMPERATURE (F)
 YESTERDAY
  MAXIMUM         66    130 PM  85    1896  60      6       84
  MINIMUM         46    451 AM  17    1875  41      5       49
  AVERAGE         56                        51      5       67

PRECIPITATION (IN)
  YESTERDAY        0.00                      0.11  -0.11      T
  MONTH TO DATE    3.52                      2.18   1.34     2.15
  SINCE MAR 1      5.72                      5.11   0.61     4.40
  SINCE JAN 1     10.75                     10.17   0.58     8.87

SNOWFALL (IN)
  YESTERDAY        0.0                       0.1   -0.1      0.0
  MONTH TO DATE    1.3                       2.9   -1.6      0.2
  SINCE MAR 1     16.4                      15.5    0.9     10.9
  SINCE JUL 1     86.1                      67.7   18.4     51.6
  SNOW DEPTH       0

DEGREE DAYS
 HEATING
  YESTERDAY        9                        15     -6        0
  MONTH TO DATE  273                       319    -46      304
  SINCE MAR 1   1282                      1145    137     1264
  SINCE JUL 1   5963                      5362    601     5443

 COOLING
  YESTERDAY        0                         0      0        2
  MONTH TO DATE    6                         0      6        2
  SINCE MAR 1      6                         1      5        2
  SINCE JAN 1      6                         1      5        2
..................................................................


WIND (MPH)
  HIGHEST WIND SPEED    16   HIGHEST WIND DIRECTION    NE (40)
  HIGHEST GUST SPEED    20   HIGHEST GUST DIRECTION    NE (40)
  AVERAGE WIND SPEED     8.9


SKY COVER
  POSSIBLE SUNSHINE  MM
  AVERAGE SKY COVER 0.7


WEATHER CONDITIONS
 THE FOLLOWING WEATHER WAS RECORDED YESTERDAY.
  NO SIGNIFICANT WEATHER WAS OBSERVED.


RELATIVE HUMIDITY (PERCENT)
 HIGHEST    71           900 PM
 LOWEST     39          1100 AM
 AVERAGE    55

..........................................................


THE CLEVELAND OH CLIMATE NORMALS FOR TODAY
                         NORMAL    RECORD    YEAR
 MAXIMUM TEMPERATURE (F)   61        84      1958
 MINIMUM TEMPERATURE (F)   42        22      1887


SUNRISE AND SUNSET
APRIL 19 2014.........SUNRISE   642 AM EDT   SUNSET   812 PM EDT
APRIL 20 2014.........SUNRISE   640 AM EDT   SUNSET   813 PM EDT


-  INDICATES NEGATIVE NUMBERS.
R  INDICATES RECORD WAS SET OR TIED.
MM INDICATES DATA IS MISSING.
T  INDICATES TRACE AMOUNT.




$$





U.S. Dept. of Commerce
NOAA National Weather Service
1325 East West Highway
Silver Spring, MD 20910
E-mail: w-nws.webmaster@noaa.gov
Page last modified: May 16, 2007
NATIONAL WEATHER SERVICE: for Safety, for Work, for Fun - FOR LIFE