405
CDUS41 KCLE 290534
CLICLE


CLIMATE REPORT
NATIONAL WEATHER SERVICE CLEVELAND OH
134 AM EDT TUE JUL 29 2014


...................................

...THE CLEVELAND OH CLIMATE SUMMARY FOR JULY 28 2014...

CLIMATE NORMAL PERIOD 1981 TO 2010
CLIMATE RECORD PERIOD 1871 TO 2014


WEATHER ITEM   OBSERVED TIME   RECORD YEAR NORMAL DEPARTURE LAST
                VALUE   (LST)  VALUE       VALUE  FROM      YEAR
                                                  NORMAL
..................................................................
TEMPERATURE (F)
 YESTERDAY
  MAXIMUM         67    341 PM  96    1993  82    -15       72
  MINIMUM         59   1159 PM  52    1977  64     -5       55
  AVERAGE         63                        73    -10       64

PRECIPITATION (IN)
  YESTERDAY        0.40                      0.12   0.28     0.05
  MONTH TO DATE    3.71                      3.12   0.59     4.91
  SINCE JUN 1      9.97                      6.55   3.42    12.81
  SINCE JAN 1     26.24                     21.69   4.55    25.40

SNOWFALL (IN)
  YESTERDAY        0.0                       0.0    0.0      0.0
  MONTH TO DATE    0.0                       0.0    0.0      0.0
  SINCE JUN 1      0.0                       0.0    0.0      0.0
  SINCE JUL 1      0.0                       0.0    0.0      0.0
  SNOW DEPTH       0

DEGREE DAYS
 HEATING
  YESTERDAY        2                         0      2        1
  MONTH TO DATE   11                         0     11        2
  SINCE JUN 1     31                        42    -11       41
  SINCE JUL 1     11                         0     11        2

 COOLING
  YESTERDAY        0                         8     -8        0
  MONTH TO DATE  148                       244    -96      277
  SINCE JUN 1    330                       412    -82      441
  SINCE JAN 1    396                       471    -75      555
..................................................................


WIND (MPH)
  HIGHEST WIND SPEED    28   HIGHEST WIND DIRECTION    NW (320)
  HIGHEST GUST SPEED    36   HIGHEST GUST DIRECTION    NW (330)
  AVERAGE WIND SPEED    15.0


SKY COVER
  POSSIBLE SUNSHINE  MM
  AVERAGE SKY COVER 0.9


WEATHER CONDITIONS
 THE FOLLOWING WEATHER WAS RECORDED YESTERDAY.
  THUNDERSTORM
  RAIN
  LIGHT RAIN
  FOG


RELATIVE HUMIDITY (PERCENT)
 HIGHEST    93          1200 AM
 LOWEST     60          1100 PM
 AVERAGE    77

..........................................................


THE CLEVELAND OH CLIMATE NORMALS FOR TODAY
                         NORMAL    RECORD    YEAR
 MAXIMUM TEMPERATURE (F)   82        95      1941
                                             1940
 MINIMUM TEMPERATURE (F)   64        50      1984


SUNRISE AND SUNSET
JULY 29 2014..........SUNRISE   619 AM EDT   SUNSET   848 PM EDT
JULY 30 2014..........SUNRISE   620 AM EDT   SUNSET   847 PM EDT


-  INDICATES NEGATIVE NUMBERS.
R  INDICATES RECORD WAS SET OR TIED.
MM INDICATES DATA IS MISSING.
T  INDICATES TRACE AMOUNT.




$$





U.S. Dept. of Commerce
NOAA National Weather Service
1325 East West Highway
Silver Spring, MD 20910
E-mail: w-nws.webmaster@noaa.gov
Page last modified: May 16, 2007
NATIONAL WEATHER SERVICE: for Safety, for Work, for Fun - FOR LIFE