606
CDUS41 KCLE 221312 CCA
CLICLE

CLIMATE REPORT...CORRECTED
NATIONAL WEATHER SERVICE CLEVELAND OH
812 AM EST MON DEC 22 2014


...................................

...THE CLEVELAND OH CLIMATE SUMMARY FOR DECEMBER 21 2014...

CLIMATE NORMAL PERIOD 1981 TO 2010
CLIMATE RECORD PERIOD 1871 TO 2014


WEATHER ITEM   OBSERVED TIME   RECORD YEAR NORMAL DEPARTURE LAST
                VALUE   (LST)  VALUE       VALUE  FROM      YEAR
                                                  NORMAL
..................................................................
TEMPERATURE (F)
 YESTERDAY
  MAXIMUM         31    642 PM  65    1967  37     -6       59
  MINIMUM         26   1159 PM  -7    1872  25      1       38
                                      1871
  AVERAGE         29                        30     -1       49

PRECIPITATION (IN)
  YESTERDAY        0.00                      0.10  -0.10     2.18
  MONTH TO DATE    1.46                      2.11  -0.65     3.44
  SINCE DEC 1      1.46                      2.11  -0.65     3.44
  SINCE JAN 1     43.56                     38.15   5.41    41.19

SNOWFALL (IN)
  YESTERDAY        0.0                       0.5   -0.5      0.0
  MONTH TO DATE    0.9                       8.8   -7.9     11.9
  SINCE DEC 1      0.9                       8.8   -7.9     11.9
  SINCE JUL 1     20.3                      13.3    7.0     16.6
  SNOW DEPTH       T

DEGREE DAYS
 HEATING
  YESTERDAY       36                        34      2       16
  MONTH TO DATE  622                       655    -33      686
  SINCE DEC 1    622                       655    -33      686
  SINCE JUL 1   1956                      1750    206     1835

 COOLING
  YESTERDAY        0                         0      0        0
  MONTH TO DATE    0                         0      0        0
  SINCE DEC 1      0                         0      0        0
  SINCE JAN 1    657                       817   -160      889
..................................................................


WIND (MPH)
  HIGHEST WIND SPEED    10   HIGHEST WIND DIRECTION    SE (130)
  HIGHEST GUST SPEED    13   HIGHEST GUST DIRECTION     S (170)
  AVERAGE WIND SPEED     4.8


SKY COVER
  POSSIBLE SUNSHINE  MM
  AVERAGE SKY COVER 1.0


WEATHER CONDITIONS
 THE FOLLOWING WEATHER WAS RECORDED YESTERDAY.
  HAZE


RELATIVE HUMIDITY (PERCENT)
 HIGHEST    78          1200 AM
 LOWEST     69           800 AM
 AVERAGE    74

..........................................................


THE CLEVELAND OH CLIMATE NORMALS FOR TODAY
                         NORMAL    RECORD    YEAR
 MAXIMUM TEMPERATURE (F)   36        64      1949
 MINIMUM TEMPERATURE (F)   24       -15      1989


SUNRISE AND SUNSET
DECEMBER 22 2014......SUNRISE   751 AM EST   SUNSET   502 PM EST
DECEMBER 23 2014......SUNRISE   751 AM EST   SUNSET   502 PM EST


-  INDICATES NEGATIVE NUMBERS.
R  INDICATES RECORD WAS SET OR TIED.
MM INDICATES DATA IS MISSING.
T  INDICATES TRACE AMOUNT.
CORRECTED SNOW DEPTH



$$








U.S. Dept. of Commerce
NOAA National Weather Service
1325 East West Highway
Silver Spring, MD 20910
E-mail: w-nws.webmaster@noaa.gov
Page last modified: May 16, 2007
NATIONAL WEATHER SERVICE: for Safety, for Work, for Fun - FOR LIFE