621
CDUS43 KDVN 240937
CLICID


CLIMATE REPORT
NATIONAL WEATHER SERVICE QUAD CITIES IA IL
437 AM CDT FRI OCT 24 2014


...................................

...THE CEDAR RAPIDS IA CLIMATE SUMMARY FOR OCTOBER 23 2014...

CLIMATE NORMAL PERIOD 1981 TO 2010
CLIMATE RECORD PERIOD 1891 TO 2014


WEATHER ITEM   OBSERVED TIME   RECORD YEAR NORMAL DEPARTURE LAST
                VALUE   (LST)  VALUE       VALUE  FROM      YEAR
                                                  NORMAL
..................................................................
TEMPERATURE (F)
 YESTERDAY
  MAXIMUM         59    429 PM  88    1899  59      0       44
  MINIMUM         41   1131 PM  19    1981  38      3       27
  AVERAGE         50                        48      2       36

PRECIPITATION (IN)
  YESTERDAY        T            MM      MM   0.08  -0.08     0.01
  MONTH TO DATE    2.57                      1.97   0.60     2.45
  SINCE SEP 1      6.12                      5.13   0.99     4.64
  SINCE JAN 1     36.60                     30.43   6.17    34.04

DEGREE DAYS
 HEATING
  YESTERDAY       15                        17     -2       29
  MONTH TO DATE  329                       306     23      280
  SINCE SEP 1    470                       444     26      360
  SINCE JUL 1    489                       463     26      379

 COOLING
  YESTERDAY        0                         0      0        0
  MONTH TO DATE    0                         8     -8       19
  SINCE SEP 1     53                        80    -27      164
  SINCE JAN 1    670                       748    -78      884
..................................................................


WIND (MPH)
  HIGHEST WIND SPEED    14   HIGHEST WIND DIRECTION     S (160)
  HIGHEST GUST SPEED    19   HIGHEST GUST DIRECTION    SE (150)
  AVERAGE WIND SPEED     5.5


SKY COVER
  POSSIBLE SUNSHINE  MM
  AVERAGE SKY COVER 0.7


WEATHER CONDITIONS
 THE FOLLOWING WEATHER WAS RECORDED YESTERDAY.
  LIGHT RAIN
  FOG
  FOG W/VISIBILITY <= 1/4 MILE


RELATIVE HUMIDITY (PERCENT)
 HIGHEST   100           700 PM
 LOWEST     71          1200 AM
 AVERAGE    86

..........................................................


THE CEDAR RAPIDS IA CLIMATE NORMALS FOR TODAY
                         NORMAL    RECORD    YEAR
 MAXIMUM TEMPERATURE (F)   58        82      1899
 MINIMUM TEMPERATURE (F)   37        19      2006


SUNRISE AND SUNSET
OCTOBER 24 2014.......SUNRISE   730 AM CDT   SUNSET   612 PM CDT
OCTOBER 25 2014.......SUNRISE   731 AM CDT   SUNSET   610 PM CDT


-  INDICATES NEGATIVE NUMBERS.
R  INDICATES RECORD WAS SET OR TIED.
MM INDICATES DATA IS MISSING.
T  INDICATES TRACE AMOUNT.




$$





U.S. Dept. of Commerce
NOAA National Weather Service
1325 East West Highway
Silver Spring, MD 20910
E-mail: w-nws.webmaster@noaa.gov
Page last modified: May 16, 2007
NATIONAL WEATHER SERVICE: for Safety, for Work, for Fun - FOR LIFE