413
CDUS43 KDVN 282229
CLICID


CLIMATE REPORT
NATIONAL WEATHER SERVICE QUAD CITIES IA IL
429 PM CST FRI NOV 28 2014


...................................

...THE CEDAR RAPIDS IA CLIMATE SUMMARY FOR NOVEMBER 28 2014...
VALID TODAY AS OF 0400 PM LOCAL TIME.

CLIMATE NORMAL PERIOD 1981 TO 2010
CLIMATE RECORD PERIOD 1891 TO 2014


WEATHER ITEM   OBSERVED TIME   RECORD YEAR NORMAL DEPARTURE LAST
                VALUE   (LST)  VALUE       VALUE  FROM      YEAR
                                                  NORMAL
..................................................................
TEMPERATURE (F)
 TODAY
  MAXIMUM         32    359 PM  63    2006  39     -7       32
                                      1960
  MINIMUM         12   1230 AM  -7    1976  21     -9       14
  AVERAGE         22                        30     -8       23

PRECIPITATION (IN)
  TODAY            0.00         MM      MM   0.07  -0.07     0.00
  MONTH TO DATE    1.29                      1.98  -0.69     2.58
  SINCE SEP 1      7.41                      7.76  -0.35     7.73
  SINCE JAN 1     37.89                     33.06   4.83    37.13

DEGREE DAYS
 HEATING
  TODAY           43                        35      8       42
  MONTH TO DATE  984                       765    219      846
  SINCE SEP 1   1578                      1356    222     1354
  SINCE JUL 1   1597                      1375    222     1373

 COOLING
  TODAY            0                         0      0        0
  MONTH TO DATE    0                         0      0        0
  SINCE SEP 1     53                        80    -27      164
  SINCE JAN 1    670                       748    -78      884
..................................................................


WIND (MPH)
  HIGHEST WIND SPEED    18   HIGHEST WIND DIRECTION    SE (140)
  HIGHEST GUST SPEED    26   HIGHEST GUST DIRECTION    SE (150)
  AVERAGE WIND SPEED    11.1


SKY COVER
  POSSIBLE SUNSHINE  MM
  AVERAGE SKY COVER 0.4


WEATHER CONDITIONS
 THE FOLLOWING WEATHER WAS RECORDED TODAY.
  NO SIGNIFICANT WEATHER WAS OBSERVED.


RELATIVE HUMIDITY (PERCENT)
 HIGHEST    84          1000 AM
 LOWEST     67           500 AM
 AVERAGE    76

..........................................................


THE CEDAR RAPIDS IA CLIMATE NORMALS FOR TOMORROW
                         NORMAL    RECORD    YEAR
 MAXIMUM TEMPERATURE (F)   39        69      1998
 MINIMUM TEMPERATURE (F)   21       -12      1891


SUNRISE AND SUNSET
NOVEMBER 28 2014......SUNRISE   712 AM CST   SUNSET   438 PM CST
NOVEMBER 29 2014......SUNRISE   713 AM CST   SUNSET   437 PM CST


-  INDICATES NEGATIVE NUMBERS.
R  INDICATES RECORD WAS SET OR TIED.
MM INDICATES DATA IS MISSING.
T  INDICATES TRACE AMOUNT.




$$





U.S. Dept. of Commerce
NOAA National Weather Service
1325 East West Highway
Silver Spring, MD 20910
E-mail: w-nws.webmaster@noaa.gov
Page last modified: May 16, 2007
NATIONAL WEATHER SERVICE: for Safety, for Work, for Fun - FOR LIFE