633
CDUS43 KDVN 230919
CLICID


CLIMATE REPORT
NATIONAL WEATHER SERVICE QUAD CITIES IA IL
418 AM CDT TUE SEP 23 2014


...................................

...THE CEDAR RAPIDS IA CLIMATE SUMMARY FOR SEPTEMBER 22 2014...

CLIMATE NORMAL PERIOD 1981 TO 2010
CLIMATE RECORD PERIOD 1891 TO 2014


WEATHER ITEM   OBSERVED TIME   RECORD YEAR NORMAL DEPARTURE LAST
                VALUE   (LST)  VALUE       VALUE  FROM      YEAR
                                                  NORMAL
..................................................................
TEMPERATURE (F)
 YESTERDAY
  MAXIMUM         70    414 PM  94    1930  72     -2       72
  MINIMUM         41    541 AM  29    1974  48     -7       45
  AVERAGE         56                        60     -4       59

PRECIPITATION (IN)
  YESTERDAY        0.00         MM      MM   0.11  -0.11     0.00
  MONTH TO DATE    3.52                      2.41   1.11     1.80
  SINCE SEP 1      3.52                      2.41   1.11     1.80
  SINCE JAN 1     34.00                     27.71   6.29    31.20

DEGREE DAYS
 HEATING
  YESTERDAY        9                         6      3        6
  MONTH TO DATE  126                        75     51       54
  SINCE SEP 1    126                        75     51       54
  SINCE JUL 1    145                        94     51       73

 COOLING
  YESTERDAY        0                         1     -1        0
  MONTH TO DATE   38                        64    -26      137
  SINCE SEP 1     38                        64    -26      137
  SINCE JAN 1    655                       732    -77      857
..................................................................


WIND (MPH)
  HIGHEST WIND SPEED     9   HIGHEST WIND DIRECTION    SW (230)
  HIGHEST GUST SPEED    15   HIGHEST GUST DIRECTION     W (260)
  AVERAGE WIND SPEED     3.9


SKY COVER
  POSSIBLE SUNSHINE  MM
  AVERAGE SKY COVER 0.0


WEATHER CONDITIONS
 THE FOLLOWING WEATHER WAS RECORDED YESTERDAY.
  NO SIGNIFICANT WEATHER WAS OBSERVED.


RELATIVE HUMIDITY (PERCENT)
 HIGHEST   100           100 AM
 LOWEST     44           300 PM
 AVERAGE    72

..........................................................


THE CEDAR RAPIDS IA CLIMATE NORMALS FOR TODAY
                         NORMAL    RECORD    YEAR
 MAXIMUM TEMPERATURE (F)   72        90      1930
 MINIMUM TEMPERATURE (F)   48        29      2012


SUNRISE AND SUNSET
SEPTEMBER 23 2014.....SUNRISE   655 AM CDT   SUNSET   702 PM CDT
SEPTEMBER 24 2014.....SUNRISE   656 AM CDT   SUNSET   700 PM CDT


-  INDICATES NEGATIVE NUMBERS.
R  INDICATES RECORD WAS SET OR TIED.
MM INDICATES DATA IS MISSING.
T  INDICATES TRACE AMOUNT.




$$






U.S. Dept. of Commerce
NOAA National Weather Service
1325 East West Highway
Silver Spring, MD 20910
E-mail: w-nws.webmaster@noaa.gov
Page last modified: May 16, 2007
NATIONAL WEATHER SERVICE: for Safety, for Work, for Fun - FOR LIFE