296
CDUS42 KCHS 260525
CLICHS


CLIMATE REPORT
NATIONAL WEATHER SERVICE CHARLESTON SC
1225 AM EST WED NOV 26 2014


...................................

...THE NORTH CHARLESTON SC CLIMATE SUMMARY FOR NOVEMBER 25 2014...

CLIMATE NORMAL PERIOD 1981 TO 2010
CLIMATE RECORD PERIOD 1938 TO 2014


WEATHER ITEM   OBSERVED TIME   RECORD YEAR NORMAL DEPARTURE LAST
                VALUE   (LST)  VALUE       VALUE  FROM      YEAR
                                                  NORMAL
..................................................................
TEMPERATURE (F)
 YESTERDAY
  MAXIMUM         66    321 PM  82    1973  67     -1       53
  MINIMUM         61    802 AM  15    1950  45     16       31
  AVERAGE         64                        56      8       42

PRECIPITATION (IN)
  YESTERDAY        1.54          1.87 1972   0.08   1.46     0.00
  MONTH TO DATE    4.11                      2.02   2.09     1.34
  SINCE SEP 1     13.72                     11.87   1.85     7.72
  SINCE JAN 1     49.05                     47.51   1.54    53.78

SNOWFALL (IN)
  YESTERDAY        0.0                       0.0    0.0
  SINCE SEP 1      0.0                       0.0    0.0
  SINCE JUL 1      0.0                       0.0    0.0

DEGREE DAYS
 HEATING
  YESTERDAY        1                         9     -8       23
  MONTH TO DATE  236                       171     65      185
  SINCE SEP 1    258                       240     18      227
  SINCE JUL 1    258                       240     18      227

 COOLING
  YESTERDAY        0                         1     -1        0
  MONTH TO DATE   18                        30    -12       34
  SINCE SEP 1    607                       489    118      574
  SINCE JAN 1   2769                      2294    475     2429
..................................................................


WIND (MPH)
  HIGHEST WIND SPEED    16   HIGHEST WIND DIRECTION    NE (60)
  HIGHEST GUST SPEED    20   HIGHEST GUST DIRECTION    NE (60)
  AVERAGE WIND SPEED     4.6


SKY COVER
  POSSIBLE SUNSHINE  MM
  AVERAGE SKY COVER 0.8


WEATHER CONDITIONS
 THE FOLLOWING WEATHER WAS RECORDED YESTERDAY.
  THUNDERSTORM
  HEAVY RAIN
  RAIN
  LIGHT RAIN
  FOG


RELATIVE HUMIDITY (PERCENT)
 HIGHEST   100          1000 AM
 LOWEST     87           100 PM
 AVERAGE    94

..........................................................


THE NORTH CHARLESTON SC CLIMATE NORMALS FOR TODAY
                         NORMAL    RECORD    YEAR
 MAXIMUM TEMPERATURE (F)   67        82      1973
                                             1946
 MINIMUM TEMPERATURE (F)   45        19      1950


SUNRISE AND SUNSET
NOVEMBER 26 2014......SUNRISE   700 AM EST   SUNSET   514 PM EST
NOVEMBER 27 2014......SUNRISE   701 AM EST   SUNSET   514 PM EST


-  INDICATES NEGATIVE NUMBERS.
R  INDICATES RECORD WAS SET OR TIED.
MM INDICATES DATA IS MISSING.
T  INDICATES TRACE AMOUNT.




$$





U.S. Dept. of Commerce
NOAA National Weather Service
1325 East West Highway
Silver Spring, MD 20910
E-mail: w-nws.webmaster@noaa.gov
Page last modified: May 16, 2007
NATIONAL WEATHER SERVICE: for Safety, for Work, for Fun - FOR LIFE