839
CDUS42 KCHS 240531
CLICHS


CLIMATE REPORT
NATIONAL WEATHER SERVICE CHARLESTON SC
1230 AM EST MON NOV 24 2014


...................................

...THE NORTH CHARLESTON SC CLIMATE SUMMARY FOR NOVEMBER 23 2014...

CLIMATE NORMAL PERIOD 1981 TO 2010
CLIMATE RECORD PERIOD 1938 TO 2014


WEATHER ITEM   OBSERVED TIME   RECORD YEAR NORMAL DEPARTURE LAST
                VALUE   (LST)  VALUE       VALUE  FROM      YEAR
                                                  NORMAL
..................................................................
TEMPERATURE (F)
 YESTERDAY
  MAXIMUM         72    854 PM  83    1941  68      4       72
  MINIMUM         55    101 AM  25    1976  46      9       59
  AVERAGE         64                        57      7       66

PRECIPITATION (IN)
  YESTERDAY        2.00R         0.70 1961   0.08   1.92     0.01
  MONTH TO DATE    2.43                      1.87   0.56     1.34
  SINCE SEP 1     12.04                     11.72   0.32     7.72
  SINCE JAN 1     47.37                     47.36   0.01    53.78

SNOWFALL (IN)
  YESTERDAY        0.0                       0.0    0.0
  SINCE SEP 1      0.0                       0.0    0.0
  SINCE JUL 1      0.0                       0.0    0.0

DEGREE DAYS
 HEATING
  YESTERDAY        1                         9     -8        0
  MONTH TO DATE  235                       153     82      144
  SINCE SEP 1    257                       222     35      186
  SINCE JUL 1    257                       222     35      186

 COOLING
  YESTERDAY        0                         1     -1        1
  MONTH TO DATE   12                        28    -16       34
  SINCE SEP 1    601                       487    114      574
  SINCE JAN 1   2763                      2292    471     2429
..................................................................


WIND (MPH)
  HIGHEST WIND SPEED    24   HIGHEST WIND DIRECTION     W (250)
  HIGHEST GUST SPEED    36   HIGHEST GUST DIRECTION     W (250)
  AVERAGE WIND SPEED    11.1


SKY COVER
  POSSIBLE SUNSHINE  MM
  AVERAGE SKY COVER 1.0


WEATHER CONDITIONS
 THE FOLLOWING WEATHER WAS RECORDED YESTERDAY.
  THUNDERSTORM
  HEAVY RAIN
  RAIN
  LIGHT RAIN
  FOG


RELATIVE HUMIDITY (PERCENT)
 HIGHEST    97          1000 AM
 LOWEST     93          1200 AM
 AVERAGE    95

..........................................................


THE NORTH CHARLESTON SC CLIMATE NORMALS FOR TODAY
                         NORMAL    RECORD    YEAR
 MAXIMUM TEMPERATURE (F)   68        82      1986
                                             1973
 MINIMUM TEMPERATURE (F)   45        21      1970


SUNRISE AND SUNSET
NOVEMBER 24 2014......SUNRISE   659 AM EST   SUNSET   515 PM EST
NOVEMBER 25 2014......SUNRISE   700 AM EST   SUNSET   515 PM EST


-  INDICATES NEGATIVE NUMBERS.
R  INDICATES RECORD WAS SET OR TIED.
MM INDICATES DATA IS MISSING.
T  INDICATES TRACE AMOUNT.




$$





U.S. Dept. of Commerce
NOAA National Weather Service
1325 East West Highway
Silver Spring, MD 20910
E-mail: w-nws.webmaster@noaa.gov
Page last modified: May 16, 2007
NATIONAL WEATHER SERVICE: for Safety, for Work, for Fun - FOR LIFE