735
CDUS41 KLWX 242142
CLICHO


CLIMATE REPORT
NATIONAL WEATHER SERVICE BALTIMORE MD/WASHINGTON DC
442 PM EST MON NOV 24 2014


...................................

...THE CHARLOTTESVILLE VA CLIMATE SUMMARY FOR NOVEMBER 24 2014...
VALID TODAY AS OF 0400 PM LOCAL TIME.

CLIMATE NORMAL PERIOD 1981 TO 2010
CLIMATE RECORD PERIOD 1889 TO 2014


WEATHER ITEM   OBSERVED TIME   RECORD YEAR NORMAL DEPARTURE LAST
                VALUE   (LST)  VALUE       VALUE  FROM      YEAR
                                                  NORMAL
..................................................................
TEMPERATURE (F)
 TODAY
  MAXIMUM         71    352 PM  MM      MM  54     17       33
  MINIMUM         49   1219 AM  MM      MM  34     15       20
  AVERAGE         60                        44     16       27

PRECIPITATION (IN)
  TODAY            0.17                      0.12   0.05     0.00
  MONTH TO DATE    1.73                      3.03  -1.30     0.49
  SINCE SEP 1      6.32                     10.62  -4.30     4.66
  SINCE JAN 1     34.82                     38.76  -3.94    38.18

DEGREE DAYS
 HEATING
  TODAY            5                                        38
  MONTH TO DATE  485                                       430
  SINCE SEP 1    716                                       740
  SINCE JUL 1    716                                       745

 COOLING
  TODAY            0                                         0
  MONTH TO DATE    0                                         1
  SINCE SEP 1    168                                       144
  SINCE JAN 1   1096                                      1146
..................................................................


WIND (MPH)
  HIGHEST WIND SPEED    26   HIGHEST WIND DIRECTION     S (190)
  HIGHEST GUST SPEED    35   HIGHEST GUST DIRECTION     S (200)
  AVERAGE WIND SPEED    11.8


SKY COVER
  POSSIBLE SUNSHINE  MM
  AVERAGE SKY COVER 0.5


WEATHER CONDITIONS
 THE FOLLOWING WEATHER WAS RECORDED TODAY.
  RAIN
  LIGHT RAIN
  FOG


RELATIVE HUMIDITY (PERCENT)
 HIGHEST   100          1200 AM
 LOWEST     53           200 PM
 AVERAGE    77

..........................................................


THE CHARLOTTESVILLE VA CLIMATE NORMALS FOR TOMORROW
                         NORMAL    RECORD    YEAR
 MAXIMUM TEMPERATURE (F)   54        MM        MM
 MINIMUM TEMPERATURE (F)   34        MM        MM


SUNRISE AND SUNSET
NOVEMBER 24 2014......SUNRISE   704 AM EST   SUNSET   456 PM EST
NOVEMBER 25 2014......SUNRISE   705 AM EST   SUNSET   456 PM EST


-  INDICATES NEGATIVE NUMBERS.
R  INDICATES RECORD WAS SET OR TIED.
MM INDICATES DATA IS MISSING.
T  INDICATES TRACE AMOUNT.




$$





U.S. Dept. of Commerce
NOAA National Weather Service
1325 East West Highway
Silver Spring, MD 20910
E-mail: w-nws.webmaster@noaa.gov
Page last modified: May 16, 2007
NATIONAL WEATHER SERVICE: for Safety, for Work, for Fun - FOR LIFE