812
CDUS41 KLWX 310522
CLICHO


CLIMATE REPORT
NATIONAL WEATHER SERVICE BALTIMORE MD/WASHINGTON DC
121 AM EDT FRI OCT 31 2014


...................................

...THE CHARLOTTESVILLE VA CLIMATE SUMMARY FOR OCTOBER 30 2014...

CLIMATE NORMAL PERIOD 1981 TO 2010
CLIMATE RECORD PERIOD 1889 TO 2014


WEATHER ITEM   OBSERVED TIME   RECORD YEAR NORMAL DEPARTURE LAST
                VALUE   (LST)  VALUE       VALUE  FROM      YEAR
                                                  NORMAL
..................................................................
TEMPERATURE (F)
 YESTERDAY
  MAXIMUM         58    320 PM  MM      MM  64     -6       69
  MINIMUM         38   1159 PM  MM      MM  40     -2       49
  AVERAGE         48                        52     -4       59

PRECIPITATION (IN)
  YESTERDAY        0.00                      0.10  -0.10     0.05
  MONTH TO DATE    3.73                      3.02   0.71     3.52
  SINCE SEP 1      4.59                      7.50  -2.91     4.17
  SINCE JAN 1     33.09                     35.64  -2.55    37.69

DEGREE DAYS
 HEATING
  YESTERDAY       17                        13      4        6
  MONTH TO DATE  189                       277    -88      236
  SINCE SEP 1    212                       332   -120      306
  SINCE JUL 1    212                       335   -123      311

 COOLING
  YESTERDAY        0                         0      0        0
  MONTH TO DATE   16                        12      4       37
  SINCE SEP 1    168                       123     45      143
  SINCE JAN 1   1096                      1033     63     1145
..................................................................


WIND (MPH)
  HIGHEST WIND SPEED    15   HIGHEST WIND DIRECTION     N (20)
  HIGHEST GUST SPEED    19   HIGHEST GUST DIRECTION    NE (30)
  AVERAGE WIND SPEED     3.6


SKY COVER
  POSSIBLE SUNSHINE  MM
  AVERAGE SKY COVER 0.4


WEATHER CONDITIONS
 THE FOLLOWING WEATHER WAS RECORDED YESTERDAY.
  FOG
  FOG W/VISIBILITY <= 1/4 MILE


RELATIVE HUMIDITY (PERCENT)
 HIGHEST   100           100 AM
 LOWEST     40           100 PM
 AVERAGE    70

..........................................................


THE CHARLOTTESVILLE VA CLIMATE NORMALS FOR TODAY
                         NORMAL    RECORD    YEAR
 MAXIMUM TEMPERATURE (F)   63        MM        MM
 MINIMUM TEMPERATURE (F)   40        MM        MM


SUNRISE AND SUNSET
OCTOBER 31 2014.......SUNRISE   739 AM EDT   SUNSET   616 PM EDT
NOVEMBER  1 2014......SUNRISE   740 AM EDT   SUNSET   615 PM EDT


-  INDICATES NEGATIVE NUMBERS.
R  INDICATES RECORD WAS SET OR TIED.
MM INDICATES DATA IS MISSING.
T  INDICATES TRACE AMOUNT.




$$





U.S. Dept. of Commerce
NOAA National Weather Service
1325 East West Highway
Silver Spring, MD 20910
E-mail: w-nws.webmaster@noaa.gov
Page last modified: May 16, 2007
NATIONAL WEATHER SERVICE: for Safety, for Work, for Fun - FOR LIFE