030
CDUS44 KMRX 301227
CLICHA

CLIMATE REPORT
NATIONAL WEATHER SERVICE MORRISTOWN TN
827 AM EDT THU OCT 30 2014


...................................

...THE CHATTANOOGA CLIMATE SUMMARY FOR OCTOBER 29 2014...

CLIMATE NORMAL PERIOD 1981 TO 2010
CLIMATE RECORD PERIOD 1879 TO 2014


WEATHER ITEM   OBSERVED TIME   RECORD YEAR NORMAL DEPARTURE LAST
                VALUE   (LST)  VALUE       VALUE  FROM      YEAR
                                                  NORMAL
..................................................................
TEMPERATURE (F)
 YESTERDAY
  MAXIMUM         67    357 PM  82    2004  69     -2       73
                                      1998
                                      1927
  MINIMUM         46   1157 PM  26    1976  46      0       53
  AVERAGE         57                        57      0       63

PRECIPITATION (IN)
  YESTERDAY        0.32          2.27 1918   0.11   0.21     0.00
  MONTH TO DATE    6.28                      3.05   3.23     0.17
  SINCE SEP 1      8.76                      7.09   1.67     2.28
  SINCE JAN 1     37.41                     42.35  -4.94    56.48

SNOWFALL (IN)
  YESTERDAY        0.0                       0.0    0.0      0.0
  MONTH TO DATE    0.0                       0.0    0.0      0.0
  SINCE SEP 1      0.0                       0.0    0.0      0.0
  SINCE JUL 1      0.0                       0.0    0.0      0.0
  SNOW DEPTH       0

DEGREE DAYS
 HEATING
  YESTERDAY        8                         8      0        2
  MONTH TO DATE   94                       139    -45      129
  SINCE SEP 1     94                       154    -60      129
  SINCE JUL 1     94                       154    -60      129

 COOLING
  YESTERDAY        0                         1     -1        0
  MONTH TO DATE   84                        50     34       78
  SINCE SEP 1    409                       289    120      356
  SINCE JAN 1   1910                      1739    171     1748
..................................................................


WIND (MPH)
  HIGHEST WIND SPEED    17   HIGHEST WIND DIRECTION     N (360)
  HIGHEST GUST SPEED    23   HIGHEST GUST DIRECTION     N (360)
  AVERAGE WIND SPEED     6.0


SKY COVER
  POSSIBLE SUNSHINE  MM
  AVERAGE SKY COVER  MM


WEATHER CONDITIONS
 THE FOLLOWING WEATHER WAS RECORDED YESTERDAY.
  HEAVY RAIN
  RAIN
  LIGHT RAIN
  FOG


RELATIVE HUMIDITY (PERCENT)
 HIGHEST    97           300 AM
 LOWEST     48           400 PM
 AVERAGE    73

..........................................................


THE CHATTANOOGA CLIMATE NORMALS FOR TODAY
                         NORMAL    RECORD    YEAR
 MAXIMUM TEMPERATURE (F)   69        88      1937
 MINIMUM TEMPERATURE (F)   45        22      1952


SUNRISE AND SUNSET
OCTOBER 30 2014.......SUNRISE   800 AM EDT   SUNSET   648 PM EDT
OCTOBER 31 2014.......SUNRISE   801 AM EDT   SUNSET   647 PM EDT


-  INDICATES NEGATIVE NUMBERS.
R  INDICATES RECORD WAS SET OR TIED.
MM INDICATES DATA IS MISSING.
T  INDICATES TRACE AMOUNT.


&&

THE LOW TEMPERATURE SINCE MIDNIGHT HAS BEEN 40.
THERE HAS BEEN 0.00 INCHES OF PRECIPITATION SINCE MIDNIGHT.

$$




U.S. Dept. of Commerce
NOAA National Weather Service
1325 East West Highway
Silver Spring, MD 20910
E-mail: w-nws.webmaster@noaa.gov
Page last modified: May 16, 2007
NATIONAL WEATHER SERVICE: for Safety, for Work, for Fun - FOR LIFE