197
CDUS44 KMRX 242219 RRA
CLICHA

CLIMATE REPORT
NATIONAL WEATHER SERVICE MORRISTOWN TN
516 PM EST MON NOV 24 2014


...................................

...THE CHATTANOOGA CLIMATE SUMMARY FOR NOVEMBER 24 2014...
VALID TODAY AS OF 500 PM LOCAL TIME.

CLIMATE NORMAL PERIOD 1981 TO 2010
CLIMATE RECORD PERIOD 1879 TO 2014


WEATHER ITEM   OBSERVED TIME   RECORD YEAR NORMAL DEPARTURE LAST
                VALUE   (LST)  VALUE       VALUE  FROM      YEAR
                                                  NORMAL
..................................................................
TEMPERATURE (F)
 TODAY
  MAXIMUM         71    152 PM  75    1958  59     12       41
                                      1921
  MINIMUM         61    750 AM  11    1950  38     23       26
  AVERAGE         66                        48     18       34

PRECIPITATION (IN)
  TODAY            0.00          2.72 2001   0.19  -0.19     0.00
  MONTH TO DATE    3.43                      3.86  -0.43     1.08
  SINCE SEP 1     12.21                     11.18   1.03     3.49
  SINCE JAN 1     40.86                     46.44  -5.58    57.69

SNOWFALL (IN)
  TODAY            0.0                       0.0    0.0      0.0
  MONTH TO DATE    T                         0.0    0.0      0.0
  SINCE SEP 1      T                         0.0    0.0      0.0
  SINCE JUL 1      T                         0.0    0.0      0.0
  SNOW DEPTH       0

DEGREE DAYS
 HEATING
  TODAY            0                        17    -17       31
  MONTH TO DATE  436                       308    128      335
  SINCE SEP 1    556                       480     76      464
  SINCE JUL 1    556                       480     76      464

 COOLING
  TODAY            1                         0      1        0
  MONTH TO DATE    1                         0      1        0
  SINCE SEP 1    410                       287    123      360
  SINCE JAN 1   1911                      1737    174     1752
..................................................................


WIND (MPH)
  HIGHEST WIND SPEED    26   HIGHEST WIND DIRECTION    SW (220)
  HIGHEST GUST SPEED    33   HIGHEST GUST DIRECTION    SW (220)
  AVERAGE WIND SPEED    13.9


SKY COVER
  POSSIBLE SUNSHINE  MM
  AVERAGE SKY COVER  MM


WEATHER CONDITIONS
 THE FOLLOWING WEATHER WAS RECORDED TODAY.
  NO SIGNIFICANT WEATHER WAS OBSERVED.


RELATIVE HUMIDITY (PERCENT)
 HIGHEST    84          1200 AM
 LOWEST     40           300 PM
 AVERAGE    62

..........................................................


THE CHATTANOOGA CLIMATE NORMALS FOR TOMORROW
                         NORMAL    RECORD    YEAR
 MAXIMUM TEMPERATURE (F)   58        74      2010
                                             1990
 MINIMUM TEMPERATURE (F)   37         4      1950


SUNRISE AND SUNSET
NOVEMBER 24 2014......SUNRISE   724 AM EST   SUNSET   531 PM EST
NOVEMBER 25 2014......SUNRISE   725 AM EST   SUNSET   530 PM EST


-  INDICATES NEGATIVE NUMBERS.
R  INDICATES RECORD WAS SET OR TIED.
MM INDICATES DATA IS MISSING.
T  INDICATES TRACE AMOUNT.




$$




U.S. Dept. of Commerce
NOAA National Weather Service
1325 East West Highway
Silver Spring, MD 20910
E-mail: w-nws.webmaster@noaa.gov
Page last modified: May 16, 2007
NATIONAL WEATHER SERVICE: for Safety, for Work, for Fun - FOR LIFE