270
CDUS43 KPAH 290634
CLICGI


CLIMATE REPORT
NATIONAL WEATHER SERVICE PADUCAH KY
1232 AM CST SAT NOV 29 2014


...................................

...THE CAPE GIRARDEAU MO CLIMATE SUMMARY FOR NOVEMBER 28 2014...

CLIMATE NORMAL PERIOD 1981 TO 2010
CLIMATE RECORD PERIOD 1960 TO 2014


WEATHER ITEM   OBSERVED TIME   RECORD YEAR NORMAL DEPARTURE LAST
                VALUE   (LST)  VALUE       VALUE  FROM      YEAR
                                                  NORMAL
..................................................................
TEMPERATURE (F)
 YESTERDAY
  MAXIMUM         48    340 PM  69    1998  51     -3       42
  MINIMUM         27    522 AM  18    1976  32     -5       19
  AVERAGE         38                        41     -3

PRECIPITATION (IN)
  YESTERDAY        0.00          1.32 2001   0.16  -0.16     0.00
  MONTH TO DATE    2.22                      4.12  -1.90     1.65
  SINCE SEP 1      8.58                     11.19  -2.61     6.29
  SINCE JAN 1     40.88                     42.24  -1.36    34.52

DEGREE DAYS
 HEATING
  YESTERDAY       27                        24      3       34
  MONTH TO DATE  724                       500    224      584
  SINCE SEP 1    973                       802    171      850
  SINCE JUL 1    973                       803    170      851

 COOLING
  YESTERDAY        0                         0      0        0
  MONTH TO DATE    0                         0      0        0
  SINCE SEP 1    185                       191     -6      260
  SINCE JAN 1   1424                      1451    -27     1441
..................................................................


WIND (MPH)
  HIGHEST WIND SPEED    24   HIGHEST WIND DIRECTION     S (200)
  HIGHEST GUST SPEED    30   HIGHEST GUST DIRECTION    SW (210)
  AVERAGE WIND SPEED    11.3


SKY COVER
  AVERAGE SKY COVER 0.0


WEATHER CONDITIONS
 THE FOLLOWING WEATHER WAS RECORDED YESTERDAY.
  FOG


RELATIVE HUMIDITY (PERCENT)
 HIGHEST    92
 LOWEST     58
 AVERAGE    75

..........................................................


THE CAPE GIRARDEAU MO CLIMATE NORMALS FOR TODAY
                         NORMAL    RECORD    YEAR
 MAXIMUM TEMPERATURE (F)   51        70      1975
 MINIMUM TEMPERATURE (F)   32         8      1976


SUNRISE AND SUNSET
NOVEMBER 29 2014......SUNRISE   652 AM CST   SUNSET   442 PM CST
NOVEMBER 30 2014......SUNRISE   653 AM CST   SUNSET   441 PM CST


-  INDICATES NEGATIVE NUMBERS.
R  INDICATES RECORD WAS SET OR TIED.
MM INDICATES DATA IS MISSING.
T  INDICATES TRACE AMOUNT.




$$





U.S. Dept. of Commerce
NOAA National Weather Service
1325 East West Highway
Silver Spring, MD 20910
E-mail: w-nws.webmaster@noaa.gov
Page last modified: May 16, 2007
NATIONAL WEATHER SERVICE: for Safety, for Work, for Fun - FOR LIFE