247
CDUS43 KPAH 240631
CLICGI


CLIMATE REPORT
NATIONAL WEATHER SERVICE PADUCAH KY
128 AM CDT THU APR 24 2014


...................................

...THE CAPE GIRARDEAU MO CLIMATE SUMMARY FOR APRIL 23 2014...

CLIMATE NORMAL PERIOD 1981 TO 2010
CLIMATE RECORD PERIOD 1960 TO 2014


WEATHER ITEM   OBSERVED TIME   RECORD YEAR NORMAL DEPARTURE LAST
                VALUE   (LST)  VALUE       VALUE  FROM      YEAR
                                                  NORMAL
..................................................................
TEMPERATURE (F)
 YESTERDAY
  MAXIMUM         70    416 PM  90    1980  71     -1       71
  MINIMUM         40    547 AM  34    2012  48     -8       45
  AVERAGE         55                        60     -5

PRECIPITATION (IN)
  YESTERDAY        0.00          3.10 2011   0.15  -0.15     0.07
  MONTH TO DATE    3.81                      3.22   0.59     2.97
  SINCE MAR 1      6.12                      7.62  -1.50     5.52
  SINCE JAN 1      9.26                     14.50  -5.24    12.14

DEGREE DAYS
 HEATING
  YESTERDAY       10                         7      3        7
  MONTH TO DATE  197                       226    -29      231
  SINCE MAR 1    915                       785    130      953
  SINCE JUL 1   4840                      4282    558     4192

 COOLING
  YESTERDAY        0                         1     -1        0
  MONTH TO DATE    7                        17    -10       24
  SINCE MAR 1      7                        21    -14       24
  SINCE JAN 1      7                        21    -14       24
..................................................................


WIND (MPH)
  HIGHEST WIND SPEED    13   HIGHEST WIND DIRECTION     E (80)
  HIGHEST GUST SPEED    16   HIGHEST GUST DIRECTION    SE (130)
  AVERAGE WIND SPEED     5.6


SKY COVER
  AVERAGE SKY COVER 0.0


WEATHER CONDITIONS
 THE FOLLOWING WEATHER WAS RECORDED YESTERDAY.
  NO SIGNIFICANT WEATHER WAS OBSERVED.


RELATIVE HUMIDITY (PERCENT)
 HIGHEST    89
 LOWEST     31
 AVERAGE    60

..........................................................


THE CAPE GIRARDEAU MO CLIMATE NORMALS FOR TODAY
                         NORMAL    RECORD    YEAR
 MAXIMUM TEMPERATURE (F)   72        85      1965
 MINIMUM TEMPERATURE (F)   49        32      2005


SUNRISE AND SUNSET
APRIL 24 2014.........SUNRISE   612 AM CDT   SUNSET   741 PM CDT
APRIL 25 2014.........SUNRISE   611 AM CDT   SUNSET   742 PM CDT


-  INDICATES NEGATIVE NUMBERS.
R  INDICATES RECORD WAS SET OR TIED.
MM INDICATES DATA IS MISSING.
T  INDICATES TRACE AMOUNT.




$$






U.S. Dept. of Commerce
NOAA National Weather Service
1325 East West Highway
Silver Spring, MD 20910
E-mail: w-nws.webmaster@noaa.gov
Page last modified: May 16, 2007
NATIONAL WEATHER SERVICE: for Safety, for Work, for Fun - FOR LIFE