846
CDUS43 KPAH 232141
CLICGI


CLIMATE REPORT
NATIONAL WEATHER SERVICE PADUCAH KY
438 PM CDT WED JUL 23 2014


...................................

...THE CAPE GIRARDEAU MO CLIMATE SUMMARY FOR JULY 23 2014...
VALID TODAY AS OF 0400 PM LOCAL TIME.

CLIMATE NORMAL PERIOD 1981 TO 2010
CLIMATE RECORD PERIOD 1960 TO 2014


WEATHER ITEM   OBSERVED TIME   RECORD YEAR NORMAL DEPARTURE LAST
                VALUE   (LST)  VALUE       VALUE  FROM      YEAR
                                                  NORMAL
..................................................................
TEMPERATURE (F)
 TODAY
  MAXIMUM         82        MM 103    1983  89     -7       92
  MINIMUM         67        MM  54    2007  68     -1       70
  AVERAGE                                   79

PRECIPITATION (IN)
  TODAY            1.09          2.24 1971   0.11   0.98     0.02
  MONTH TO DATE    2.92                      2.50   0.42     0.25
  SINCE JUN 1     10.42                      6.07   4.35     8.01
  SINCE JAN 1     28.81                     27.17   1.64    24.18

DEGREE DAYS
 HEATING
  TODAY            0                         0      0        0
  MONTH TO DATE    0                         0      0        0
  SINCE JUN 1      0                         4     -4        0
  SINCE JUL 1      0                         0      0        0

 COOLING
  TODAY           10                        14     -4       16
  MONTH TO DATE  216                       319   -103      289
  SINCE JUN 1    575                       631    -56      622
  SINCE JAN 1    786                       783      3      793
..................................................................


WIND (MPH)
  HIGHEST WIND SPEED    43   HIGHEST WIND DIRECTION    NE (50)
  HIGHEST GUST SPEED    53   HIGHEST GUST DIRECTION    NE (40)
  AVERAGE WIND SPEED


SKY COVER
  AVERAGE SKY COVER 0.4


WEATHER CONDITIONS
 THE FOLLOWING WEATHER WAS RECORDED TODAY.
  THUNDERSTORM
  HEAVY RAIN
  RAIN
  LIGHT RAIN
  FOG
  FOG W/VISIBILITY <= 1/4 MILE
  HAZE


RELATIVE HUMIDITY (PERCENT)
 HIGHEST    93
 LOWEST     79
 AVERAGE

..........................................................


THE CAPE GIRARDEAU MO CLIMATE NORMALS FOR TOMORROW
                         NORMAL
 MAXIMUM TEMPERATURE (F)   89
 MINIMUM TEMPERATURE (F)   68


SUNRISE AND SUNSET
JULY 23 2014..........SUNRISE   556 AM CDT   SUNSET   813 PM CDT
JULY 24 2014..........SUNRISE   557 AM CDT   SUNSET   813 PM CDT


-  INDICATES NEGATIVE NUMBERS.
R  INDICATES RECORD WAS SET OR TIED.
MM INDICATES DATA IS MISSING.
T  INDICATES TRACE AMOUNT.




$$






U.S. Dept. of Commerce
NOAA National Weather Service
1325 East West Highway
Silver Spring, MD 20910
E-mail: w-nws.webmaster@noaa.gov
Page last modified: May 16, 2007
NATIONAL WEATHER SERVICE: for Safety, for Work, for Fun - FOR LIFE