020
CDUS46 KEKA 161211
CLICEC


CLIMATE REPORT
NATIONAL WEATHER SERVICE EUREKA CA
509 AM PDT WED APR 16 2014


...................................

...THE CRESCENT CITY CA CLIMATE SUMMARY FOR APRIL 15 2014...

CLIMATE NORMAL PERIOD 1981 TO 2010
CLIMATE RECORD PERIOD 1894 TO 2014


WEATHER ITEM   OBSERVED TIME   RECORD YEAR NORMAL DEPARTURE LAST
                VALUE   (LST)  VALUE       VALUE  FROM      YEAR
                                                  NORMAL
..................................................................
TEMPERATURE (F)
 YESTERDAY
  MAXIMUM         55    141 PM  84    1999  54      1       50
  MINIMUM         46    438 AM  32    1955  44      2       37
  AVERAGE         51                        49      2       44

PRECIPITATION (IN)
  YESTERDAY        0.00          2.31 1965   0.18  -0.18      T
  MONTH TO DATE    0.03                      3.08  -3.05     3.05
  SINCE JUL 1     27.97                     57.31 -29.34    50.01
  SINCE JAN 1     18.98                     30.21 -11.23    16.31

SNOWFALL (IN)
  YESTERDAY        0.0          MM      MM  MM     MM       MM
  MONTH TO DATE    0.0                      MM     MM        0.0
  SINCE MAR 1      0.0                      MM     MM        0.0
  SINCE JUL 1      0.0                      MM     MM        0.0
  SNOW DEPTH       0

DEGREE DAYS
 HEATING
  YESTERDAY       14                        16     -2       21
  MONTH TO DATE  208                       240    -32      234
  SINCE MAR 1    639                       753   -114      754
  SINCE JUL 1   3805                      3926   -121     3987

 COOLING
  YESTERDAY        0                         0      0        0
  MONTH TO DATE    0                         0      0        0
  SINCE MAR 1      0                         0      0        0
  SINCE JAN 1      0                         0      0        0
..................................................................


WIND (MPH)
  HIGHEST WIND SPEED    29   HIGHEST WIND DIRECTION    NW (320)
  HIGHEST GUST SPEED    40   HIGHEST GUST DIRECTION    NW (320)
  AVERAGE WIND SPEED    14.5


SKY COVER
  AVERAGE SKY COVER 0.3


WEATHER CONDITIONS
 THE FOLLOWING WEATHER WAS RECORDED YESTERDAY.
  FOG


RELATIVE HUMIDITY (PERCENT)
 HIGHEST    93
 LOWEST     71
 AVERAGE    82

..........................................................


THE CRESCENT CITY CA CLIMATE NORMALS FOR TODAY
                         NORMAL    RECORD    YEAR
 MAXIMUM TEMPERATURE (F)   54        74      1999
 MINIMUM TEMPERATURE (F)   44        33      1975


SUNRISE AND SUNSET
APRIL 16 2014.........SUNRISE   635 AM PDT   SUNSET   759 PM PDT
APRIL 17 2014.........SUNRISE   634 AM PDT   SUNSET   800 PM PDT


-  INDICATES NEGATIVE NUMBERS.
R  INDICATES RECORD WAS SET OR TIED.
MM INDICATES DATA IS MISSING.
T  INDICATES TRACE AMOUNT.




$$





U.S. Dept. of Commerce
NOAA National Weather Service
1325 East West Highway
Silver Spring, MD 20910
E-mail: w-nws.webmaster@noaa.gov
Page last modified: May 16, 2007
NATIONAL WEATHER SERVICE: for Safety, for Work, for Fun - FOR LIFE