963
CDUS46 KEKA 281211
CLICEC


CLIMATE REPORT
NATIONAL WEATHER SERVICE EUREKA CA
410 AM PST FRI NOV 28 2014


...................................

...THE CRESCENT CITY CA CLIMATE SUMMARY FOR NOVEMBER 27 2014...

CLIMATE NORMAL PERIOD 1981 TO 2010
CLIMATE RECORD PERIOD 1894 TO 2014


WEATHER ITEM   OBSERVED TIME   RECORD YEAR NORMAL DEPARTURE LAST
                VALUE   (LST)  VALUE       VALUE  FROM      YEAR
                                                  NORMAL
..................................................................
TEMPERATURE (F)
 YESTERDAY
  MAXIMUM         63   1051 AM  70    2002  54      9       64
  MINIMUM         53    138 AM  31    2001  42     11       41
  AVERAGE         58                        48     10       53

PRECIPITATION (IN)
  YESTERDAY        T             2.18 1984   0.32  -0.32     0.00
  MONTH TO DATE    2.83                      8.61  -5.78     2.52
  SINCE JUL 1     12.72                     14.71  -1.99     7.68
  SINCE JAN 1     37.31                     51.64 -14.33    27.61

SNOWFALL (IN)
  YESTERDAY        0.0          MM      MM  MM     MM        0.0
  MONTH TO DATE    0.0                      MM     MM        0.0
  SINCE SEP 1      0.0                      MM     MM        0.0
  SINCE JUL 1      0.0                      MM     MM        0.0
  SNOW DEPTH       0

DEGREE DAYS
 HEATING
  YESTERDAY        7                        17    -10       12
  MONTH TO DATE  276                       403   -127      389
  SINCE SEP 1    652                      1047   -395     1036
  SINCE JUL 1   1074                      1567   -493     1541

 COOLING
  YESTERDAY        0                         0      0        0
  MONTH TO DATE    0                         0      0        0
  SINCE SEP 1      1                         0      1        0
  SINCE JAN 1      1                         0      1        4
..................................................................


WIND (MPH)
  HIGHEST WIND SPEED    23   HIGHEST WIND DIRECTION    SE (150)
  HIGHEST GUST SPEED    31   HIGHEST GUST DIRECTION     S (160)
  AVERAGE WIND SPEED    14.5


SKY COVER
  AVERAGE SKY COVER 0.5


WEATHER CONDITIONS
 THE FOLLOWING WEATHER WAS RECORDED YESTERDAY.
  LIGHT RAIN


RELATIVE HUMIDITY (PERCENT)
 HIGHEST    86
 LOWEST     67
 AVERAGE    77

..........................................................


THE CRESCENT CITY CA CLIMATE NORMALS FOR TODAY
                         NORMAL    RECORD    YEAR
 MAXIMUM TEMPERATURE (F)   54        70      2002
 MINIMUM TEMPERATURE (F)   42        31      1998


SUNRISE AND SUNSET
NOVEMBER 28 2014......SUNRISE   722 AM PST   SUNSET   448 PM PST
NOVEMBER 29 2014......SUNRISE   723 AM PST   SUNSET   448 PM PST


-  INDICATES NEGATIVE NUMBERS.
R  INDICATES RECORD WAS SET OR TIED.
MM INDICATES DATA IS MISSING.
T  INDICATES TRACE AMOUNT.




$$





U.S. Dept. of Commerce
NOAA National Weather Service
1325 East West Highway
Silver Spring, MD 20910
E-mail: w-nws.webmaster@noaa.gov
Page last modified: May 16, 2007
NATIONAL WEATHER SERVICE: for Safety, for Work, for Fun - FOR LIFE