391
CDUS44 KLUB 250128
CLICDS


CLIMATE REPORT
NATIONAL WEATHER SERVICE LUBBOCK, TX
828 PM CDT THU APR 24 2014


...................................

...THE CHILDRESS CLIMATE SUMMARY FOR APRIL 24 2014...
VALID TODAY AS OF 0800 PM LOCAL TIME.

CLIMATE NORMAL PERIOD 1981 TO 2010
CLIMATE RECORD PERIOD 1893 TO 2014


WEATHER ITEM   OBSERVED TIME   RECORD YEAR NORMAL DEPARTURE LAST
                VALUE   (LST)  VALUE       VALUE  FROM      YEAR
                                                  NORMAL
..................................................................
TEMPERATURE (F)
 TODAY
  MAXIMUM         78    531 PM 100    1996  79     -1       61
  MINIMUM         58    700 AM  26    2013  51      7       26
  AVERAGE         68                        65      3       44

PRECIPITATION (IN)
  TODAY            0.00          2.00 1919   0.09  -0.09     0.00
  MONTH TO DATE    1.51                      1.60  -0.09     0.90
  SINCE MAR 1      1.97                      3.13  -1.16     0.90
  SINCE JAN 1      2.33                      4.91  -2.58     4.24

SNOWFALL (IN)
  TODAY            0.0                       0.0             0.0
  MONTH TO DATE    0.0                       0.2              T
  SINCE MAR 1      T                         0.6              T
  SINCE JUL 1      9.5                       7.0             5.5

DEGREE DAYS
 HEATING
  TODAY            0                         3     -3       21
  MONTH TO DATE  131                       136     -5      259
  SINCE MAR 1    589                       511     78      624
  SINCE JUL 1   3405                      3071    334     3003

 COOLING
  TODAY            3                         3      0        0
  MONTH TO DATE   56                        50      6       26
  SINCE MAR 1     66                        68     -2       30
  SINCE JAN 1     66                        69     -3       30
..................................................................


WIND (MPH)
  HIGHEST WIND SPEED    33   HIGHEST WIND DIRECTION     N (340)
  HIGHEST GUST SPEED    40   HIGHEST GUST DIRECTION     N (340)
  AVERAGE WIND SPEED    17.3


SKY COVER
  POSSIBLE SUNSHINE  MM
  AVERAGE SKY COVER 0.1


WEATHER CONDITIONS
 THE FOLLOWING WEATHER WAS RECORDED TODAY.
  HAZE


RELATIVE HUMIDITY (PERCENT)
 HIGHEST    78
 LOWEST     15
 AVERAGE    47

..........................................................


THE CHILDRESS CLIMATE NORMALS FOR TOMORROW
                         NORMAL    RECORD    YEAR
 MAXIMUM TEMPERATURE (F)   79       106      2012
 MINIMUM TEMPERATURE (F)   51        37      2013


SUNRISE AND SUNSET
APRIL 24 2014.........SUNRISE   659 AM CDT   SUNSET   820 PM CDT
APRIL 25 2014.........SUNRISE   658 AM CDT   SUNSET   821 PM CDT


-  INDICATES NEGATIVE NUMBERS.
R  INDICATES RECORD WAS SET OR TIED.
MM INDICATES DATA IS MISSING.
T  INDICATES TRACE AMOUNT.




$$





U.S. Dept. of Commerce
NOAA National Weather Service
1325 East West Highway
Silver Spring, MD 20910
E-mail: w-nws.webmaster@noaa.gov
Page last modified: May 16, 2007
NATIONAL WEATHER SERVICE: for Safety, for Work, for Fun - FOR LIFE