107
CDUS44 KLUB 252228
CLICDS


CLIMATE REPORT
NATIONAL WEATHER SERVICE LUBBOCK, TX
526 PM CDT SAT OCT 25 2014


...................................

...THE CHILDRESS CLIMATE SUMMARY FOR OCTOBER 25 2014...
VALID TODAY AS OF 0500 PM LOCAL TIME.

CLIMATE NORMAL PERIOD 1981 TO 2010
CLIMATE RECORD PERIOD 1893 TO 2014


WEATHER ITEM   OBSERVED TIME   RECORD YEAR NORMAL DEPARTURE LAST
                VALUE   (LST)  VALUE       VALUE  FROM      YEAR
                                                  NORMAL
..................................................................
TEMPERATURE (F)
 TODAY
  MAXIMUM         93    302 PM  94    2011  74     19       69
  MINIMUM         60    656 AM  33    1997  47     13       38
                                      1976
                                      1957
  AVERAGE         77                        60     17       54

PRECIPITATION (IN)
  TODAY            0.00          1.36 1923   0.07  -0.07     0.00
  MONTH TO DATE    0.32                      1.89  -1.57     0.51
  SINCE SEP 1      1.95                      4.31  -2.36     1.20
  SINCE JAN 1     17.56                     21.40  -3.84    14.44

SNOWFALL (IN)
  TODAY            0.0          MM      MM   0.0    0.0      0.0
  MONTH TO DATE    0.0                       0.1   -0.1      0.0
  SINCE SEP 1      0.0                       0.1   -0.1      0.0
  SINCE JUL 1      0.0                       0.1   -0.1      0.0
  SNOW DEPTH       0

DEGREE DAYS
 HEATING
  TODAY            0                         6     -6       11
  MONTH TO DATE   30                        93    -63      109
  SINCE SEP 1     40                       110    -70      109
  SINCE JUL 1     40                       110    -70      109

 COOLING
  TODAY           12                         1     11        0
  MONTH TO DATE  116                        69     47       77
  SINCE SEP 1    435                       362     73      452
  SINCE JAN 1   2294                      2193    101     2383
..................................................................


WIND (MPH)
  RESULTANT WIND SPEED   8   RESULTANT WIND DIRECTION  SW (230)
  HIGHEST WIND SPEED    18   HIGHEST WIND DIRECTION     S (190)
  HIGHEST GUST SPEED    26   HIGHEST GUST DIRECTION    SW (210)
  AVERAGE WIND SPEED     8.8


SKY COVER
  AVERAGE SKY COVER 0.0


WEATHER CONDITIONS
 THE FOLLOWING WEATHER WAS RECORDED TODAY.
  NO SIGNIFICANT WEATHER WAS OBSERVED.


RELATIVE HUMIDITY (PERCENT)
 HIGHEST    78           400 AM
 LOWEST     21           400 PM
 AVERAGE    50

..........................................................


THE CHILDRESS CLIMATE NORMALS FOR TOMORROW
                         NORMAL    RECORD    YEAR
 MAXIMUM TEMPERATURE (F)   73        93      1950
                                             1939
 MINIMUM TEMPERATURE (F)   47        27      1957


SUNRISE AND SUNSET
OCTOBER 25 2014.......SUNRISE   755 AM CDT   SUNSET   655 PM CDT
OCTOBER 26 2014.......SUNRISE   756 AM CDT   SUNSET   654 PM CDT


-  INDICATES NEGATIVE NUMBERS.
R  INDICATES RECORD WAS SET OR TIED.
MM INDICATES DATA IS MISSING.
T  INDICATES TRACE AMOUNT.




$$






U.S. Dept. of Commerce
NOAA National Weather Service
1325 East West Highway
Silver Spring, MD 20910
E-mail: w-nws.webmaster@noaa.gov
Page last modified: May 16, 2007
NATIONAL WEATHER SERVICE: for Safety, for Work, for Fun - FOR LIFE