726
CDUS44 KLUB 160627
CLICDS


CLIMATE REPORT
NATIONAL WEATHER SERVICE LUBBOCK, TX
127 AM CDT WED APR 16 2014


...................................

...THE CHILDRESS CLIMATE SUMMARY FOR APRIL 15 2014...

CLIMATE NORMAL PERIOD 1981 TO 2010
CLIMATE RECORD PERIOD 1893 TO 2014


WEATHER ITEM   OBSERVED TIME   RECORD YEAR NORMAL DEPARTURE LAST
                VALUE   (LST)  VALUE       VALUE  FROM      YEAR
                                                  NORMAL
..................................................................
TEMPERATURE (F)
 YESTERDAY
  MAXIMUM         68    453 PM  97    2006  76     -8       79
  MINIMUM         26R   626 AM  30    1983  48    -22       49
  AVERAGE         47                        62    -15       64

PRECIPITATION (IN)
  YESTERDAY        0.00          2.19 1976   0.07  -0.07     0.00
  MONTH TO DATE    T                         0.92  -0.92     0.90
  SINCE MAR 1      0.46                      2.45  -1.99     0.90
  SINCE JAN 1      0.82                      4.23  -3.41     4.24

SNOWFALL (IN)
  YESTERDAY        0.0                       0.0    0.0      0.0
  MONTH TO DATE    0.0                       0.1   -0.1       T
  SINCE MAR 1      T                         0.5   -0.5       T
  SINCE JUL 1      9.5                       6.9    2.6      5.5

DEGREE DAYS
 HEATING
  YESTERDAY       18                         5     13        1
  MONTH TO DATE  108                        99      9      151
  SINCE MAR 1    566                       474     92      516
  SINCE JUL 1   3382                      3034    348     2895

 COOLING
  YESTERDAY        0                         2     -2        0
  MONTH TO DATE   33                        25      8       21
  SINCE MAR 1     43                        43      0       25
  SINCE JAN 1     43                        44     -1       25
..................................................................


WIND (MPH)
  HIGHEST WIND SPEED    24   HIGHEST WIND DIRECTION     S (200)
  HIGHEST GUST SPEED    33   HIGHEST GUST DIRECTION    SW (220)
  AVERAGE WIND SPEED    11.0


SKY COVER
  POSSIBLE SUNSHINE  MM
  AVERAGE SKY COVER 0.0


WEATHER CONDITIONS
 THE FOLLOWING WEATHER WAS RECORDED YESTERDAY.
  NO SIGNIFICANT WEATHER WAS OBSERVED.


RELATIVE HUMIDITY (PERCENT)
 HIGHEST    55
 LOWEST     10
 AVERAGE    33

..........................................................


THE CHILDRESS CLIMATE NORMALS FOR TODAY
                         NORMAL    RECORD    YEAR
 MAXIMUM TEMPERATURE (F)   77        99      1955
 MINIMUM TEMPERATURE (F)   48        32      1983


SUNRISE AND SUNSET
APRIL 16 2014.........SUNRISE   709 AM CDT   SUNSET   814 PM CDT
APRIL 17 2014.........SUNRISE   707 AM CDT   SUNSET   815 PM CDT


-  INDICATES NEGATIVE NUMBERS.
R  INDICATES RECORD WAS SET OR TIED.
MM INDICATES DATA IS MISSING.
T  INDICATES TRACE AMOUNT.




$$





U.S. Dept. of Commerce
NOAA National Weather Service
1325 East West Highway
Silver Spring, MD 20910
E-mail: w-nws.webmaster@noaa.gov
Page last modified: May 16, 2007
NATIONAL WEATHER SERVICE: for Safety, for Work, for Fun - FOR LIFE