769
CDUS44 KLUB 210627
CLICDS


CLIMATE REPORT
NATIONAL WEATHER SERVICE LUBBOCK, TX
1227 AM CST SUN DEC 21 2014


...................................

...THE CHILDRESS CLIMATE SUMMARY FOR DECEMBER 20 2014...

CLIMATE NORMAL PERIOD 1981 TO 2010
CLIMATE RECORD PERIOD 1893 TO 2014


WEATHER ITEM   OBSERVED TIME   RECORD YEAR NORMAL DEPARTURE LAST
                VALUE   (LST)  VALUE       VALUE  FROM      YEAR
                                                  NORMAL
..................................................................
TEMPERATURE (F)
 YESTERDAY
  MAXIMUM         55    348 PM  78    2010  54      1       53
                                      2004
  MINIMUM         42    812 AM   6    1983  29     13       30
  AVERAGE         49                        41      8       42

PRECIPITATION (IN)
  YESTERDAY        0.00          0.81 1997   0.03  -0.03     0.69
  MONTH TO DATE    0.20                      0.64  -0.44     0.83
  SINCE DEC 1      0.20                      0.64  -0.44     0.83
  SINCE JAN 1     18.55                     23.65  -5.10    15.97

SNOWFALL (IN)
  YESTERDAY        0.0          MM      MM   0.1   -0.1      0.0
  MONTH TO DATE    0.0                       1.1   -1.1      2.3
  SINCE DEC 1      0.0                       1.1   -1.1      2.3
  SINCE JUL 1      2.0                       2.0    0.0      6.5
  SNOW DEPTH       0

DEGREE DAYS
 HEATING
  YESTERDAY       16                        24     -8       23
  MONTH TO DATE  346                       447   -101      485
  SINCE DEC 1    346                       447   -101      485
  SINCE JUL 1    901                      1007   -106     1083

 COOLING
  YESTERDAY        0                         0      0        0
  MONTH TO DATE    0                         0      0        0
  SINCE DEC 1      0                         0      0        0
  SINCE JAN 1   2317                      2207    110     2407
..................................................................


WIND (MPH)
  RESULTANT WIND SPEED   7   RESULTANT WIND DIRECTION   S (180)
  HIGHEST WIND SPEED    15   HIGHEST WIND DIRECTION     S (160)
  HIGHEST GUST SPEED    33   HIGHEST GUST DIRECTION    SW (230)
  AVERAGE WIND SPEED     8.2


SKY COVER
  AVERAGE SKY COVER 0.8


WEATHER CONDITIONS
 THE FOLLOWING WEATHER WAS RECORDED YESTERDAY.
  FOG


RELATIVE HUMIDITY (PERCENT)
 HIGHEST    89          1200 AM
 LOWEST     51           300 PM
 AVERAGE    70

..........................................................


THE CHILDRESS CLIMATE NORMALS FOR TODAY
                         NORMAL    RECORD    YEAR
 MAXIMUM TEMPERATURE (F)   54        79      1981
 MINIMUM TEMPERATURE (F)   28         3      1983


SUNRISE AND SUNSET
DECEMBER 21 2014......SUNRISE   744 AM CST   SUNSET   535 PM CST
DECEMBER 22 2014......SUNRISE   744 AM CST   SUNSET   535 PM CST


-  INDICATES NEGATIVE NUMBERS.
R  INDICATES RECORD WAS SET OR TIED.
MM INDICATES DATA IS MISSING.
T  INDICATES TRACE AMOUNT.




$$





U.S. Dept. of Commerce
NOAA National Weather Service
1325 East West Highway
Silver Spring, MD 20910
E-mail: w-nws.webmaster@noaa.gov
Page last modified: May 16, 2007
NATIONAL WEATHER SERVICE: for Safety, for Work, for Fun - FOR LIFE