254
CDUS44 KLUB 232225
CLICDS


CLIMATE REPORT
NATIONAL WEATHER SERVICE LUBBOCK, TX
525 PM CDT TUE SEP 23 2014


...................................

...THE CHILDRESS CLIMATE SUMMARY FOR SEPTEMBER 23 2014...
VALID TODAY AS OF 0500 PM LOCAL TIME.

CLIMATE NORMAL PERIOD 1981 TO 2010
CLIMATE RECORD PERIOD 1893 TO 2014


WEATHER ITEM   OBSERVED TIME   RECORD YEAR NORMAL DEPARTURE LAST
                VALUE   (LST)  VALUE       VALUE  FROM      YEAR
                                                  NORMAL
..................................................................
TEMPERATURE (F)
 TODAY
  MAXIMUM         88    356 PM 101    1938  84      4       90
  MINIMUM         61    418 AM  41    1995  59      2       52
  AVERAGE         75                        71      4       71

PRECIPITATION (IN)
  TODAY            0.00          3.00 1925   0.07  -0.07     0.00
  MONTH TO DATE    1.44                      1.91  -0.47     0.55
  SINCE SEP 1      1.44                      1.91  -0.47     0.55
  SINCE JAN 1     17.05                     19.00  -1.95    13.79

SNOWFALL (IN)
  TODAY            0.0          MM      MM   0.0    0.0      0.0
  MONTH TO DATE    0.0                       0.0    0.0      0.0
  SINCE SEP 1      0.0                       0.0    0.0      0.0
  SINCE JUL 1      0.0                       0.0    0.0      0.0
  SNOW DEPTH       0

DEGREE DAYS
 HEATING
  TODAY            0                         1     -1        0
  MONTH TO DATE   10                         7      3        0
  SINCE SEP 1     10                         7      3        0
  SINCE JUL 1     10                         7      3        0

 COOLING
  TODAY           10                         7      3        6
  MONTH TO DATE  262                       251     11      320
  SINCE SEP 1    262                       251     11      320
  SINCE JAN 1   2121                      2082     39     2251
..................................................................


WIND (MPH)
  RESULTANT WIND SPEED  10   RESULTANT WIND DIRECTION   S (170)
  HIGHEST WIND SPEED    18   HIGHEST WIND DIRECTION     S (180)
  HIGHEST GUST SPEED    23   HIGHEST GUST DIRECTION     S (180)
  AVERAGE WIND SPEED    11.0


SKY COVER
  AVERAGE SKY COVER 0.0


WEATHER CONDITIONS
 THE FOLLOWING WEATHER WAS RECORDED TODAY.
  NO SIGNIFICANT WEATHER WAS OBSERVED.


RELATIVE HUMIDITY (PERCENT)
 HIGHEST    72           300 AM
 LOWEST     43           200 PM
 AVERAGE    58

..........................................................


THE CHILDRESS CLIMATE NORMALS FOR TOMORROW
                         NORMAL    RECORD    YEAR
 MAXIMUM TEMPERATURE (F)   84       100      1939
 MINIMUM TEMPERATURE (F)   58        36      1989


SUNRISE AND SUNSET
SEPTEMBER 23 2014.....SUNRISE   730 AM CDT   SUNSET   736 PM CDT
SEPTEMBER 24 2014.....SUNRISE   731 AM CDT   SUNSET   735 PM CDT


-  INDICATES NEGATIVE NUMBERS.
R  INDICATES RECORD WAS SET OR TIED.
MM INDICATES DATA IS MISSING.
T  INDICATES TRACE AMOUNT.




$$





U.S. Dept. of Commerce
NOAA National Weather Service
1325 East West Highway
Silver Spring, MD 20910
E-mail: w-nws.webmaster@noaa.gov
Page last modified: May 16, 2007
NATIONAL WEATHER SERVICE: for Safety, for Work, for Fun - FOR LIFE