733
CDUS44 KLUB 300629
CLICDS


CLIMATE REPORT
NATIONAL WEATHER SERVICE LUBBOCK, TX
129 AM CDT TUE SEP 30 2014


...................................

...THE CHILDRESS CLIMATE SUMMARY FOR SEPTEMBER 29 2014...

CLIMATE NORMAL PERIOD 1981 TO 2010
CLIMATE RECORD PERIOD 1893 TO 2014


WEATHER ITEM   OBSERVED TIME   RECORD YEAR NORMAL DEPARTURE LAST
                VALUE   (LST)  VALUE       VALUE  FROM      YEAR
                                                  NORMAL
..................................................................
TEMPERATURE (F)
 YESTERDAY
  MAXIMUM         86    305 PM  98    1994  82      4       80
  MINIMUM         61    616 AM  41    1985  56      5       49
  AVERAGE         74                        69      5       65

PRECIPITATION (IN)
  YESTERDAY        0.00          1.53 1985   0.07  -0.07     0.00
  MONTH TO DATE    1.63                      2.36  -0.73     0.69
  SINCE SEP 1      1.63                      2.36  -0.73     0.69
  SINCE JAN 1     17.24                     19.45  -2.21    13.93

SNOWFALL (IN)
  YESTERDAY        0.0          MM      MM   0.0    0.0      0.0
  MONTH TO DATE    0.0                       0.0    0.0      0.0
  SINCE SEP 1      0.0                       0.0    0.0      0.0
  SINCE JUL 1      0.0                       0.0    0.0      0.0
  SNOW DEPTH       0

DEGREE DAYS
 HEATING
  YESTERDAY        0                         2     -2        0
  MONTH TO DATE   10                        14     -4        0
  SINCE SEP 1     10                        14     -4        0
  SINCE JUL 1     10                        14     -4        0

 COOLING
  YESTERDAY        9                         6      3        0
  MONTH TO DATE  309                       289     20      368
  SINCE SEP 1    309                       289     20      368
  SINCE JAN 1   2168                      2120     48     2299
..................................................................


WIND (MPH)
  RESULTANT WIND SPEED   7   RESULTANT WIND DIRECTION   S (160)
  HIGHEST WIND SPEED    16   HIGHEST WIND DIRECTION     S (160)
  HIGHEST GUST SPEED    24   HIGHEST GUST DIRECTION     S (200)
  AVERAGE WIND SPEED     7.3


SKY COVER
  AVERAGE SKY COVER 0.1


WEATHER CONDITIONS
 THE FOLLOWING WEATHER WAS RECORDED YESTERDAY.
  NO SIGNIFICANT WEATHER WAS OBSERVED.


RELATIVE HUMIDITY (PERCENT)
 HIGHEST    84           500 AM
 LOWEST     37           500 PM
 AVERAGE    61

..........................................................


THE CHILDRESS CLIMATE NORMALS FOR TODAY
                         NORMAL    RECORD    YEAR
 MAXIMUM TEMPERATURE (F)   82       104      1977
 MINIMUM TEMPERATURE (F)   56        34      1984


SUNRISE AND SUNSET
SEPTEMBER 30 2014.....SUNRISE   735 AM CDT   SUNSET   727 PM CDT
OCTOBER  1 2014.......SUNRISE   736 AM CDT   SUNSET   725 PM CDT


-  INDICATES NEGATIVE NUMBERS.
R  INDICATES RECORD WAS SET OR TIED.
MM INDICATES DATA IS MISSING.
T  INDICATES TRACE AMOUNT.




$$





U.S. Dept. of Commerce
NOAA National Weather Service
1325 East West Highway
Silver Spring, MD 20910
E-mail: w-nws.webmaster@noaa.gov
Page last modified: May 16, 2007
NATIONAL WEATHER SERVICE: for Safety, for Work, for Fun - FOR LIFE