969
CDUS45 KCYS 242123
CLICDR


CLIMATE REPORT
NATIONAL WEATHER SERVICE CHEYENNE WY
323 PM MDT THU APR 24 2014


...................................

...THE CHADRON NE AIRPORT CLIMATE SUMMARY FOR APRIL 24 2014...
VALID AS OF 0300 PM LOCAL TIME.

CLIMATE NORMAL PERIOD 1981 TO 2010
CLIMATE RECORD PERIOD 1895 TO 2014


WEATHER ITEM   OBSERVED TIME   RECORD YEAR NORMAL DEPARTURE LAST
                VALUE   (LST)  VALUE       VALUE  FROM      YEAR
                                                  NORMAL
..................................................................
TEMPERATURE (F)
 TODAY
  MAXIMUM         66    159 PM  92    2012  63      3       48
  MINIMUM         32    540 AM  20    1988  32      0       25
  AVERAGE         49                        48      1       37

PRECIPITATION (IN)
  TODAY            0.00          1.20 1932   0.07  -0.07     0.00
  MONTH TO DATE    0.95                      1.46  -0.51     2.99
  SINCE JAN 1      2.53                      3.66  -1.13     4.53

DEGREE DAYS
 HEATING
  TODAY           16                        17     -1       28
  MONTH TO DATE  441                       509    -68      709
  SINCE MAR 1   1339                      1414    -75     1582
  SINCE JUL 1   6813                      6666    147     6478

 COOLING
  TODAY            0                         0      0        0
  MONTH TO DATE    1                         0      1        0
  SINCE MAR 1      1                         0      1        0
  SINCE JAN 1      1                         0      1        0
..................................................................


WIND (MPH)
  HIGHEST WIND SPEED    25   HIGHEST WIND DIRECTION     W (290)
  HIGHEST GUST SPEED    31   HIGHEST GUST DIRECTION    NW (300)
  AVERAGE WIND SPEED    11.4


SKY COVER
  AVERAGE SKY COVER 0.1


WEATHER CONDITIONS
 THE FOLLOWING WEATHER WAS RECORDED TODAY.
  NO SIGNIFICANT WEATHER WAS OBSERVED.


RELATIVE HUMIDITY (PERCENT)
 HIGHEST    82           500 AM
 LOWEST     16           200 PM
 AVERAGE    49

..........................................................


THE CHADRON NE AIRPORT CLIMATE NORMALS FOR TOMORROW
                         NORMAL    RECORD    YEAR
 MAXIMUM TEMPERATURE (F)   64        86      1962
 MINIMUM TEMPERATURE (F)   33        17      2002


SUNRISE AND SUNSET
APRIL 24 2014.........SUNRISE   557 AM MDT   SUNSET   745 PM MDT
APRIL 25 2014.........SUNRISE   555 AM MDT   SUNSET   746 PM MDT


-  INDICATES NEGATIVE NUMBERS.
R  INDICATES RECORD WAS SET OR TIED.
MM INDICATES DATA IS MISSING.
T  INDICATES TRACE AMOUNT.




$$





U.S. Dept. of Commerce
NOAA National Weather Service
1325 East West Highway
Silver Spring, MD 20910
E-mail: w-nws.webmaster@noaa.gov
Page last modified: May 16, 2007
NATIONAL WEATHER SERVICE: for Safety, for Work, for Fun - FOR LIFE