792
CDUS45 KCYS 010733
CLICDR


CLIMATE REPORT
NATIONAL WEATHER SERVICE CHEYENNE WY
132 AM MDT WED OCT 1 2014


...................................

...THE CHADRON NE AIRPORT CLIMATE SUMMARY FOR SEPTEMBER 30 2014...

CLIMATE NORMAL PERIOD 1981 TO 2010
CLIMATE RECORD PERIOD 1895 TO 2014


WEATHER ITEM   OBSERVED TIME   RECORD YEAR NORMAL DEPARTURE LAST
                VALUE   (LST)  VALUE       VALUE  FROM      YEAR
                                                  NORMAL
..................................................................
TEMPERATURE (F)
 YESTERDAY
  MAXIMUM         70    237 PM  95    1980  71     -1       86
  MINIMUM         49   1159 PM  19    1984  38     11       42
  AVERAGE         60                        54      6       64

PRECIPITATION (IN)
  YESTERDAY        0.51          0.59 2004   0.05   0.46     0.00
  MONTH TO DATE    3.74                      1.73   2.01     2.69
  SINCE JAN 1     18.26                     15.60   2.66    15.05

DEGREE DAYS
 HEATING
  YESTERDAY        5                        11     -6        1
  MONTH TO DATE  150                       181    -31       90
  SINCE SEP 1    150                       181    -31       90
  SINCE JUL 1    164                       211    -47       90

 COOLING
  YESTERDAY        0                         0      0        0
  MONTH TO DATE   62                        63     -1      149
  SINCE SEP 1     62                        63     -1      149
  SINCE JAN 1    647                       710    -63      917
..................................................................


WIND (MPH)
  HIGHEST WIND SPEED    41   HIGHEST WIND DIRECTION     W (280)
  HIGHEST GUST SPEED    54   HIGHEST GUST DIRECTION     W (280)
  AVERAGE WIND SPEED    16.5


SKY COVER
  AVERAGE SKY COVER 0.7


WEATHER CONDITIONS
 THE FOLLOWING WEATHER WAS RECORDED YESTERDAY.
  HEAVY RAIN
  RAIN
  LIGHT RAIN
  FOG


RELATIVE HUMIDITY (PERCENT)
 HIGHEST   100           100 AM
 LOWEST     40           300 PM
 AVERAGE    70

..........................................................


THE CHADRON NE AIRPORT CLIMATE NORMALS FOR TODAY
                         NORMAL    RECORD    YEAR
 MAXIMUM TEMPERATURE (F)   70        94      1953
 MINIMUM TEMPERATURE (F)   37        21      1985


SUNRISE AND SUNSET
OCTOBER  1 2014.......SUNRISE   650 AM MDT   SUNSET   634 PM MDT
OCTOBER  2 2014.......SUNRISE   651 AM MDT   SUNSET   632 PM MDT


-  INDICATES NEGATIVE NUMBERS.
R  INDICATES RECORD WAS SET OR TIED.
MM INDICATES DATA IS MISSING.
T  INDICATES TRACE AMOUNT.




$$






U.S. Dept. of Commerce
NOAA National Weather Service
1325 East West Highway
Silver Spring, MD 20910
E-mail: w-nws.webmaster@noaa.gov
Page last modified: May 16, 2007
NATIONAL WEATHER SERVICE: for Safety, for Work, for Fun - FOR LIFE