802
CDUS45 KCYS 232221
CLICDR


CLIMATE REPORT
NATIONAL WEATHER SERVICE CHEYENNE WY
321 PM MST SUN NOV 23 2014


...................................

...THE CHADRON NE AIRPORT CLIMATE SUMMARY FOR NOVEMBER 23 2014...
VALID AS OF 0300 PM LOCAL TIME.

CLIMATE NORMAL PERIOD 1981 TO 2010
CLIMATE RECORD PERIOD 1895 TO 2014


WEATHER ITEM   OBSERVED TIME   RECORD YEAR NORMAL DEPARTURE LAST
                VALUE   (LST)  VALUE       VALUE  FROM      YEAR
                                                  NORMAL
..................................................................
TEMPERATURE (F)
 TODAY
  MAXIMUM         42    126 PM  71    2011  44     -2       35
  MINIMUM         29    718 AM -15    1950  16     13        1
  AVERAGE         36                        30      6       18

PRECIPITATION (IN)
  TODAY            0.00          0.22 1971   0.02  -0.02     0.00
  MONTH TO DATE    0.10                      0.51  -0.41     0.48
  SINCE JAN 1     18.69                     17.42   1.27    19.10

DEGREE DAYS
 HEATING
  TODAY           29                        35     -6       47
  MONTH TO DATE  804                       673    131      691
  SINCE SEP 1   1373                      1396    -23     1412
  SINCE JUL 1   1387                      1426    -39     1412

 COOLING
  TODAY            0                         0      0        0
  MONTH TO DATE    0                         0      0        0
  SINCE SEP 1     62                        65     -3      149
  SINCE JAN 1    647                       712    -65      917
..................................................................


WIND (MPH)
  HIGHEST WIND SPEED    35   HIGHEST WIND DIRECTION    NW (310)
  HIGHEST GUST SPEED    45   HIGHEST GUST DIRECTION    NW (320)
  AVERAGE WIND SPEED    19.6


SKY COVER
  AVERAGE SKY COVER 0.2


WEATHER CONDITIONS
 THE FOLLOWING WEATHER WAS RECORDED TODAY.
  NO SIGNIFICANT WEATHER WAS OBSERVED.


RELATIVE HUMIDITY (PERCENT)
 HIGHEST    75           700 AM
 LOWEST     41           200 PM
 AVERAGE    58

..........................................................


THE CHADRON NE AIRPORT CLIMATE NORMALS FOR TOMORROW
                         NORMAL    RECORD    YEAR
 MAXIMUM TEMPERATURE (F)   44        73      2011
 MINIMUM TEMPERATURE (F)   16       -16      1950


SUNRISE AND SUNSET
NOVEMBER 23 2014......SUNRISE   654 AM MST   SUNSET   423 PM MST
NOVEMBER 24 2014......SUNRISE   655 AM MST   SUNSET   422 PM MST


-  INDICATES NEGATIVE NUMBERS.
R  INDICATES RECORD WAS SET OR TIED.
MM INDICATES DATA IS MISSING.
T  INDICATES TRACE AMOUNT.




$$





U.S. Dept. of Commerce
NOAA National Weather Service
1325 East West Highway
Silver Spring, MD 20910
E-mail: w-nws.webmaster@noaa.gov
Page last modified: May 16, 2007
NATIONAL WEATHER SERVICE: for Safety, for Work, for Fun - FOR LIFE