336
CDUS45 KSLC 301228
CLICDC


CLIMATE REPORT
NATIONAL WEATHER SERVICE SALT LAKE CITY UT
628 AM MDT SAT AUG 30 2014


...................................

...THE CEDAR CITY UT CLIMATE SUMMARY FOR AUGUST 29 2014...

CLIMATE NORMAL PERIOD 1981 TO 2010
CLIMATE RECORD PERIOD 1928 TO 2014


WEATHER ITEM   OBSERVED TIME   RECORD YEAR NORMAL DEPARTURE LAST
                VALUE   (LST)  VALUE       VALUE  FROM      YEAR
                                                  NORMAL
..................................................................
TEMPERATURE (F)
 YESTERDAY
  MAXIMUM         88    327 PM  96    1948  85      3       86
  MINIMUM         48    632 AM  42    2004  52     -4       55
                                      1973
  AVERAGE         68                        68      0       71

PRECIPITATION (IN)
  YESTERDAY        0.00          0.44 1986   0.03  -0.03     0.00
  MONTH TO DATE    1.24                      1.07   0.17     1.85
  SINCE OCT 1      7.05                     10.59  -3.54    13.88
  SINCE JAN 1      5.11                      7.48  -2.37    11.17

DEGREE DAYS
 HEATING
  YESTERDAY        0                         1     -1        0
  MONTH TO DATE    6                         2      4        3
  SINCE JUN 1     33                        81    -48       14
  SINCE JUL 1      6                         5      1        3

 COOLING
  YESTERDAY        3                         4     -1        6
  MONTH TO DATE  113                       187    -74      166
  SINCE JUN 1    508                       532    -24      618
  SINCE JAN 1    533                       540     -7      620
..................................................................


WIND (MPH)
  RESULTANT WIND SPEED   2   RESULTANT WIND DIRECTION  SW (220)
  HIGHEST WIND SPEED    14   HIGHEST WIND DIRECTION    SW (220)
  HIGHEST GUST SPEED    23   HIGHEST GUST DIRECTION    SW (220)
  AVERAGE WIND SPEED     4.1



WEATHER CONDITIONS
 THE FOLLOWING WEATHER WAS RECORDED YESTERDAY.
  NO SIGNIFICANT WEATHER WAS OBSERVED.


RELATIVE HUMIDITY (PERCENT)
 HIGHEST    63           700 AM
 LOWEST     10           400 PM
 AVERAGE    37

..........................................................


THE CEDAR CITY UT CLIMATE NORMALS FOR TODAY
                         NORMAL    RECORD    YEAR
 MAXIMUM TEMPERATURE (F)   85        96      1976
 MINIMUM TEMPERATURE (F)   52        42      1968


SUNRISE AND SUNSET
AUGUST 30 2014........SUNRISE   701 AM MDT   SUNSET   804 PM MDT
AUGUST 31 2014........SUNRISE   702 AM MDT   SUNSET   803 PM MDT


-  INDICATES NEGATIVE NUMBERS.
R  INDICATES RECORD WAS SET OR TIED.
MM INDICATES DATA IS MISSING.
T  INDICATES TRACE AMOUNT.




$$






U.S. Dept. of Commerce
NOAA National Weather Service
1325 East West Highway
Silver Spring, MD 20910
E-mail: w-nws.webmaster@noaa.gov
Page last modified: May 16, 2007
NATIONAL WEATHER SERVICE: for Safety, for Work, for Fun - FOR LIFE