118
CDUS45 KSLC 201227
CLICDC


CLIMATE REPORT
NATIONAL WEATHER SERVICE SALT LAKE CITY UT
525 AM MST THU NOV 20 2014


...................................

...THE CEDAR CITY UT CLIMATE SUMMARY FOR NOVEMBER 19 2014...

CLIMATE NORMAL PERIOD 1981 TO 2010
CLIMATE RECORD PERIOD 1928 TO 2014


WEATHER ITEM   OBSERVED TIME   RECORD YEAR NORMAL DEPARTURE LAST
                VALUE   (LST)  VALUE       VALUE  FROM      YEAR
                                                  NORMAL
..................................................................
TEMPERATURE (F)
 YESTERDAY
  MAXIMUM         53    213 PM  70    2007  50      3       54
                                      1949
  MINIMUM         20    436 AM   0    1956  22     -2       35
  AVERAGE         37                        36      1       45

PRECIPITATION (IN)
  YESTERDAY        0.00          0.32 1979   0.03  -0.03     0.00
  MONTH TO DATE    1.09                      0.62   0.47     0.09
  SINCE OCT 1      1.31                      1.96  -0.65     0.56
  SINCE JAN 1      8.99                     10.16  -1.17    13.60

DEGREE DAYS
 HEATING
  YESTERDAY       28                        29     -1       20
  MONTH TO DATE  496                       478     18      438
  SINCE SEP 1    912                      1088   -176     1189
  SINCE JUL 1    918                      1097   -179     1192

 COOLING
  YESTERDAY        0                         0      0        0
  MONTH TO DATE    0                         0      0        0
  SINCE SEP 1     61                        39     22       35
  SINCE JAN 1    607                       588     19      667
..................................................................


WIND (MPH)
  RESULTANT WIND SPEED   4   RESULTANT WIND DIRECTION   S (190)
  HIGHEST WIND SPEED    18   HIGHEST WIND DIRECTION    SW (210)
  HIGHEST GUST SPEED    22   HIGHEST GUST DIRECTION    SW (210)
  AVERAGE WIND SPEED     6.9



WEATHER CONDITIONS
 THE FOLLOWING WEATHER WAS RECORDED YESTERDAY.
  NO SIGNIFICANT WEATHER WAS OBSERVED.


RELATIVE HUMIDITY (PERCENT)
 HIGHEST    84           200 AM
 LOWEST     21           100 PM
 AVERAGE    53

..........................................................


THE CEDAR CITY UT CLIMATE NORMALS FOR TODAY
                         NORMAL    RECORD    YEAR
 MAXIMUM TEMPERATURE (F)   50        67      2006
 MINIMUM TEMPERATURE (F)   22        -7      1956


SUNRISE AND SUNSET
NOVEMBER 20 2014......SUNRISE   718 AM MST   SUNSET   518 PM MST
NOVEMBER 21 2014......SUNRISE   719 AM MST   SUNSET   517 PM MST


-  INDICATES NEGATIVE NUMBERS.
R  INDICATES RECORD WAS SET OR TIED.
MM INDICATES DATA IS MISSING.
T  INDICATES TRACE AMOUNT.




$$






U.S. Dept. of Commerce
NOAA National Weather Service
1325 East West Highway
Silver Spring, MD 20910
E-mail: w-nws.webmaster@noaa.gov
Page last modified: May 16, 2007
NATIONAL WEATHER SERVICE: for Safety, for Work, for Fun - FOR LIFE