692
CDUS45 KSLC 280308 CCA
CLICDC

CLIMATE REPORT
NATIONAL WEATHER SERVICE SALT LAKE CITY UT...CORRECTED
910 PM MDT SUN JUL 27 2014


...................................

...THE CEDAR CITY UT CLIMATE SUMMARY FOR JULY 27 2014...
VALID TODAY AS OF 0500 PM LOCAL TIME.

CLIMATE NORMAL PERIOD 1981 TO 2010
CLIMATE RECORD PERIOD 1928 TO 2014


WEATHER ITEM   OBSERVED TIME   RECORD YEAR NORMAL DEPARTURE LAST
                VALUE   (LST)  VALUE       VALUE  FROM      YEAR
                                                  NORMAL
..................................................................
TEMPERATURE (F)
 TODAY
  MAXIMUM         94    140 PM  99    1980  90      4       82
  MINIMUM         55    541 AM  45    2005  57     -2       60
  AVERAGE         75                        74      1       71

PRECIPITATION (IN)
  TODAY            M             2.25 2013   0.04  -0.04     2.25
  MONTH TO DATE    0.19                      0.68  -0.49     5.05
  SINCE OCT 1      5.56                      9.36  -3.80    11.83
  SINCE JAN 1      3.62                      6.25  -2.63     9.12

DEGREE DAYS
 HEATING
  TODAY            0                         0      0        0
  MONTH TO DATE    0                         0      0        0
  SINCE JUN 1     27                        76    -49       11
  SINCE JUL 1      0                         0      0        0

 COOLING
  TODAY           10                         9      1        6
  MONTH TO DATE  266                       219     47      280
  SINCE JUN 1    366                       312     54      431
  SINCE JAN 1    391                       320     71      433
..................................................................


WIND (MPH)
  RESULTANT WIND SPEED   2   RESULTANT WIND DIRECTION   S (180)
  HIGHEST WIND SPEED    25   HIGHEST WIND DIRECTION     S (190)
  HIGHEST GUST SPEED    31   HIGHEST GUST DIRECTION     S (190)
  AVERAGE WIND SPEED     5.1



WEATHER CONDITIONS
 THE FOLLOWING WEATHER WAS RECORDED TODAY.
  THUNDERSTORM
  HEAVY RAIN
  RAIN
  LIGHT RAIN


RELATIVE HUMIDITY (PERCENT)
 HIGHEST    73           400 PM
 LOWEST     17           200 PM
 AVERAGE    45

..........................................................


THE CEDAR CITY UT CLIMATE NORMALS FOR TOMORROW
                         NORMAL    RECORD    YEAR
 MAXIMUM TEMPERATURE (F)   90        99      1994
 MINIMUM TEMPERATURE (F)   57        48      2004


SUNRISE AND SUNSET
JULY 27 2014..........SUNRISE   632 AM MDT   SUNSET   845 PM MDT
JULY 28 2014..........SUNRISE   633 AM MDT   SUNSET   844 PM MDT


-  INDICATES NEGATIVE NUMBERS.
R  INDICATES RECORD WAS SET OR TIED.
MM INDICATES DATA IS MISSING.
T  INDICATES TRACE AMOUNT.




$$




U.S. Dept. of Commerce
NOAA National Weather Service
1325 East West Highway
Silver Spring, MD 20910
E-mail: w-nws.webmaster@noaa.gov
Page last modified: May 16, 2007
NATIONAL WEATHER SERVICE: for Safety, for Work, for Fun - FOR LIFE