770
CDUS45 KSLC 020030
CLICDC


CLIMATE REPORT
NATIONAL WEATHER SERVICE SALT LAKE CITY UT
630 PM MDT MON SEP 1 2014


...................................

...THE CEDAR CITY UT CLIMATE SUMMARY FOR SEPTEMBER 1 2014...
VALID TODAY AS OF 0500 PM LOCAL TIME.

CLIMATE NORMAL PERIOD 1981 TO 2010
CLIMATE RECORD PERIOD 1928 TO 2014


WEATHER ITEM   OBSERVED TIME   RECORD YEAR NORMAL DEPARTURE LAST
                VALUE   (LST)  VALUE       VALUE  FROM      YEAR
                                                  NORMAL
..................................................................
TEMPERATURE (F)
 TODAY
  MAXIMUM         88    344 PM  97    1950  84      4       76
  MINIMUM         47    547 AM  39    1957  51     -4       58
  AVERAGE         68                        67      1       67

PRECIPITATION (IN)
  TODAY            0.00          1.04 1960   0.02  -0.02     0.24
  MONTH TO DATE    0.00                      0.02  -0.02     0.24
  SINCE OCT 1      7.05                     10.67  -3.62    14.20
  SINCE JAN 1      5.11                      7.56  -2.45    11.49

DEGREE DAYS
 HEATING
  TODAY            0                         1     -1        0
  MONTH TO DATE    0                         1     -1        0
  SINCE SEP 1      0                         1     -1        0
  SINCE JUL 1      6                        10     -4        3

 COOLING
  TODAY            3                         3      0        2
  MONTH TO DATE    3                         3      0        2
  SINCE SEP 1      3                         3      0        2
  SINCE JAN 1    549                       552     -3      634
..................................................................


WIND (MPH)
  RESULTANT WIND SPEED   1   RESULTANT WIND DIRECTION  NE (50)
  HIGHEST WIND SPEED    10   HIGHEST WIND DIRECTION    NW (310)
  HIGHEST GUST SPEED    14   HIGHEST GUST DIRECTION    SW (240)
  AVERAGE WIND SPEED     4.4



WEATHER CONDITIONS
 THE FOLLOWING WEATHER WAS RECORDED TODAY.
  NO SIGNIFICANT WEATHER WAS OBSERVED.


RELATIVE HUMIDITY (PERCENT)
 HIGHEST    61           700 AM
 LOWEST     13           300 PM
 AVERAGE    37

..........................................................


THE CEDAR CITY UT CLIMATE NORMALS FOR TOMORROW
                         NORMAL    RECORD    YEAR
 MAXIMUM TEMPERATURE (F)   84        96      1950
 MINIMUM TEMPERATURE (F)   51        31      1973


SUNRISE AND SUNSET
SEPTEMBER  1 2014.....SUNRISE   703 AM MDT   SUNSET   801 PM MDT
SEPTEMBER  2 2014.....SUNRISE   703 AM MDT   SUNSET   800 PM MDT


-  INDICATES NEGATIVE NUMBERS.
R  INDICATES RECORD WAS SET OR TIED.
MM INDICATES DATA IS MISSING.
T  INDICATES TRACE AMOUNT.




$$





U.S. Dept. of Commerce
NOAA National Weather Service
1325 East West Highway
Silver Spring, MD 20910
E-mail: w-nws.webmaster@noaa.gov
Page last modified: May 16, 2007
NATIONAL WEATHER SERVICE: for Safety, for Work, for Fun - FOR LIFE