481
CDUS45 KSLC 011235
CLICDC


CLIMATE REPORT
NATIONAL WEATHER SERVICE SALT LAKE CITY UT
535 AM MST SUN FEB 1 2015


...................................

...THE CEDAR CITY UT CLIMATE SUMMARY FOR JANUARY 31 2015...

CLIMATE NORMAL PERIOD 1981 TO 2010
CLIMATE RECORD PERIOD 1928 TO 2015


WEATHER ITEM   OBSERVED TIME   RECORD YEAR NORMAL DEPARTURE LAST
                VALUE   (LST)  VALUE       VALUE  FROM      YEAR
                                                  NORMAL
..................................................................
TEMPERATURE (F)
 YESTERDAY
  MAXIMUM         41    243 PM  63    2003  43     -2       37
                                      1995
  MINIMUM         28   1157 PM -26    1951  18     10       26
  AVERAGE         35                        30      5       32

PRECIPITATION (IN)
  YESTERDAY        0.10          0.35 1993   0.03   0.07     0.31
  MONTH TO DATE    0.53                      0.86  -0.33     0.44
  SINCE OCT 1      2.66                      3.97  -1.31     2.38
  SINCE JAN 1      0.53                      0.86  -0.33     0.44

DEGREE DAYS
 HEATING
  YESTERDAY       30                        35     -5       33
  MONTH TO DATE  970                      1114   -144      976
  SINCE DEC 1   1948                      2233   -285     2303
  SINCE JUL 1   3139                      3675   -536     3831

 COOLING
  YESTERDAY        0                         0      0        0
  MONTH TO DATE    0                         0      0        0
  SINCE DEC 1      0                         0      0        0
  SINCE JAN 1      0                         0      0        0
..................................................................


WIND (MPH)
  RESULTANT WIND SPEED   6   RESULTANT WIND DIRECTION   N (360)
  HIGHEST WIND SPEED    15   HIGHEST WIND DIRECTION     N (360)
  HIGHEST GUST SPEED    19   HIGHEST GUST DIRECTION    NE (30)
  AVERAGE WIND SPEED     6.7



WEATHER CONDITIONS
 THE FOLLOWING WEATHER WAS RECORDED YESTERDAY.
  LIGHT RAIN
  LIGHT SNOW
  FOG


RELATIVE HUMIDITY (PERCENT)
 HIGHEST   100           200 AM
 LOWEST     79           400 PM
 AVERAGE    90

..........................................................


THE CEDAR CITY UT CLIMATE NORMALS FOR TODAY
                         NORMAL    RECORD    YEAR
 MAXIMUM TEMPERATURE (F)   43        65      1995
 MINIMUM TEMPERATURE (F)   18       -16      1951


SUNRISE AND SUNSET
FEBRUARY  1 2015......SUNRISE   736 AM MST   SUNSET   556 PM MST
FEBRUARY  2 2015......SUNRISE   735 AM MST   SUNSET   557 PM MST


-  INDICATES NEGATIVE NUMBERS.
R  INDICATES RECORD WAS SET OR TIED.
MM INDICATES DATA IS MISSING.
T  INDICATES TRACE AMOUNT.




$$





U.S. Dept. of Commerce
NOAA National Weather Service
1325 East West Highway
Silver Spring, MD 20910
E-mail: w-nws.webmaster@noaa.gov
Page last modified: May 16, 2007
NATIONAL WEATHER SERVICE: for Safety, for Work, for Fun - FOR LIFE