403
CDUS45 KSLC 301234
CLICDC


CLIMATE REPORT
NATIONAL WEATHER SERVICE SALT LAKE CITY UT
633 AM MDT THU OCT 30 2014


...................................

...THE CEDAR CITY UT CLIMATE SUMMARY FOR OCTOBER 29 2014...

CLIMATE NORMAL PERIOD 1981 TO 2010
CLIMATE RECORD PERIOD 1928 TO 2014


WEATHER ITEM   OBSERVED TIME   RECORD YEAR NORMAL DEPARTURE LAST
                VALUE   (LST)  VALUE       VALUE  FROM      YEAR
                                                  NORMAL
..................................................................
TEMPERATURE (F)
 YESTERDAY
  MAXIMUM         71    321 PM  77    2008  60     11       49
  MINIMUM         24    655 AM   7    1971  30     -6       30
  AVERAGE         48                        45      3       40

PRECIPITATION (IN)
  YESTERDAY        0.00          0.70 1972   0.05  -0.05     0.01
  MONTH TO DATE    0.22                      1.25  -1.03     0.44
  SINCE OCT 1      0.22                      1.25  -1.03     0.44
  SINCE JAN 1      7.90                      9.45  -1.55    13.48

DEGREE DAYS
 HEATING
  YESTERDAY       17                        20     -3       25
  MONTH TO DATE  337                       434    -97      534
  SINCE SEP 1    394                       568   -174      699
  SINCE JUL 1    400                       577   -177      702

 COOLING
  YESTERDAY        0                         0      0        0
  MONTH TO DATE    0                         0      0        0
  SINCE SEP 1     61                        39     22       35
  SINCE JAN 1    607                       588     19      667
..................................................................


WIND (MPH)
  RESULTANT WIND SPEED   2   RESULTANT WIND DIRECTION   E (80)
  HIGHEST WIND SPEED    10   HIGHEST WIND DIRECTION    SE (130)
  HIGHEST GUST SPEED    12   HIGHEST GUST DIRECTION    NE (60)
  AVERAGE WIND SPEED     2.9



WEATHER CONDITIONS
 THE FOLLOWING WEATHER WAS RECORDED YESTERDAY.
  NO SIGNIFICANT WEATHER WAS OBSERVED.


RELATIVE HUMIDITY (PERCENT)
 HIGHEST    63           400 AM
 LOWEST     11           400 PM
 AVERAGE    37

..........................................................


THE CEDAR CITY UT CLIMATE NORMALS FOR TODAY
                         NORMAL    RECORD    YEAR
 MAXIMUM TEMPERATURE (F)   60        75      2008
 MINIMUM TEMPERATURE (F)   29        -7      1971


SUNRISE AND SUNSET
OCTOBER 30 2014.......SUNRISE   756 AM MDT   SUNSET   636 PM MDT
OCTOBER 31 2014.......SUNRISE   757 AM MDT   SUNSET   635 PM MDT


-  INDICATES NEGATIVE NUMBERS.
R  INDICATES RECORD WAS SET OR TIED.
MM INDICATES DATA IS MISSING.
T  INDICATES TRACE AMOUNT.




$$






U.S. Dept. of Commerce
NOAA National Weather Service
1325 East West Highway
Silver Spring, MD 20910
E-mail: w-nws.webmaster@noaa.gov
Page last modified: May 16, 2007
NATIONAL WEATHER SERVICE: for Safety, for Work, for Fun - FOR LIFE