898
CDUS45 KSLC 221240
CLICDC


CLIMATE REPORT
NATIONAL WEATHER SERVICE SALT LAKE CITY UT
537 AM MST MON DEC 22 2014


...................................

...THE CEDAR CITY UT CLIMATE SUMMARY FOR DECEMBER 21 2014...

CLIMATE NORMAL PERIOD 1981 TO 2010
CLIMATE RECORD PERIOD 1928 TO 2014


WEATHER ITEM   OBSERVED TIME   RECORD YEAR NORMAL DEPARTURE LAST
                VALUE   (LST)  VALUE       VALUE  FROM      YEAR
                                                  NORMAL
..................................................................
TEMPERATURE (F)
 YESTERDAY
  MAXIMUM         56    251 PM  61    2005  41     15       36
  MINIMUM         27    740 AM -13    1990  16     11        9
  AVERAGE         42                        28     14       23

PRECIPITATION (IN)
  YESTERDAY        0.00          0.53 2010   0.03  -0.03      T
  MONTH TO DATE    0.44                      0.55  -0.11     0.91
  SINCE OCT 1      1.79                      2.82  -1.03     1.94
  SINCE JAN 1      9.47                     11.02  -1.55    14.98

DEGREE DAYS
 HEATING
  YESTERDAY       23                        37    -14       42
  MONTH TO DATE  552                       752   -200      962
  SINCE DEC 1    552                       752   -200      962
  SINCE JUL 1   1743                      2194   -451     2490

 COOLING
  YESTERDAY        0                         0      0        0
  MONTH TO DATE    0                         0      0        0
  SINCE DEC 1      0                         0      0        0
  SINCE JAN 1    607                       588     19      667
..................................................................


WIND (MPH)
  RESULTANT WIND SPEED   4   RESULTANT WIND DIRECTION   S (180)
  HIGHEST WIND SPEED    14   HIGHEST WIND DIRECTION    SW (240)
  HIGHEST GUST SPEED    17   HIGHEST GUST DIRECTION     W (250)
  AVERAGE WIND SPEED     5.9



WEATHER CONDITIONS
 THE FOLLOWING WEATHER WAS RECORDED YESTERDAY.
  NO SIGNIFICANT WEATHER WAS OBSERVED.


RELATIVE HUMIDITY (PERCENT)
 HIGHEST    85           500 AM
 LOWEST     43           300 PM
 AVERAGE    64

..........................................................


THE CEDAR CITY UT CLIMATE NORMALS FOR TODAY
                         NORMAL    RECORD    YEAR
 MAXIMUM TEMPERATURE (F)   41        63      2005
 MINIMUM TEMPERATURE (F)   16       -20      1990


SUNRISE AND SUNSET
DECEMBER 22 2014......SUNRISE   744 AM MST   SUNSET   518 PM MST
DECEMBER 23 2014......SUNRISE   745 AM MST   SUNSET   518 PM MST


-  INDICATES NEGATIVE NUMBERS.
R  INDICATES RECORD WAS SET OR TIED.
MM INDICATES DATA IS MISSING.
T  INDICATES TRACE AMOUNT.




$$





U.S. Dept. of Commerce
NOAA National Weather Service
1325 East West Highway
Silver Spring, MD 20910
E-mail: w-nws.webmaster@noaa.gov
Page last modified: May 16, 2007
NATIONAL WEATHER SERVICE: for Safety, for Work, for Fun - FOR LIFE