553
CDAK48 PACD 242316
CLICDB

CLIMATE REPORT
NATIONAL WEATHER SERVICE COLD BAY, AK
316 PM AKDT THU APR 24 2014

...................................
...THE COLD BAY AP CLIMATE SUMMARY FOR APRIL 24 2014...
VALID TODAY AS OF 2:00 PM LOCAL TIME

CLIMATE NORMAL PERIOD  1981 TO  2010
CLIMATE RECORD PERIOD  1955 TO  2014

WEATHER ITEM   OBSERVED TIME    RECORD YEAR NORMAL DEPARTURE LAST
               VALUE    (LST)   VALUE       VALUE  FROM      YEAR
                                                   NORMAL
...................................................................
TEMPERATURE
TODAY
 MAXIMUM            46  1253 PM    54  2013     41       5     54
 MINIMUM            29  0337 AM    14  1976     31      -2     36
 AVERAGE            38                          36       2     45

PRECIPITATION
(INCHES)
 TODAY            0.00           0.66  1963   0.08   -0.08   0.00
 MONTH TO DATE    1.62                        1.96   -0.34   1.92
 SINCE MAR 1      3.01                        4.66   -1.65   4.60
 SINCE JAN 1     11.46                       10.80    0.66  10.51

SNOWFALL
(INCHES)
 TODAY             0.0            3.0  2011    0.1    -0.1    0.0
 MONTH TO DATE     1.4                         5.8    -4.4    2.1
 SINCE MAR 1       8.2                        18.8   -10.6   12.4
 SINCE JUL 1      37.3                        71.0   -33.7   64.2
 SNOW DEPTH (IN)     0                                          0

DEGREE DAYS
 HEATING
  TODAY             27                          29      -2     20
  MONTH TO DATE    634                         759    -125    754
  SINCE MAR 1     1598                        1838    -240   1808
  SINCE JUL 1     6742                        8062   -1320     MM

 COOLING
  TODAY              0                           0       0      0
  MONTH TO DATE      0                           0       0      0
  SINCE MAR 1        0                           0       0      0
  SINCE JAN 1        0                           0       0      0
...................................................................

WIND (MPH)
 HIGHEST WIND SPEED    35     HIGHEST WIND DIRECTION    140
 HIGHEST GUST SPEED    41     HIGHEST GUST DIRECTION    130
 AVERAGE WIND SPEED    MM


WEATHER CONDITIONS
 THE FOLLOWING WEATHER WAS RECORDED TODAY.
  NO SIGNIFICANT WEATHER WAS OBSERVED.


...................................................................

THE COLD BAY CLIMATE NORMALS FOR TOMORROW
                        NORMAL    RECORD   YEAR
 MAXIMUM TEMPERATURE      41        49     1998
 MINIMUM TEMPERATURE      31        15     1976

SUNRISE AND SUNSET
 APR 24 2014..........SUNRISE  7:26 AM      SUNSET 10:15 PM
 APR 25 2014..........SUNRISE  7:23 AM      SUNSET 10:17 PM

-  INDICATES NEGATIVE NUMBERS.
R  INDICATES RECORD HAS BEEN SET OR TIED.
MM INDICATES DATA IS MISSING.
T  INDICATES TRACE OF PRECIPITATION.

&&
-------------------------------------------------------------------

AMOUNT OF DAYLIGHT TODAY  (HOUR:MIN)........14 HOURS 49 MINUTES
GAIN SINCE YESTERDAY (HOUR:MIN:SEC).........+0:04:17

$$

JEG APR 14





U.S. Dept. of Commerce
NOAA National Weather Service
1325 East West Highway
Silver Spring, MD 20910
E-mail: w-nws.webmaster@noaa.gov
Page last modified: May 16, 2007
NATIONAL WEATHER SERVICE: for Safety, for Work, for Fun - FOR LIFE