823
CDAK48 PACD 281204
CLICDB

CLIMATE REPORT
NATIONAL WEATHER SERVICE COLD BAY, AK
404 AM AKDT MON JUL 28 2014

...................................
...THE COLD BAY AP CLIMATE SUMMARY FOR JULY 27 2014...

CLIMATE NORMAL PERIOD  1981 TO  2010
CLIMATE RECORD PERIOD  1955 TO  2014

WEATHER ITEM   OBSERVED TIME    RECORD YEAR NORMAL DEPARTURE LAST
               VALUE    (LST)   VALUE       VALUE  FROM      YEAR
                                                   NORMAL
...................................................................
TEMPERATURE
YESTERDAY
 MAXIMUM            60  0209 PM    69  1969     56       4     62
 MINIMUM            53  1159 PM    39  1972     47       6     53
 AVERAGE            57                          52       5     58

PRECIPITATION
(INCHES)
 YESTERDAY        0.01           0.65  2001   0.08   -0.07   0.00
 MONTH TO DATE    2.10                        2.11   -0.01   2.93
 SINCE JUN 1      3.15                        4.83   -1.68   5.75
 SINCE JAN 1     15.13                       18.69   -3.56  19.66

SNOWFALL
(INCHES)
 YESTERDAY         0.0            0.0  2014    0.0     0.0    0.0
 MONTH TO DATE     0.0                         0.0     0.0    0.0
 SINCE JUN 1       0.0                         0.0     0.0    0.0
 SINCE JUL 1       0.0                         0.0     0.0    0.0
 SNOW DEPTH (IN)     0                                          0

DEGREE DAYS
 HEATING
  YESTERDAY          8                          13      -5      7
  MONTH TO DATE    250                         386    -136    312
  SINCE JUN 1      695                         948    -253    821
  SINCE JUL 1      250                         386    -136    312

 COOLING
  YESTERDAY          0                           0       0      0
  MONTH TO DATE      0                           0       0      0
  SINCE JUN 1        0                           0       0      0
  SINCE JAN 1        0                           0       0      0
...................................................................

WIND (MPH)
 HIGHEST WIND SPEED    17     HIGHEST WIND DIRECTION    290
 HIGHEST GUST SPEED    20     HIGHEST GUST DIRECTION    310
 AVERAGE WIND SPEED  11.1


WEATHER CONDITIONS
 THE FOLLOWING WEATHER WAS RECORDED YESTERDAY.
  FOG
  DRIZZLE
  RAIN

...................................................................

THE COLD BAY CLIMATE NORMALS FOR TODAY
                           NORMAL    RECORD   YEAR
 MAXIMUM TEMPERATURE (F)     56        68     1977
 MINIMUM TEMPERATURE (F)     48        38     1972

SUNRISE AND SUNSET
 JUL 28 2014..........SUNRISE  6:53 AM      SUNSET 11:02 PM
 JUL 29 2014..........SUNRISE  6:54 AM      SUNSET 11:00 PM

-  INDICATES NEGATIVE NUMBERS.
R  INDICATES RECORD HAS BEEN SET OR TIED.
MM INDICATES DATA IS MISSING.
T  INDICATES TRACE OF PRECIPITATION.

&&
-------------------------------------------------------------------

AMOUNT OF DAYLIGHT TODAY  (HOUR:MIN)........16 HOURS 9 MINUTES
LOSS SINCE YESTERDAY (HOUR:MIN:SEC).........-0:03:31

$$

RCS JUL 14





U.S. Dept. of Commerce
NOAA National Weather Service
1325 East West Highway
Silver Spring, MD 20910
E-mail: w-nws.webmaster@noaa.gov
Page last modified: May 16, 2007
NATIONAL WEATHER SERVICE: for Safety, for Work, for Fun - FOR LIFE