988
CDAK48 PACD 201110
CLICDB

CLIMATE REPORT
NATIONAL WEATHER SERVICE COLD BAY, AK
210 AM AKST THU NOV 20 2014

...................................
...THE COLD BAY AP CLIMATE SUMMARY FOR NOVEMBER 19 2014...

CLIMATE NORMAL PERIOD  1981 TO  2010
CLIMATE RECORD PERIOD  1942 TO  2014

WEATHER ITEM   OBSERVED TIME    RECORD YEAR NORMAL DEPARTURE LAST
               VALUE    (LST)   VALUE       VALUE  FROM      YEAR
                                                   NORMAL
...................................................................
TEMPERATURE
YESTERDAY
 MAXIMUM            43  0343 PM    50  1978     39       4     37
 MINIMUM            38  0837 PM    15  1960     30       8     28
 AVERAGE            41                          34       7     33

PRECIPITATION
(INCHES)
 YESTERDAY        0.21           0.91  1984   0.17    0.04   0.14
 MONTH TO DATE    3.69                        3.06    0.63   3.71
 SINCE SEP 1     11.24                       12.55   -1.31  14.41
 SINCE JAN 1     29.65                       35.29   -5.64  41.33

SNOWFALL
(INCHES)
 YESTERDAY         0.0            1.7  2005    0.4    -0.4      T
 MONTH TO DATE     1.5                         5.7    -4.2      T
 SINCE SEP 1       3.9                         8.1    -4.2    0.0
 SINCE JUL 1       3.9                         8.1    -4.2      T
 SNOW DEPTH (IN)     0                                          0

DEGREE DAYS
 HEATING
  YESTERDAY         24                          31      -7     32
  MONTH TO DATE    494                         565     -71    439
  SINCE SEP 1     1678                        1834    -156   1478
  SINCE JUL 1     2220                        2678    -458   2149

 COOLING
  YESTERDAY          0                           0       0      0
  MONTH TO DATE      0                           0       0      0
  SINCE SEP 1        0                           0       0      0
  SINCE JAN 1        0                           0       0      0
...................................................................

WIND (MPH)
 HIGHEST WIND SPEED    35     HIGHEST WIND DIRECTION    160
 HIGHEST GUST SPEED    43     HIGHEST GUST DIRECTION    160
 AVERAGE WIND SPEED  19.5


WEATHER CONDITIONS
 THE FOLLOWING WEATHER WAS RECORDED YESTERDAY.
  FOG
  RAIN


...................................................................

THE COLD BAY CLIMATE NORMALS FOR TODAY
                           NORMAL    RECORD   YEAR
 MAXIMUM TEMPERATURE (F)     38        51     1973
 MINIMUM TEMPERATURE (F)     29        14     1989

SUNRISE AND SUNSET
 NOV 20 2014..........SUNRISE  9:35 AM      SUNSET  5:39 PM
 NOV 21 2014..........SUNRISE  9:37 AM      SUNSET  5:38 PM

-  INDICATES NEGATIVE NUMBERS.
R  INDICATES RECORD HAS BEEN SET OR TIED.
MM INDICATES DATA IS MISSING.
T  INDICATES TRACE OF PRECIPITATION.

&&
-------------------------------------------------------------------

AMOUNT OF DAYLIGHT TODAY  (HOUR:MIN)........8 HOURS 4 MINUTES
LOSS SINCE YESTERDAY (HOUR:MIN:SEC).........-0:03:20

$$
JEG NOV 14





U.S. Dept. of Commerce
NOAA National Weather Service
1325 East West Highway
Silver Spring, MD 20910
E-mail: w-nws.webmaster@noaa.gov
Page last modified: May 16, 2007
NATIONAL WEATHER SERVICE: for Safety, for Work, for Fun - FOR LIFE