186
CDAK48 PACD 021204
CLICDB

CLIMATE REPORT
NATIONAL WEATHER SERVICE COLD BAY, AK
404 AM AKDT TUE SEP 2 2014

...................................
...THE COLD BAY AP CLIMATE SUMMARY FOR SEPTEMBER 1 2014...

CLIMATE NORMAL PERIOD  1981 TO  2010
CLIMATE RECORD PERIOD  1942 TO  2014

WEATHER ITEM   OBSERVED TIME    RECORD YEAR NORMAL DEPARTURE LAST
               VALUE    (LST)   VALUE       VALUE  FROM      YEAR
                                                   NORMAL
...................................................................
TEMPERATURE
YESTERDAY
 MAXIMUM            61  0343 PM    70  1960     56       5     60
 MINIMUM            40  0748 AM    35  1964     47      -7     54
 AVERAGE            51                          51       0     57

PRECIPITATION
(INCHES)
 YESTERDAY        0.00           1.17  1971   0.13   -0.13   0.33
 MONTH TO DATE    0.00                        0.13   -0.13   0.33
 SINCE SEP 1      0.00                        0.13   -0.13   0.33
 SINCE JAN 1     18.41                       22.87   -4.46  27.25

SNOWFALL
(INCHES)
 YESTERDAY         0.0            0.0  2014    0.0     0.0    0.0
 MONTH TO DATE     0.0                         0.0     0.0    0.0
 SINCE SEP 1       0.0                         0.0     0.0    0.0
 SINCE JUL 1       0.0                         0.0     0.0    0.0
 SNOW DEPTH (IN)     0                                          0

DEGREE DAYS
 HEATING
  YESTERDAY         14                          14       0      8
  MONTH TO DATE     14                          14       0      8
  SINCE SEP 1       14                          14       0      8
  SINCE JUL 1      556                         858    -302    679

 COOLING
  YESTERDAY          0                           0       0      0
  MONTH TO DATE      0                           0       0      0
  SINCE SEP 1        0                           0       0      0
  SINCE JAN 1        0                           0       0      0
...................................................................

WIND (MPH)
 HIGHEST WIND SPEED    16     HIGHEST WIND DIRECTION    310
 HIGHEST GUST SPEED    20     HIGHEST GUST DIRECTION    290
 AVERAGE WIND SPEED   6.5


WEATHER CONDITIONS
 THE FOLLOWING WEATHER WAS RECORDED YESTERDAY.
  FOG

...................................................................

THE COLD BAY CLIMATE NORMALS FOR TODAY
                           NORMAL    RECORD   YEAR
 MAXIMUM TEMPERATURE (F)     55        62     1942
 MINIMUM TEMPERATURE (F)     46        38     1988

SUNRISE AND SUNSET
 SEP 2 2014..........SUNRISE  8:00 AM      SUNSET  9:41 PM
 SEP 3 2014..........SUNRISE  8:02 AM      SUNSET  9:38 PM

-  INDICATES NEGATIVE NUMBERS.
R  INDICATES RECORD HAS BEEN SET OR TIED.
MM INDICATES DATA IS MISSING.
T  INDICATES TRACE OF PRECIPITATION.

&&
-------------------------------------------------------------------

AMOUNT OF DAYLIGHT TODAY  (HOUR:MIN)........13 HOURS 41 MINUTES
LOSS SINCE YESTERDAY (HOUR:MIN:SEC).........-0:04:24

$$

RCS SEP 14





U.S. Dept. of Commerce
NOAA National Weather Service
1325 East West Highway
Silver Spring, MD 20910
E-mail: w-nws.webmaster@noaa.gov
Page last modified: May 16, 2007
NATIONAL WEATHER SERVICE: for Safety, for Work, for Fun - FOR LIFE