559
CDAK48 PACD 211205
CLICDB

CLIMATE REPORT
NATIONAL WEATHER SERVICE COLD BAY, AK
405 AM AKDT TUE OCT 21 2014

...................................
...THE COLD BAY AP CLIMATE SUMMARY FOR OCTOBER 20 2014...

CLIMATE NORMAL PERIOD  1981 TO  2010
CLIMATE RECORD PERIOD  1942 TO  2014

WEATHER ITEM   OBSERVED TIME    RECORD YEAR NORMAL DEPARTURE LAST
               VALUE    (LST)   VALUE       VALUE  FROM      YEAR
                                                   NORMAL
...................................................................
TEMPERATURE
YESTERDAY
 MAXIMUM            37  0407 PM    54  1961     44      -7     49
 MINIMUM            26  0921 AM    24  1977     34      -8     33
 AVERAGE            32                          39      -7     41

PRECIPITATION
(INCHES)
 YESTERDAY        0.16           1.00  1959   0.15    0.01   0.00
 MONTH TO DATE    0.86                        3.12   -2.26   3.32
 SINCE SEP 1      6.33                        7.85   -1.52   8.23
 SINCE JAN 1     24.74                       30.59   -5.85  35.15

SNOWFALL
(INCHES)
 YESTERDAY         1.5            1.8  1977    0.1     1.4    0.0
 MONTH TO DATE     1.5                         0.9     0.6    0.0
 SINCE SEP 1       1.5                         0.9     0.6    0.0
 SINCE JUL 1       1.5                         0.9     0.6    0.0
 SNOW DEPTH (IN)     1                                          0

DEGREE DAYS
 HEATING
  YESTERDAY         33                          26       7     24
  MONTH TO DATE    489                         465      24    355
  SINCE SEP 1      909                         972     -63    813
  SINCE JUL 1     1451                        1816    -365   1484

 COOLING
  YESTERDAY          0                           0       0      0
  MONTH TO DATE      0                           0       0      0
  SINCE SEP 1        0                           0       0      0
  SINCE JAN 1        0                           0       0      0
...................................................................

WIND (MPH)
 HIGHEST WIND SPEED    26     HIGHEST WIND DIRECTION    320
 HIGHEST GUST SPEED    32     HIGHEST GUST DIRECTION    310
 AVERAGE WIND SPEED  12.7


WEATHER CONDITIONS
 THE FOLLOWING WEATHER WAS RECORDED YESTERDAY.
  FOG
  RAIN
  SNOW

...................................................................

THE COLD BAY CLIMATE NORMALS FOR TODAY
                           NORMAL    RECORD   YEAR
 MAXIMUM TEMPERATURE (F)     44        54     1981
 MINIMUM TEMPERATURE (F)     34        21     2008

SUNRISE AND SUNSET
 OCT 21 2014..........SUNRISE  9:34 AM      SUNSET  7:37 PM
 OCT 22 2014..........SUNRISE  9:36 AM      SUNSET  7:35 PM

-  INDICATES NEGATIVE NUMBERS.
R  INDICATES RECORD HAS BEEN SET OR TIED.
MM INDICATES DATA IS MISSING.
T  INDICATES TRACE OF PRECIPITATION.

&&
-------------------------------------------------------------------

AMOUNT OF DAYLIGHT TODAY  (HOUR:MIN)........10 HOURS 3 MINUTES
LOSS SINCE YESTERDAY (HOUR:MIN:SEC).........-0:04:21

$$

RCS OCT 14





U.S. Dept. of Commerce
NOAA National Weather Service
1325 East West Highway
Silver Spring, MD 20910
E-mail: w-nws.webmaster@noaa.gov
Page last modified: May 16, 2007
NATIONAL WEATHER SERVICE: for Safety, for Work, for Fun - FOR LIFE