302
CDAK48 PACD 171115
CLICDB

CLIMATE REPORT
NATIONAL WEATHER SERVICE COLD BAY, AK
215 AM AKST WED DEC 17 2014

...................................
...THE COLD BAY AP CLIMATE SUMMARY FOR DECEMBER 16 2014...

CLIMATE NORMAL PERIOD  1981 TO  2010
CLIMATE RECORD PERIOD  1942 TO  2014

WEATHER ITEM   OBSERVED TIME    RECORD YEAR NORMAL DEPARTURE LAST
               VALUE    (LST)   VALUE       VALUE  FROM      YEAR
                                                   NORMAL
...................................................................
TEMPERATURE
YESTERDAY
 MAXIMUM            38  0216 PM    47  1948     36       2     30
 MINIMUM            26  0605 PM     1  1976     27      -1     22
 AVERAGE            32                          31       1     26

PRECIPITATION
(INCHES)
 YESTERDAY           T           1.41  1978   0.15   -0.15   0.01
 MONTH TO DATE    1.56                        2.54   -0.98   2.66
 SINCE DEC 1      1.56                        2.54   -0.98   2.66
 SINCE JAN 1     32.45                       39.75   -7.30  44.78

SNOWFALL
(INCHES)
 YESTERDAY           T            2.2  1997    0.4    -0.4    0.5
 MONTH TO DATE     1.7                         6.5    -4.8    6.5
 SINCE DEC 1       1.7                         6.5    -4.8    6.5
 SINCE JUL 1       5.6                        19.1   -13.5   10.1
 SNOW DEPTH (IN)     T                                          6

DEGREE DAYS
 HEATING
  YESTERDAY         33                          34      -1     39
  MONTH TO DATE    508                         529     -21    423
  SINCE DEC 1      508                         529     -21    423
  SINCE JUL 1     3020                        3555    -535   2939

 COOLING
  YESTERDAY          0                           0       0      0
  MONTH TO DATE      0                           0       0      0
  SINCE DEC 1        0                           0       0      0
  SINCE JAN 1        0                           0       0      0
...................................................................

WIND (MPH)
 HIGHEST WIND SPEED    23     HIGHEST WIND DIRECTION    230
 HIGHEST GUST SPEED    28     HIGHEST GUST DIRECTION    230
 AVERAGE WIND SPEED  10.1


WEATHER CONDITIONS
 THE FOLLOWING WEATHER WAS RECORDED YESTERDAY.
  RAIN
  SNOW

...................................................................

THE COLD BAY CLIMATE NORMALS FOR TODAY
                           NORMAL    RECORD   YEAR
 MAXIMUM TEMPERATURE (F)     36        49     1971
 MINIMUM TEMPERATURE (F)     27         0     1973

SUNRISE AND SUNSET
 DEC 17 2014..........SUNRISE 10:14 AM      SUNSET  5:22 PM
 DEC 18 2014..........SUNRISE 10:14 AM      SUNSET  5:22 PM

-  INDICATES NEGATIVE NUMBERS.
R  INDICATES RECORD HAS BEEN SET OR TIED.
MM INDICATES DATA IS MISSING.
T  INDICATES TRACE OF PRECIPITATION.

&&
-------------------------------------------------------------------

AMOUNT OF DAYLIGHT TODAY  (HOUR:MIN)........7 HOURS 8 MINUTES
LOSS SINCE YESTERDAY (HOUR:MIN:SEC).........-0:00:35

$$

RCS DEC 14





U.S. Dept. of Commerce
NOAA National Weather Service
1325 East West Highway
Silver Spring, MD 20910
E-mail: w-nws.webmaster@noaa.gov
Page last modified: May 16, 2007
NATIONAL WEATHER SERVICE: for Safety, for Work, for Fun - FOR LIFE