750
CDUS41 KCAR 310531
CLICAR


CLIMATE REPORT
NATIONAL WEATHER SERVICE CARIBOU, ME
1231 AM EST SAT JAN 31 2015


...................................

...THE CARIBOU ME CLIMATE SUMMARY FOR JANUARY 30 2015...

CLIMATE NORMAL PERIOD 1981 TO 2010
CLIMATE RECORD PERIOD 1939 TO 2015


WEATHER ITEM   OBSERVED TIME   RECORD YEAR NORMAL DEPARTURE LAST
                VALUE   (LST)  VALUE       VALUE  FROM      YEAR
                                                  NORMAL
..................................................................
TEMPERATURE (F)
 YESTERDAY
  MAXIMUM         26    733 PM  46    2013  20      6       17
  MINIMUM          9    253 AM -27    1951   1      8       -1
  AVERAGE         18                        10      8        8

PRECIPITATION (IN)
  YESTERDAY        0.35          0.88 1990   0.09   0.26     0.00
  MONTH TO DATE    2.59                      2.63  -0.04     3.99
  SINCE DEC 1      8.47                      5.90   2.57     7.57
  SINCE JAN 1      2.59                      2.63  -0.04     3.99

SNOWFALL (IN)
  YESTERDAY        5.9           9.5  1990   0.8    5.1      0.0
  MONTH TO DATE   29.2                      24.4    4.8     17.2
  SINCE DEC 1     56.3                      47.3    9.0     62.0
  SINCE JUL 1     85.1                      59.5   25.6     72.1
  SNOW DEPTH      15

DEGREE DAYS
 HEATING
  YESTERDAY       47                        55     -8       57
  MONTH TO DATE 1687                      1646     41     1589
  SINCE DEC 1   3002                      3095    -93     3198
  SINCE JUL 1   4954                      5240   -286     5154

 COOLING
  YESTERDAY        0                         0      0        0
  MONTH TO DATE    0                         0      0        0
  SINCE DEC 1      0                         0      0        0
  SINCE JAN 1      0                         0      0        0
..................................................................


WIND (MPH)
  HIGHEST WIND SPEED    17   HIGHEST WIND DIRECTION     N (340)
  HIGHEST GUST SPEED    20   HIGHEST GUST DIRECTION     N (340)
  AVERAGE WIND SPEED     4.1


SKY COVER
  POSSIBLE SUNSHINE  MM
  AVERAGE SKY COVER 0.8


WEATHER CONDITIONS
 THE FOLLOWING WEATHER WAS RECORDED YESTERDAY.
  HEAVY SNOW
  SNOW
  LIGHT SNOW
  FOG
  FOG W/VISIBILITY <= 1/4 MILE


RELATIVE HUMIDITY (PERCENT)
 HIGHEST    92          1100 AM
 LOWEST     73           300 AM
 AVERAGE    83

..........................................................


THE CARIBOU ME CLIMATE NORMALS FOR TODAY
                         NORMAL    RECORD    YEAR
 MAXIMUM TEMPERATURE (F)   20        53      2013
 MINIMUM TEMPERATURE (F)    1       -32      1951


SUNRISE AND SUNSET
JANUARY 31 2015.......SUNRISE   658 AM EST   SUNSET   433 PM EST
FEBRUARY  1 2015......SUNRISE   657 AM EST   SUNSET   435 PM EST


-  INDICATES NEGATIVE NUMBERS.
R  INDICATES RECORD WAS SET OR TIED.
MM INDICATES DATA IS MISSING.
T  INDICATES TRACE AMOUNT.




$$





U.S. Dept. of Commerce
NOAA National Weather Service
1325 East West Highway
Silver Spring, MD 20910
E-mail: w-nws.webmaster@noaa.gov
Page last modified: May 16, 2007
NATIONAL WEATHER SERVICE: for Safety, for Work, for Fun - FOR LIFE