263
CDUS41 KCAR 240527
CLICAR


CLIMATE REPORT
NATIONAL WEATHER SERVICE CARIBOU, ME
126 AM EDT FRI OCT 24 2014


...................................

...THE CARIBOU ME CLIMATE SUMMARY FOR OCTOBER 23 2014...

CLIMATE NORMAL PERIOD 1981 TO 2010
CLIMATE RECORD PERIOD 1939 TO 2014


WEATHER ITEM   OBSERVED TIME   RECORD YEAR NORMAL DEPARTURE LAST
                VALUE   (LST)  VALUE       VALUE  FROM      YEAR
                                                  NORMAL
..................................................................
TEMPERATURE (F)
 YESTERDAY
  MAXIMUM         50    130 PM  77    1979  49      1       47
  MINIMUM         41   1159 PM  20    2008  33      8       32
  AVERAGE         46                        41      5       40

PRECIPITATION (IN)
  YESTERDAY        0.29          1.36 1942   0.12   0.17     0.00
  MONTH TO DATE    4.40                      2.61   1.79     1.93
  SINCE SEP 1      6.99                      5.93   1.06     8.94
  SINCE JAN 1     35.65                     30.67   4.98    41.96

SNOWFALL (IN)
  YESTERDAY        0.0           3.8  2003   0.1   -0.1      0.0
  MONTH TO DATE    0.0                       0.8   -0.8      0.0
  SINCE SEP 1      0.0                       0.9   -0.9      0.0
  SINCE JUL 1      0.0                       0.9   -0.9      0.0
  SNOW DEPTH       0

DEGREE DAYS
 HEATING
  YESTERDAY       19                        24     -5       25
  MONTH TO DATE  368                       465    -97      347
  SINCE SEP 1    662                       778   -116      604
  SINCE JUL 1    720                       932   -212      718

 COOLING
  YESTERDAY        0                         0      0        0
  MONTH TO DATE    1                         0      1        0
  SINCE SEP 1     25                        11     14       13
  SINCE JAN 1    266                       180     86      192
..................................................................


WIND (MPH)
  HIGHEST WIND SPEED    17   HIGHEST WIND DIRECTION    NE (50)
  HIGHEST GUST SPEED    23   HIGHEST GUST DIRECTION    NE (30)
  AVERAGE WIND SPEED    11.7


SKY COVER
  POSSIBLE SUNSHINE  MM
  AVERAGE SKY COVER 0.9


WEATHER CONDITIONS
 THE FOLLOWING WEATHER WAS RECORDED YESTERDAY.
  RAIN
  LIGHT RAIN
  FOG


RELATIVE HUMIDITY (PERCENT)
 HIGHEST    86          1100 PM
 LOWEST     66          1100 AM
 AVERAGE    76

..........................................................


THE CARIBOU ME CLIMATE NORMALS FOR TODAY
                         NORMAL    RECORD    YEAR
 MAXIMUM TEMPERATURE (F)   49        74      1963
 MINIMUM TEMPERATURE (F)   32        20      1969


SUNRISE AND SUNSET
OCTOBER 24 2014.......SUNRISE   703 AM EDT   SUNSET   529 PM EDT
OCTOBER 25 2014.......SUNRISE   704 AM EDT   SUNSET   527 PM EDT


-  INDICATES NEGATIVE NUMBERS.
R  INDICATES RECORD WAS SET OR TIED.
MM INDICATES DATA IS MISSING.
T  INDICATES TRACE AMOUNT.




$$





U.S. Dept. of Commerce
NOAA National Weather Service
1325 East West Highway
Silver Spring, MD 20910
E-mail: w-nws.webmaster@noaa.gov
Page last modified: May 16, 2007
NATIONAL WEATHER SERVICE: for Safety, for Work, for Fun - FOR LIFE