884
CDUS41 KCAR 010529
CLICAR


CLIMATE REPORT
NATIONAL WEATHER SERVICE CARIBOU, ME
129 AM EDT WED OCT 1 2014


...................................

...THE CARIBOU ME CLIMATE SUMMARY FOR SEPTEMBER 30 2014...

CLIMATE NORMAL PERIOD 1981 TO 2010
CLIMATE RECORD PERIOD 1939 TO 2014


WEATHER ITEM   OBSERVED TIME   RECORD YEAR NORMAL DEPARTURE LAST
                VALUE   (LST)  VALUE       VALUE  FROM      YEAR
                                                  NORMAL
..................................................................
TEMPERATURE (F)
 YESTERDAY
  MAXIMUM         50    239 PM  77    1950  59     -9       72
  MINIMUM         40    318 AM  26    1941  40      0       43
  AVERAGE         45                        49     -4       58

PRECIPITATION (IN)
  YESTERDAY        T             0.92 1960   0.12  -0.12     0.00
  MONTH TO DATE    2.59                      3.32  -0.73     7.01
  SINCE SEP 1      2.59                      3.32  -0.73     7.01
  SINCE JAN 1     31.25                     28.06   3.19    40.03

SNOWFALL (IN)
  YESTERDAY        0.0           0.4  1991   0.0    0.0      0.0
  MONTH TO DATE    0.0                       0.1   -0.1      0.0
  SINCE SEP 1      0.0                       0.1   -0.1      0.0
  SINCE JUL 1      0.0                       0.1   -0.1      0.0
  SNOW DEPTH       0

DEGREE DAYS
 HEATING
  YESTERDAY       20                        16      4        7
  MONTH TO DATE  294                       312    -18      257
  SINCE SEP 1    294                       313    -19      257
  SINCE JUL 1    352                       467   -115      371

 COOLING
  YESTERDAY        0                         0      0        0
  MONTH TO DATE   24                        11     13       13
  SINCE SEP 1     24                        11     13       13
  SINCE JAN 1    265                       180     85      192
..................................................................


WIND (MPH)
  HIGHEST WIND SPEED     8   HIGHEST WIND DIRECTION     N (360)
  HIGHEST GUST SPEED    10   HIGHEST GUST DIRECTION     N (360)
  AVERAGE WIND SPEED     3.3


SKY COVER
  POSSIBLE SUNSHINE  MM
  AVERAGE SKY COVER 1.0


WEATHER CONDITIONS
 THE FOLLOWING WEATHER WAS RECORDED YESTERDAY.
  LIGHT RAIN
  FOG


RELATIVE HUMIDITY (PERCENT)
 HIGHEST   100           300 AM
 LOWEST     80          1200 PM
 AVERAGE    90

..........................................................


THE CARIBOU ME CLIMATE NORMALS FOR TODAY
                         NORMAL    RECORD    YEAR
 MAXIMUM TEMPERATURE (F)   59        78      1983
 MINIMUM TEMPERATURE (F)   39        27      1993


SUNRISE AND SUNSET
OCTOBER  1 2014.......SUNRISE   631 AM EDT   SUNSET   612 PM EDT
OCTOBER  2 2014.......SUNRISE   632 AM EDT   SUNSET   610 PM EDT


-  INDICATES NEGATIVE NUMBERS.
R  INDICATES RECORD WAS SET OR TIED.
MM INDICATES DATA IS MISSING.
T  INDICATES TRACE AMOUNT.




$$





U.S. Dept. of Commerce
NOAA National Weather Service
1325 East West Highway
Silver Spring, MD 20910
E-mail: w-nws.webmaster@noaa.gov
Page last modified: May 16, 2007
NATIONAL WEATHER SERVICE: for Safety, for Work, for Fun - FOR LIFE