771
CDUS41 KCAR 190526
CLICAR


CLIMATE REPORT
NATIONAL WEATHER SERVICE CARIBOU, ME
126 AM EDT FRI SEP 19 2014


...................................

...THE CARIBOU ME CLIMATE SUMMARY FOR SEPTEMBER 18 2014...

CLIMATE NORMAL PERIOD 1981 TO 2010
CLIMATE RECORD PERIOD 1939 TO 2014


WEATHER ITEM   OBSERVED TIME   RECORD YEAR NORMAL DEPARTURE LAST
                VALUE   (LST)  VALUE       VALUE  FROM      YEAR
                                                  NORMAL
..................................................................
TEMPERATURE (F)
 YESTERDAY
  MAXIMUM         53    200 PM  86    1942  65    -12       71
  MINIMUM         31   1159 PM  28    1945  44    -13       42
  AVERAGE         42                        54    -12       57

PRECIPITATION (IN)
  YESTERDAY        T             1.83 1948   0.12  -0.12     0.00
  MONTH TO DATE    2.43                      1.94   0.49     5.47
  SINCE SEP 1      2.43                      1.94   0.49     5.47
  SINCE JAN 1     31.09                     26.68   4.41    38.49

SNOWFALL (IN)
  YESTERDAY        0.0           0.0  2002   0.0    0.0      0.0
                                      2001
  MONTH TO DATE    0.0                       0.0    0.0      0.0
  SINCE SEP 1      0.0                       0.0    0.0      0.0
  SINCE JUL 1      0.0                       0.0    0.0      0.0
  SNOW DEPTH       0

DEGREE DAYS
 HEATING
  YESTERDAY       23                        11     12        8
  MONTH TO DATE  164                       149     15      149
  SINCE SEP 1    164                       149     15      149
  SINCE JUL 1    222                       303    -81      263

 COOLING
  YESTERDAY        0                         0      0        0
  MONTH TO DATE   21                        10     11       13
  SINCE SEP 1     21                        10     11       13
  SINCE JAN 1    262                       179     83      192
..................................................................


WIND (MPH)
  HIGHEST WIND SPEED    18   HIGHEST WIND DIRECTION    NW (300)
  HIGHEST GUST SPEED    24   HIGHEST GUST DIRECTION    NW (300)
  AVERAGE WIND SPEED     7.3


SKY COVER
  POSSIBLE SUNSHINE  MM
  AVERAGE SKY COVER 0.7


WEATHER CONDITIONS
 THE FOLLOWING WEATHER WAS RECORDED YESTERDAY.
  LIGHT RAIN


RELATIVE HUMIDITY (PERCENT)
 HIGHEST    93          1200 AM
 LOWEST     42           300 PM
 AVERAGE    68

..........................................................


THE CARIBOU ME CLIMATE NORMALS FOR TODAY
                         NORMAL    RECORD    YEAR
 MAXIMUM TEMPERATURE (F)   64        84      1968
 MINIMUM TEMPERATURE (F)   43        27      2008


SUNRISE AND SUNSET
SEPTEMBER 19 2014.....SUNRISE   615 AM EDT   SUNSET   636 PM EDT
SEPTEMBER 20 2014.....SUNRISE   616 AM EDT   SUNSET   634 PM EDT


-  INDICATES NEGATIVE NUMBERS.
R  INDICATES RECORD WAS SET OR TIED.
MM INDICATES DATA IS MISSING.
T  INDICATES TRACE AMOUNT.




$$





U.S. Dept. of Commerce
NOAA National Weather Service
1325 East West Highway
Silver Spring, MD 20910
E-mail: w-nws.webmaster@noaa.gov
Page last modified: May 16, 2007
NATIONAL WEATHER SERVICE: for Safety, for Work, for Fun - FOR LIFE