411
CDUS41 KCAR 282129
CLICAR


CLIMATE REPORT
NATIONAL WEATHER SERVICE CARIBOU, ME
428 PM EST FRI NOV 28 2014


...................................

...THE CARIBOU ME CLIMATE SUMMARY FOR NOVEMBER 28 2014...
VALID TODAY AS OF 0400 PM LOCAL TIME.

CLIMATE NORMAL PERIOD 1981 TO 2010
CLIMATE RECORD PERIOD 1939 TO 2014


WEATHER ITEM   OBSERVED TIME   RECORD YEAR NORMAL DEPARTURE LAST
                VALUE   (LST)  VALUE       VALUE  FROM      YEAR
                                                  NORMAL
..................................................................
TEMPERATURE (F)
 TODAY
  MAXIMUM         20    209 PM  58    1950  33    -13       37
  MINIMUM          6    536 AM  -3    1969  19    -13       14
  AVERAGE         13                        26    -13       26

PRECIPITATION (IN)
  TODAY            T             1.56 1959   0.12  -0.12     0.08
  MONTH TO DATE    3.30                      3.40  -0.10     4.00
  SINCE SEP 1     11.68                     10.25   1.43    13.55
  SINCE JAN 1     40.34                     34.99   5.35    46.57

SNOWFALL (IN)
  TODAY            T             7.8  1994   0.5   -0.5      0.8
  MONTH TO DATE   27.9                       9.4   18.5      9.0
  SINCE SEP 1     27.9                      11.1   16.8     10.0
  SINCE JUL 1     27.9                      11.1   16.8     10.0
  SNOW DEPTH       8

DEGREE DAYS
 HEATING
  TODAY           52                        39     13       39
  MONTH TO DATE  966                       926     40      898
  SINCE SEP 1   1801                      1912   -111     1740
  SINCE JUL 1   1859                      2066   -207     1854

 COOLING
  TODAY            0                         0      0        0
  MONTH TO DATE    0                         0      0        0
  SINCE SEP 1     25                        11     14       13
  SINCE JAN 1    266                       180     86      192
..................................................................


WIND (MPH)
  HIGHEST WIND SPEED     9   HIGHEST WIND DIRECTION     N (360)
  HIGHEST GUST SPEED    11   HIGHEST GUST DIRECTION     N (360)
  AVERAGE WIND SPEED     4.9


SKY COVER
  POSSIBLE SUNSHINE  MM
  AVERAGE SKY COVER 0.2


WEATHER CONDITIONS
 THE FOLLOWING WEATHER WAS RECORDED TODAY.
  NO SIGNIFICANT WEATHER WAS OBSERVED.


RELATIVE HUMIDITY (PERCENT)
 HIGHEST    91           600 AM
 LOWEST     62          1200 PM
 AVERAGE    77

..........................................................


THE CARIBOU ME CLIMATE NORMALS FOR TOMORROW
                         NORMAL    RECORD    YEAR
 MAXIMUM TEMPERATURE (F)   32        58      2003
 MINIMUM TEMPERATURE (F)   19        -2      1989


SUNRISE AND SUNSET
NOVEMBER 28 2014......SUNRISE   653 AM EST   SUNSET   347 PM EST
NOVEMBER 29 2014......SUNRISE   654 AM EST   SUNSET   346 PM EST


-  INDICATES NEGATIVE NUMBERS.
R  INDICATES RECORD WAS SET OR TIED.
MM INDICATES DATA IS MISSING.
T  INDICATES TRACE AMOUNT.




$$





U.S. Dept. of Commerce
NOAA National Weather Service
1325 East West Highway
Silver Spring, MD 20910
E-mail: w-nws.webmaster@noaa.gov
Page last modified: May 16, 2007
NATIONAL WEATHER SERVICE: for Safety, for Work, for Fun - FOR LIFE