461
CDUS41 KCAR 210528
CLICAR


CLIMATE REPORT
NATIONAL WEATHER SERVICE CARIBOU, ME
127 AM EDT THU AUG 21 2014


...................................

...THE CARIBOU ME CLIMATE SUMMARY FOR AUGUST 20 2014...

CLIMATE NORMAL PERIOD 1981 TO 2010
CLIMATE RECORD PERIOD 1939 TO 2014


WEATHER ITEM   OBSERVED TIME   RECORD YEAR NORMAL DEPARTURE LAST
                VALUE   (LST)  VALUE       VALUE  FROM      YEAR
                                                  NORMAL
..................................................................
TEMPERATURE (F)
 YESTERDAY
  MAXIMUM         81    221 PM  87    1945  74      7       79
  MINIMUM         52    451 AM  38    1990  52      0       57
  AVERAGE         67                        63      4       68

PRECIPITATION (IN)
  YESTERDAY        0.00          1.60 1960   0.12  -0.12     0.06
  MONTH TO DATE    1.68                      2.50  -0.82     4.58
  SINCE JUN 1     11.35                     10.06   1.29    17.91
  SINCE JAN 1     28.55                     23.48   5.07    31.93

SNOWFALL (IN)
  YESTERDAY        0.0           0.0  2002   0.0    0.0      0.0
                                      2001
  MONTH TO DATE    0.0                       0.0    0.0      0.0
  SINCE JUN 1      0.0                       0.0    0.0      0.0
  SINCE JUL 1      0.0                       0.0    0.0      0.0
  SNOW DEPTH       0

DEGREE DAYS
 HEATING
  YESTERDAY        0                         3     -3        0
  MONTH TO DATE   20                        47    -27       52
  SINCE JUN 1    133                       270   -137      258
  SINCE JUL 1     44                       105    -61       80

 COOLING
  YESTERDAY        2                         1      1        3
  MONTH TO DATE   41                        40      1       10
  SINCE JUN 1    207                       151     56      152
  SINCE JAN 1    210                       156     54      160
..................................................................


WIND (MPH)
  HIGHEST WIND SPEED    13   HIGHEST WIND DIRECTION     N (360)
  HIGHEST GUST SPEED    15   HIGHEST GUST DIRECTION     N (10)
  AVERAGE WIND SPEED     3.9


SKY COVER
  POSSIBLE SUNSHINE  MM
  AVERAGE SKY COVER 0.2


WEATHER CONDITIONS
 THE FOLLOWING WEATHER WAS RECORDED YESTERDAY.
  NO SIGNIFICANT WEATHER WAS OBSERVED.


RELATIVE HUMIDITY (PERCENT)
 HIGHEST    93          1200 AM
 LOWEST     42           200 PM
 AVERAGE    68

..........................................................


THE CARIBOU ME CLIMATE NORMALS FOR TODAY
                         NORMAL    RECORD    YEAR
 MAXIMUM TEMPERATURE (F)   74        93      1976
 MINIMUM TEMPERATURE (F)   52        38      2007
                                             1957


SUNRISE AND SUNSET
AUGUST 21 2014........SUNRISE   537 AM EDT   SUNSET   732 PM EDT
AUGUST 22 2014........SUNRISE   539 AM EDT   SUNSET   730 PM EDT


-  INDICATES NEGATIVE NUMBERS.
R  INDICATES RECORD WAS SET OR TIED.
MM INDICATES DATA IS MISSING.
T  INDICATES TRACE AMOUNT.

---------------------------------------------------------------------
THE CARIBOU ME 4 INCH SOIL TEMPERATURE FOR AUGUST 20 2014

MAXIMUM SOIL TEMPERATURE (F)...71
MINIMUM SOIL TEMPERATURE (F)...66

$$




U.S. Dept. of Commerce
NOAA National Weather Service
1325 East West Highway
Silver Spring, MD 20910
E-mail: w-nws.webmaster@noaa.gov
Page last modified: May 16, 2007
NATIONAL WEATHER SERVICE: for Safety, for Work, for Fun - FOR LIFE