300
CDUS45 KABQ 210830
CLICAO


CLIMATE REPORT
NATIONAL WEATHER SERVICE ALBUQUERQUE NM
227 AM MDT MON APR 21 2014


...................................

...THE CLAYTON  NM CLIMATE SUMMARY FOR APRIL 20 2014...

CLIMATE NORMAL PERIOD 1981 TO 2010
CLIMATE RECORD PERIOD 1896 TO 2014


WEATHER ITEM   OBSERVED TIME   RECORD YEAR NORMAL DEPARTURE
                VALUE   (LST)  VALUE       VALUE  FROM
                                                  NORMAL
...............................................................
TEMPERATURE (F)
 YESTERDAY
  MAXIMUM         70    405 PM  90    1989  68      2
  MINIMUM         47    224 AM  20    1966  39      8
  AVERAGE         59                        54      5

PRECIPITATION (IN)
  YESTERDAY        0.00          0.85 1913   0.04  -0.04
  MONTH TO DATE    0.26                      0.57  -0.31
  SINCE MAR 1      0.28                      1.52  -1.24
  SINCE JAN 1      0.46                      2.14  -1.68

SNOWFALL (IN)
  YESTERDAY        0.0
  MONTH TO DATE    1.5
  SINCE MAR 1      1.6
  SINCE JUL 1      9.8

DEGREE DAYS
 HEATING
  YESTERDAY        6                        12     -6
  MONTH TO DATE  276                       285     -9
  SINCE MAR 1    890                       929    -39
  SINCE JUL 1   4589                      4606    -17

 COOLING
  YESTERDAY        0                         0      0
  MONTH TO DATE    3                         0      3
  SINCE MAR 1      3                         1      2
  SINCE JAN 1      3                         1      2
...............................................................


WIND (MPH)
  HIGHEST WIND SPEED    25   HIGHEST WIND DIRECTION    NW (320)
  HIGHEST GUST SPEED    30   HIGHEST GUST DIRECTION    NW (320)
  AVERAGE WIND SPEED    10.2


SKY COVER
  AVERAGE SKY COVER 0.3


WEATHER CONDITIONS
 THE FOLLOWING WEATHER WAS RECORDED YESTERDAY.
  NO SIGNIFICANT WEATHER WAS OBSERVED.


RELATIVE HUMIDITY (PERCENT)
 HIGHEST    86           100 AM
 LOWEST     32          1200 PM
 AVERAGE    59

..........................................................


THE CLAYTON  NM CLIMATE NORMALS FOR TODAY
                         NORMAL    RECORD    YEAR
 MAXIMUM TEMPERATURE (F)   69        90      1989
 MINIMUM TEMPERATURE (F)   39        21      1927


SUNRISE AND SUNSET
APRIL 21 2014.........SUNRISE   611 AM MDT   SUNSET   732 PM MDT
APRIL 22 2014.........SUNRISE   610 AM MDT   SUNSET   733 PM MDT


-  INDICATES NEGATIVE NUMBERS.
R  INDICATES RECORD WAS SET OR TIED.
MM INDICATES DATA IS MISSING.
T  INDICATES TRACE AMOUNT.

$$






U.S. Dept. of Commerce
NOAA National Weather Service
1325 East West Highway
Silver Spring, MD 20910
E-mail: w-nws.webmaster@noaa.gov
Page last modified: May 16, 2007
NATIONAL WEATHER SERVICE: for Safety, for Work, for Fun - FOR LIFE