739
CDUS45 KABQ 270832
CLICAO


CLIMATE REPORT
NATIONAL WEATHER SERVICE ALBUQUERQUE NM
128 AM MST TUE JAN 27 2015


...................................

...THE CLAYTON  NM CLIMATE SUMMARY FOR JANUARY 26 2015...

CLIMATE NORMAL PERIOD 1981 TO 2010
CLIMATE RECORD PERIOD 1896 TO 2015


WEATHER ITEM   OBSERVED TIME   RECORD YEAR NORMAL DEPARTURE
                VALUE   (LST)  VALUE       VALUE  FROM
                                                  NORMAL
...............................................................
TEMPERATURE (F)
 YESTERDAY
  MAXIMUM         66    346 PM  77    1951  49     17
  MINIMUM         36    123 AM  -3    1963  22     14
  AVERAGE         51                        36     15

PRECIPITATION (IN)
  YESTERDAY        0.00          0.27 1949   0.01  -0.01
  MONTH TO DATE    1.39                      0.23   1.16
  SINCE DEC 1      1.89                      0.59   1.30
  SINCE JAN 1      1.39                      0.23   1.16

SNOWFALL (IN)
  YESTERDAY        0.0
  MONTH TO DATE    9.0
  SINCE DEC 1     12.5
  SINCE JUL 1     15.1

DEGREE DAYS
 HEATING
  YESTERDAY       14                        29    -15
  MONTH TO DATE  777                       769      8
  SINCE DEC 1   1666                      1705    -39
  SINCE JUL 1   2618                      2757   -139

 COOLING
  YESTERDAY        0                         0      0
  MONTH TO DATE    0                         0      0
  SINCE DEC 1      0                         0      0
  SINCE JAN 1      0                         0      0
...............................................................


WIND (MPH)
  HIGHEST WIND SPEED    20   HIGHEST WIND DIRECTION     W (270)
  HIGHEST GUST SPEED    25   HIGHEST GUST DIRECTION     W (270)
  AVERAGE WIND SPEED    10.8


SKY COVER
  AVERAGE SKY COVER 0.0


WEATHER CONDITIONS
 THE FOLLOWING WEATHER WAS RECORDED YESTERDAY.
  NO SIGNIFICANT WEATHER WAS OBSERVED.


RELATIVE HUMIDITY (PERCENT)
 HIGHEST    59           100 AM
 LOWEST     24           300 PM
 AVERAGE    42

..........................................................


THE CLAYTON  NM CLIMATE NORMALS FOR TODAY
                         NORMAL    RECORD    YEAR
 MAXIMUM TEMPERATURE (F)   49        73      1970
 MINIMUM TEMPERATURE (F)   22       -10      1948


SUNRISE AND SUNSET
JANUARY 27 2015.......SUNRISE   658 AM MST   SUNSET   513 PM MST
JANUARY 28 2015.......SUNRISE   657 AM MST   SUNSET   514 PM MST


-  INDICATES NEGATIVE NUMBERS.
R  INDICATES RECORD WAS SET OR TIED.
MM INDICATES DATA IS MISSING.
T  INDICATES TRACE AMOUNT.

$$






U.S. Dept. of Commerce
NOAA National Weather Service
1325 East West Highway
Silver Spring, MD 20910
E-mail: w-nws.webmaster@noaa.gov
Page last modified: May 16, 2007
NATIONAL WEATHER SERVICE: for Safety, for Work, for Fun - FOR LIFE