569
CDUS45 KABQ 020837
CLICAO


CLIMATE REPORT
NATIONAL WEATHER SERVICE ALBUQUERQUE NM
234 AM MDT THU OCT 2 2014


...................................

...THE CLAYTON  NM CLIMATE SUMMARY FOR OCTOBER 1 2014...

CLIMATE NORMAL PERIOD 1981 TO 2010
CLIMATE RECORD PERIOD 1896 TO 2014


WEATHER ITEM   OBSERVED TIME   RECORD YEAR NORMAL DEPARTURE
                VALUE   (LST)  VALUE       VALUE  FROM
                                                  NORMAL
...............................................................
TEMPERATURE (F)
 YESTERDAY
  MAXIMUM         76    329 PM  90    2000  73      3
  MINIMUM         51    454 AM  32    1961  46      5
  AVERAGE         64                        60      4

PRECIPITATION (IN)
  YESTERDAY        0.00          1.29 1998   0.04  -0.04
  MONTH TO DATE    0.00                      0.04  -0.04
  SINCE SEP 1      3.13                      1.71   1.42
  SINCE JAN 1     11.66                     13.91  -2.25

SNOWFALL (IN)
  YESTERDAY        0.0
  MONTH TO DATE    0.0
  SINCE SEP 1      0.0
  SINCE JUL 1      0.0

DEGREE DAYS
 HEATING
  YESTERDAY        1                         6     -5
  MONTH TO DATE    1                         6     -5
  SINCE SEP 1     48                        84    -36
  SINCE JUL 1     48                        90    -42

 COOLING
  YESTERDAY        0                         1     -1
  MONTH TO DATE    0                         1     -1
  SINCE SEP 1    111                       103      8
  SINCE JAN 1   1115                       900    215
...............................................................


WIND (MPH)
  HIGHEST WIND SPEED    23   HIGHEST WIND DIRECTION     S (190)
  HIGHEST GUST SPEED    28   HIGHEST GUST DIRECTION     S (190)
  AVERAGE WIND SPEED    12.5


SKY COVER
  AVERAGE SKY COVER 0.1


WEATHER CONDITIONS
 THE FOLLOWING WEATHER WAS RECORDED YESTERDAY.
  NO SIGNIFICANT WEATHER WAS OBSERVED.


RELATIVE HUMIDITY (PERCENT)
 HIGHEST    54           500 AM
 LOWEST     18           200 PM
 AVERAGE    36

..........................................................


THE CLAYTON  NM CLIMATE NORMALS FOR TODAY
                         NORMAL    RECORD    YEAR
 MAXIMUM TEMPERATURE (F)   73        91      2006
 MINIMUM TEMPERATURE (F)   46        33      2009
                                             1971


SUNRISE AND SUNSET
OCTOBER  2 2014.......SUNRISE   649 AM MDT   SUNSET   635 PM MDT
OCTOBER  3 2014.......SUNRISE   649 AM MDT   SUNSET   633 PM MDT


-  INDICATES NEGATIVE NUMBERS.
R  INDICATES RECORD WAS SET OR TIED.
MM INDICATES DATA IS MISSING.
T  INDICATES TRACE AMOUNT.




$$





U.S. Dept. of Commerce
NOAA National Weather Service
1325 East West Highway
Silver Spring, MD 20910
E-mail: w-nws.webmaster@noaa.gov
Page last modified: May 16, 2007
NATIONAL WEATHER SERVICE: for Safety, for Work, for Fun - FOR LIFE