209
CDUS45 KABQ 240839
CLICAO


CLIMATE REPORT
NATIONAL WEATHER SERVICE ALBUQUERQUE NM
234 AM MDT FRI OCT 24 2014


...................................

...THE CLAYTON  NM CLIMATE SUMMARY FOR OCTOBER 23 2014...

CLIMATE NORMAL PERIOD 1981 TO 2010
CLIMATE RECORD PERIOD 1896 TO 2014


WEATHER ITEM   OBSERVED TIME   RECORD YEAR NORMAL DEPARTURE
                VALUE   (LST)  VALUE       VALUE  FROM
                                                  NORMAL
...............................................................
TEMPERATURE (F)
 YESTERDAY
  MAXIMUM         76    152 PM  89    2003  67      9
  MINIMUM         49    158 AM  22    1917  39     10
  AVERAGE         63                        53     10

PRECIPITATION (IN)
  YESTERDAY        0.00          2.49 2000   0.04  -0.04
  MONTH TO DATE    0.66                      0.88  -0.22
  SINCE SEP 1      3.79                      2.55   1.24
  SINCE JAN 1     12.32                     14.75  -2.43

SNOWFALL (IN)
  YESTERDAY        0.0
  MONTH TO DATE    0.0
  SINCE SEP 1      0.0
  SINCE JUL 1      0.0

DEGREE DAYS
 HEATING
  YESTERDAY        2                        12    -10
  MONTH TO DATE  137                       216    -79
  SINCE SEP 1    184                       294   -110
  SINCE JUL 1    184                       300   -116

 COOLING
  YESTERDAY        0                         0      0
  MONTH TO DATE    5                         6     -1
  SINCE SEP 1    116                       108      8
  SINCE JAN 1   1120                       905    215
...............................................................


WIND (MPH)
  HIGHEST WIND SPEED    20   HIGHEST WIND DIRECTION    NE (30)
  HIGHEST GUST SPEED    23   HIGHEST GUST DIRECTION    NE (40)
  AVERAGE WIND SPEED     8.3


SKY COVER
  AVERAGE SKY COVER 0.0


WEATHER CONDITIONS
 THE FOLLOWING WEATHER WAS RECORDED YESTERDAY.
  NO SIGNIFICANT WEATHER WAS OBSERVED.


RELATIVE HUMIDITY (PERCENT)
 HIGHEST    86           200 AM
 LOWEST     33           900 AM
 AVERAGE    60

..........................................................


THE CLAYTON  NM CLIMATE NORMALS FOR TODAY
                         NORMAL    RECORD    YEAR
 MAXIMUM TEMPERATURE (F)   66        83      1927
                                             1915
 MINIMUM TEMPERATURE (F)   39        20      1929


SUNRISE AND SUNSET
OCTOBER 24 2014.......SUNRISE   708 AM MDT   SUNSET   605 PM MDT
OCTOBER 25 2014.......SUNRISE   709 AM MDT   SUNSET   604 PM MDT


-  INDICATES NEGATIVE NUMBERS.
R  INDICATES RECORD WAS SET OR TIED.
MM INDICATES DATA IS MISSING.
T  INDICATES TRACE AMOUNT.

$$






U.S. Dept. of Commerce
NOAA National Weather Service
1325 East West Highway
Silver Spring, MD 20910
E-mail: w-nws.webmaster@noaa.gov
Page last modified: May 16, 2007
NATIONAL WEATHER SERVICE: for Safety, for Work, for Fun - FOR LIFE