077
CDUS45 KABQ 150917
CLICAO


CLIMATE REPORT
NATIONAL WEATHER SERVICE ALBUQUERQUE NM
316 AM MDT MON SEP 15 2014


...................................

...THE CLAYTON  NM CLIMATE SUMMARY FOR SEPTEMBER 14 2014...

CLIMATE NORMAL PERIOD 1981 TO 2010
CLIMATE RECORD PERIOD 1896 TO 2014


WEATHER ITEM   OBSERVED TIME   RECORD YEAR NORMAL DEPARTURE
                VALUE   (LST)  VALUE       VALUE  FROM
                                                  NORMAL
...............................................................
TEMPERATURE (F)
 YESTERDAY
  MAXIMUM         79    325 PM  97    1956  80     -1
  MINIMUM         51    523 AM  36    1989  53     -2
  AVERAGE         65                        67     -2

PRECIPITATION (IN)
  YESTERDAY        0.00          0.74 1934   0.06  -0.06
  MONTH TO DATE    2.68                      0.86   1.82
  SINCE SEP 1      2.68                      0.86   1.82
  SINCE JAN 1     11.21                     13.06  -1.85

SNOWFALL (IN)
  YESTERDAY        0.0
  MONTH TO DATE    0.0
  SINCE SEP 1      0.0
  SINCE JUL 1      0.0

DEGREE DAYS
 HEATING
  YESTERDAY        0                         2     -2
  MONTH TO DATE   40                        15     25
  SINCE SEP 1     40                        15     25
  SINCE JUL 1     40                        21     19

 COOLING
  YESTERDAY        0                         4     -4
  MONTH TO DATE   62                        70     -8
  SINCE SEP 1     62                        70     -8
  SINCE JAN 1   1066                       867    199
...............................................................


WIND (MPH)
  HIGHEST WIND SPEED    32   HIGHEST WIND DIRECTION     S (200)
  HIGHEST GUST SPEED    37   HIGHEST GUST DIRECTION     S (200)
  AVERAGE WIND SPEED    15.8


SKY COVER
  AVERAGE SKY COVER 0.0


WEATHER CONDITIONS
 THE FOLLOWING WEATHER WAS RECORDED YESTERDAY.
  NO SIGNIFICANT WEATHER WAS OBSERVED.


RELATIVE HUMIDITY (PERCENT)
 HIGHEST    89          1200 AM
 LOWEST     42          1200 PM
 AVERAGE    66

..........................................................


THE CLAYTON  NM CLIMATE NORMALS FOR TODAY
                         NORMAL    RECORD    YEAR
 MAXIMUM TEMPERATURE (F)   80        96      1898
 MINIMUM TEMPERATURE (F)   53        36      1947


SUNRISE AND SUNSET
SEPTEMBER 15 2014.....SUNRISE   635 AM MDT   SUNSET   700 PM MDT
SEPTEMBER 16 2014.....SUNRISE   636 AM MDT   SUNSET   658 PM MDT


-  INDICATES NEGATIVE NUMBERS.
R  INDICATES RECORD WAS SET OR TIED.
MM INDICATES DATA IS MISSING.
T  INDICATES TRACE AMOUNT.




$$






U.S. Dept. of Commerce
NOAA National Weather Service
1325 East West Highway
Silver Spring, MD 20910
E-mail: w-nws.webmaster@noaa.gov
Page last modified: May 16, 2007
NATIONAL WEATHER SERVICE: for Safety, for Work, for Fun - FOR LIFE