443
CDUS45 KABQ 020838
CLICAO


CLIMATE REPORT
NATIONAL WEATHER SERVICE ALBUQUERQUE NM
237 AM MDT SAT AUG 2 2014


...................................

...THE CLAYTON  NM CLIMATE SUMMARY FOR AUGUST 1 2014...

CLIMATE NORMAL PERIOD 1981 TO 2010
CLIMATE RECORD PERIOD 1896 TO 2014


WEATHER ITEM   OBSERVED TIME   RECORD YEAR NORMAL DEPARTURE
                VALUE   (LST)  VALUE       VALUE  FROM
                                                  NORMAL
...............................................................
TEMPERATURE (F)
 YESTERDAY
  MAXIMUM         77    242 PM 101    1944  88    -11
  MINIMUM         61   1151 PM  50    1971  61      0
  AVERAGE         69                        74     -5

PRECIPITATION (IN)
  YESTERDAY        0.04          2.05 1898   0.10  -0.06
  MONTH TO DATE    0.04                      0.10  -0.06
  SINCE JUN 1      4.76                      4.89  -0.13
  SINCE JAN 1      6.53                      9.36  -2.83

SNOWFALL (IN)
  YESTERDAY        0.0
  MONTH TO DATE    0.0
  SINCE JUN 1      0.0
  SINCE JUL 1      0.0

DEGREE DAYS
 HEATING
  YESTERDAY        0                         0      0
  MONTH TO DATE    0                         0      0
  SINCE JUN 1     14                        25    -11
  SINCE JUL 1      0                         2     -2

 COOLING
  YESTERDAY        4                         9     -5
  MONTH TO DATE    4                         9     -5
  SINCE JUN 1    585                       495     90
  SINCE JAN 1    680                       546    134
...............................................................


WIND (MPH)
  HIGHEST WIND SPEED    15   HIGHEST WIND DIRECTION    SE (150)
  HIGHEST GUST SPEED    19   HIGHEST GUST DIRECTION    SE (140)
  AVERAGE WIND SPEED     5.8


SKY COVER
  AVERAGE SKY COVER 0.9


WEATHER CONDITIONS
 THE FOLLOWING WEATHER WAS RECORDED YESTERDAY.
  LIGHT RAIN


RELATIVE HUMIDITY (PERCENT)
 HIGHEST    78          1200 AM
 LOWEST     27           100 PM
 AVERAGE    53

..........................................................


THE CLAYTON  NM CLIMATE NORMALS FOR TODAY
                         NORMAL    RECORD    YEAR
 MAXIMUM TEMPERATURE (F)   87       100      1944
 MINIMUM TEMPERATURE (F)   61        46      1973


SUNRISE AND SUNSET
AUGUST  2 2014........SUNRISE   600 AM MDT   SUNSET   757 PM MDT
AUGUST  3 2014........SUNRISE   601 AM MDT   SUNSET   756 PM MDT


-  INDICATES NEGATIVE NUMBERS.
R  INDICATES RECORD WAS SET OR TIED.
MM INDICATES DATA IS MISSING.
T  INDICATES TRACE AMOUNT.




$$





U.S. Dept. of Commerce
NOAA National Weather Service
1325 East West Highway
Silver Spring, MD 20910
E-mail: w-nws.webmaster@noaa.gov
Page last modified: May 16, 2007
NATIONAL WEATHER SERVICE: for Safety, for Work, for Fun - FOR LIFE