005
CDUS45 KABQ 240836
CLICAO


CLIMATE REPORT
NATIONAL WEATHER SERVICE ALBUQUERQUE NM
233 AM MDT THU APR 24 2014


...................................

...THE CLAYTON  NM CLIMATE SUMMARY FOR APRIL 23 2014...

CLIMATE NORMAL PERIOD 1981 TO 2010
CLIMATE RECORD PERIOD 1896 TO 2014


WEATHER ITEM   OBSERVED TIME   RECORD YEAR NORMAL DEPARTURE
                VALUE   (LST)  VALUE       VALUE  FROM
                                                  NORMAL
...............................................................
TEMPERATURE (F)
 YESTERDAY
  MAXIMUM         82    249 PM  88    2006  69     13
                                      1989
  MINIMUM         49   1159 PM  19    2013  40      9
  AVERAGE         66                        55     11

PRECIPITATION (IN)
  YESTERDAY        0.00          1.29 1942   0.04  -0.04
  MONTH TO DATE    0.26                      0.68  -0.42
  SINCE MAR 1      0.28                      1.63  -1.35
  SINCE JAN 1      0.46                      2.25  -1.79

SNOWFALL (IN)
  YESTERDAY        0.0
  MONTH TO DATE    1.5
  SINCE MAR 1      1.6
  SINCE JUL 1      9.8

DEGREE DAYS
 HEATING
  YESTERDAY        0                        11    -11
  MONTH TO DATE  281                       318    -37
  SINCE MAR 1    895                       962    -67
  SINCE JUL 1   4594                      4639    -45

 COOLING
  YESTERDAY        1                         0      1
  MONTH TO DATE    4                         0      4
  SINCE MAR 1      4                         1      3
  SINCE JAN 1      4                         1      3
...............................................................


WIND (MPH)
  HIGHEST WIND SPEED    39   HIGHEST WIND DIRECTION     S (200)
  HIGHEST GUST SPEED    47   HIGHEST GUST DIRECTION     S (200)
  AVERAGE WIND SPEED    22.6


SKY COVER
  AVERAGE SKY COVER 0.0


WEATHER CONDITIONS
 THE FOLLOWING WEATHER WAS RECORDED YESTERDAY.
  HAZE


RELATIVE HUMIDITY (PERCENT)
 HIGHEST    59           100 AM
 LOWEST      8           500 PM
 AVERAGE    34

..........................................................


THE CLAYTON  NM CLIMATE NORMALS FOR TODAY
                         NORMAL    RECORD    YEAR
 MAXIMUM TEMPERATURE (F)   70        92      2012
 MINIMUM TEMPERATURE (F)   40        19      2013


SUNRISE AND SUNSET
APRIL 24 2014.........SUNRISE   607 AM MDT   SUNSET   735 PM MDT
APRIL 25 2014.........SUNRISE   606 AM MDT   SUNSET   735 PM MDT


-  INDICATES NEGATIVE NUMBERS.
R  INDICATES RECORD WAS SET OR TIED.
MM INDICATES DATA IS MISSING.
T  INDICATES TRACE AMOUNT.

$$






U.S. Dept. of Commerce
NOAA National Weather Service
1325 East West Highway
Silver Spring, MD 20910
E-mail: w-nws.webmaster@noaa.gov
Page last modified: May 16, 2007
NATIONAL WEATHER SERVICE: for Safety, for Work, for Fun - FOR LIFE