388
CDUS45 KABQ 230828
CLICAO


CLIMATE REPORT
NATIONAL WEATHER SERVICE ALBUQUERQUE NM
227 AM MDT THU OCT 23 2014


...................................

...THE CLAYTON  NM CLIMATE SUMMARY FOR OCTOBER 22 2014...

CLIMATE NORMAL PERIOD 1981 TO 2010
CLIMATE RECORD PERIOD 1896 TO 2014


WEATHER ITEM   OBSERVED TIME   RECORD YEAR NORMAL DEPARTURE
                VALUE   (LST)  VALUE       VALUE  FROM
                                                  NORMAL
...............................................................
TEMPERATURE (F)
 YESTERDAY
  MAXIMUM         76    207 PM  85    1988  67      9
                                      1933
  MINIMUM         52    617 AM  22    1996  39     13
  AVERAGE         64                        53     11

PRECIPITATION (IN)
  YESTERDAY        0.00          0.94 1969   0.03  -0.03
  MONTH TO DATE    0.66                      0.84  -0.18
  SINCE SEP 1      3.79                      2.51   1.28
  SINCE JAN 1     12.32                     14.71  -2.39

SNOWFALL (IN)
  YESTERDAY        0.0
  MONTH TO DATE    0.0
  SINCE SEP 1      0.0
  SINCE JUL 1      0.0

DEGREE DAYS
 HEATING
  YESTERDAY        1                        12    -11
  MONTH TO DATE  135                       204    -69
  SINCE SEP 1    182                       282   -100
  SINCE JUL 1    182                       288   -106

 COOLING
  YESTERDAY        0                         0      0
  MONTH TO DATE    5                         6     -1
  SINCE SEP 1    116                       108      8
  SINCE JAN 1   1120                       905    215
...............................................................


WIND (MPH)
  HIGHEST WIND SPEED    21   HIGHEST WIND DIRECTION     S (200)
  HIGHEST GUST SPEED    25   HIGHEST GUST DIRECTION     S (200)
  AVERAGE WIND SPEED     9.2


SKY COVER
  AVERAGE SKY COVER 0.2


WEATHER CONDITIONS
 THE FOLLOWING WEATHER WAS RECORDED YESTERDAY.
  FOG


RELATIVE HUMIDITY (PERCENT)
 HIGHEST    89           600 AM
 LOWEST     25           100 PM
 AVERAGE    57

..........................................................


THE CLAYTON  NM CLIMATE NORMALS FOR TODAY
                         NORMAL    RECORD    YEAR
 MAXIMUM TEMPERATURE (F)   67        89      2003
 MINIMUM TEMPERATURE (F)   39        22      1917


SUNRISE AND SUNSET
OCTOBER 23 2014.......SUNRISE   707 AM MDT   SUNSET   606 PM MDT
OCTOBER 24 2014.......SUNRISE   708 AM MDT   SUNSET   605 PM MDT


-  INDICATES NEGATIVE NUMBERS.
R  INDICATES RECORD WAS SET OR TIED.
MM INDICATES DATA IS MISSING.
T  INDICATES TRACE AMOUNT.




$$





U.S. Dept. of Commerce
NOAA National Weather Service
1325 East West Highway
Silver Spring, MD 20910
E-mail: w-nws.webmaster@noaa.gov
Page last modified: May 16, 2007
NATIONAL WEATHER SERVICE: for Safety, for Work, for Fun - FOR LIFE