796
CDUS41 KCLE 310527
CLICAK


CLIMATE REPORT
NATIONAL WEATHER SERVICE CLEVELAND OH
126 AM EDT FRI OCT 31 2014


...................................

...THE AKRON CANTON OH CLIMATE SUMMARY FOR OCTOBER 30 2014...

CLIMATE NORMAL PERIOD 1981 TO 2010
CLIMATE RECORD PERIOD 1887 TO 2014


WEATHER ITEM   OBSERVED TIME   RECORD YEAR NORMAL DEPARTURE LAST
                VALUE   (LST)  VALUE       VALUE  FROM      YEAR
                                                  NORMAL
..................................................................
TEMPERATURE (F)
 YESTERDAY
  MAXIMUM         50    108 PM  77    1900  56     -6       65
  MINIMUM         37    649 AM  22    1904  39     -2       42
  AVERAGE         44                        47     -3       54

PRECIPITATION (IN)
  YESTERDAY        T                         0.09  -0.09     0.00
  MONTH TO DATE    3.65                      2.73   0.92     5.09
  SINCE SEP 1      4.85                      6.18  -1.33     7.99
  SINCE JAN 1     40.64                     33.38   7.26    35.06

SNOWFALL (IN)
  YESTERDAY        0.0                       0.1   -0.1      0.0
  MONTH TO DATE    0.0                       0.4   -0.4       T
  SINCE SEP 1      0.0                       0.4   -0.4       T
  SINCE JUL 1      0.0                       0.4   -0.4       T
  SNOW DEPTH       0

DEGREE DAYS
 HEATING
  YESTERDAY       21                        18      3       11
  MONTH TO DATE  335                       398    -63      345
  SINCE SEP 1    422                       517    -95      447
  SINCE JUL 1    438                       537    -99      460

 COOLING
  YESTERDAY        0                         0      0        0
  MONTH TO DATE    4                         3      1       28
  SINCE SEP 1     83                        67     16      105
  SINCE JAN 1    719                       649     70      829
..................................................................


WIND (MPH)
  HIGHEST WIND SPEED    10   HIGHEST WIND DIRECTION    NW (330)
  HIGHEST GUST SPEED    13   HIGHEST GUST DIRECTION    NW (320)
  AVERAGE WIND SPEED     4.1


SKY COVER
  POSSIBLE SUNSHINE  MM
  AVERAGE SKY COVER 0.9


WEATHER CONDITIONS
 THE FOLLOWING WEATHER WAS RECORDED YESTERDAY.
  LIGHT RAIN
  FOG
  HAZE


RELATIVE HUMIDITY (PERCENT)
 HIGHEST    92           600 AM
 LOWEST     61           200 PM
 AVERAGE    77

..........................................................


THE AKRON CANTON OH CLIMATE NORMALS FOR TODAY
                         NORMAL    RECORD    YEAR
 MAXIMUM TEMPERATURE (F)   56        79      1950
 MINIMUM TEMPERATURE (F)   38        21      1887


SUNRISE AND SUNSET
OCTOBER 31 2014.......SUNRISE   755 AM EDT   SUNSET   623 PM EDT
NOVEMBER  1 2014......SUNRISE   756 AM EDT   SUNSET   622 PM EDT


-  INDICATES NEGATIVE NUMBERS.
R  INDICATES RECORD WAS SET OR TIED.
MM INDICATES DATA IS MISSING.
T  INDICATES TRACE AMOUNT.




$$





U.S. Dept. of Commerce
NOAA National Weather Service
1325 East West Highway
Silver Spring, MD 20910
E-mail: w-nws.webmaster@noaa.gov
Page last modified: May 16, 2007
NATIONAL WEATHER SERVICE: for Safety, for Work, for Fun - FOR LIFE