239
CDUS41 KCLE 160533
CLICAK


CLIMATE REPORT
NATIONAL WEATHER SERVICE CLEVELAND OH
132 AM EDT WED APR 16 2014


...................................

...THE AKRON CANTON OH CLIMATE SUMMARY FOR APRIL 15 2014...

CLIMATE NORMAL PERIOD 1981 TO 2010
CLIMATE RECORD PERIOD 1887 TO 2014


WEATHER ITEM   OBSERVED TIME   RECORD YEAR NORMAL DEPARTURE LAST
                VALUE   (LST)  VALUE       VALUE  FROM      YEAR
                                                  NORMAL
..................................................................
TEMPERATURE (F)
 YESTERDAY
  MAXIMUM         49   1216 AM  82    2010  60    -11       68
  MINIMUM         26   1159 PM  18    1943  39    -13       51
  AVERAGE         38                        49    -11       60

PRECIPITATION (IN)
  YESTERDAY        0.20                      0.12   0.08     0.00
  MONTH TO DATE    3.19                      1.80   1.39     2.65
  SINCE MAR 1      5.77                      4.78   0.99     4.71
  SINCE JAN 1      9.28                      9.70  -0.42     8.90

SNOWFALL (IN)
  YESTERDAY        0.9                       0.1    0.8      0.0
  MONTH TO DATE    0.9                       2.1   -1.2       T
  SINCE MAR 1     10.6                      10.3    0.3     10.5
  SINCE JUL 1     69.9                      46.8   23.1     46.9
  SNOW DEPTH       T

DEGREE DAYS
 HEATING
  YESTERDAY       27                        16     11        5
  MONTH TO DATE  207                       279    -72      263
  SINCE MAR 1   1223                      1130     93     1206
  SINCE JUL 1   6046                      5674    372     5467

 COOLING
  YESTERDAY        0                         0      0        0
  MONTH TO DATE    3                         0      3        0
  SINCE MAR 1      3                         0      3        0
  SINCE JAN 1      3                         0      3        0
..................................................................


WIND (MPH)
  HIGHEST WIND SPEED    21   HIGHEST WIND DIRECTION     N (340)
  HIGHEST GUST SPEED    21   HIGHEST GUST DIRECTION     N (340)
  AVERAGE WIND SPEED    12.0


SKY COVER
  POSSIBLE SUNSHINE  MM
  AVERAGE SKY COVER 0.9


WEATHER CONDITIONS
 THE FOLLOWING WEATHER WAS RECORDED YESTERDAY.
  LIGHT RAIN
  LIGHT SNOW
  SLEET
  FOG
  FOG W/VISIBILITY <= 1/4 MILE


RELATIVE HUMIDITY (PERCENT)
 HIGHEST    92           100 AM
 LOWEST     72           300 PM
 AVERAGE    82

..........................................................


THE AKRON CANTON OH CLIMATE NORMALS FOR TODAY
                         NORMAL    RECORD    YEAR
 MAXIMUM TEMPERATURE (F)   60        84      2002
 MINIMUM TEMPERATURE (F)   39        16      1904


SUNRISE AND SUNSET
APRIL 16 2014.........SUNRISE   645 AM EDT   SUNSET   806 PM EDT
APRIL 17 2014.........SUNRISE   644 AM EDT   SUNSET   808 PM EDT


-  INDICATES NEGATIVE NUMBERS.
R  INDICATES RECORD WAS SET OR TIED.
MM INDICATES DATA IS MISSING.
T  INDICATES TRACE AMOUNT.




$$





U.S. Dept. of Commerce
NOAA National Weather Service
1325 East West Highway
Silver Spring, MD 20910
E-mail: w-nws.webmaster@noaa.gov
Page last modified: May 16, 2007
NATIONAL WEATHER SERVICE: for Safety, for Work, for Fun - FOR LIFE