804
CDUS42 KCAE 230635
CLICAE


CLIMATE REPORT
NATIONAL WEATHER SERVICE COLUMBIA SC
135 AM EST SUN NOV 23 2014


...................................

...THE COLUMBIA METRO AIRPORT SC CLIMATE SUMMARY FOR NOVEMBER 22 2014...

CLIMATE NORMAL PERIOD 1981 TO 2010
CLIMATE RECORD PERIOD 1887 TO 2014


WEATHER ITEM   OBSERVED TIME   RECORD YEAR NORMAL DEPARTURE LAST
                VALUE   (LST)  VALUE       VALUE  FROM      YEAR
                                                  NORMAL
..................................................................
TEMPERATURE (F)
 YESTERDAY
  MAXIMUM         63    314 PM  81    1900  65     -2       76
  MINIMUM         27    656 AM  19    2008  41    -14       54
  AVERAGE         45                        53     -8       65

PRECIPITATION (IN)
  YESTERDAY        0.00          1.98 1985   0.10  -0.10      T
  MONTH TO DATE    1.22                      1.96  -0.74     1.29
  SINCE SEP 1      7.08                      8.67  -1.59     5.31
  SINCE JAN 1     35.16                     40.59  -5.43    48.82

SNOWFALL (IN)
  YESTERDAY        0.0          MM      MM   0.0             0.0
  MONTH TO DATE    T                         0.0              T
  SINCE SEP 1      T                         0.0              T
  SINCE JUL 1      T                         0.0              T

DEGREE DAYS
 HEATING
  YESTERDAY       20                        12      8        0
  MONTH TO DATE  333                       210    123      213
  SINCE SEP 1    404                       330     74      284
  SINCE JUL 1    404                       330     74      284

 COOLING
  YESTERDAY        0                         0      0        0
  MONTH TO DATE    4                        14    -10       14
  SINCE SEP 1    497                       398     99      479
  SINCE JAN 1   2531                      2166    365     2172
..................................................................


WIND (MPH)
  HIGHEST WIND SPEED    12   HIGHEST WIND DIRECTION     E (100)
  HIGHEST GUST SPEED    14   HIGHEST GUST DIRECTION     E (100)
  AVERAGE WIND SPEED     3.8


SKY COVER
  AVERAGE SKY COVER 0.3


WEATHER CONDITIONS
 THE FOLLOWING WEATHER WAS RECORDED YESTERDAY.
  NO SIGNIFICANT WEATHER WAS OBSERVED.


RELATIVE HUMIDITY (PERCENT)
 HIGHEST    78           600 AM
 LOWEST     20           300 PM
 AVERAGE    49

..........................................................


THE COLUMBIA METRO AIRPORT SC CLIMATE NORMALS FOR TODAY
                         NORMAL    RECORD    YEAR
 MAXIMUM TEMPERATURE (F)   65        85      1900
 MINIMUM TEMPERATURE (F)   40        20      1976


SUNRISE AND SUNSET
NOVEMBER 23 2014......SUNRISE   704 AM EST   SUNSET   517 PM EST
NOVEMBER 24 2014......SUNRISE   705 AM EST   SUNSET   517 PM EST


-  INDICATES NEGATIVE NUMBERS.
R  INDICATES RECORD WAS SET OR TIED.
MM INDICATES DATA IS MISSING.
T  INDICATES TRACE AMOUNT.




$$





U.S. Dept. of Commerce
NOAA National Weather Service
1325 East West Highway
Silver Spring, MD 20910
E-mail: w-nws.webmaster@noaa.gov
Page last modified: May 16, 2007
NATIONAL WEATHER SERVICE: for Safety, for Work, for Fun - FOR LIFE