131
CDUS45 KTFX 310743
CLIBZN


CLIMATE REPORT
NATIONAL WEATHER SERVICE GREAT FALLS MT
142 AM MDT FRI OCT 31 2014


...................................

...THE BOZEMAN/GALLATIN FIELD MT CLIMATE SUMMARY FOR OCTOBER 30 2014...

CLIMATE NORMAL PERIOD 1981 TO 2010
CLIMATE RECORD PERIOD 1935 TO 2014


WEATHER ITEM   OBSERVED TIME   RECORD YEAR NORMAL DEPARTURE
                VALUE   (LST)  VALUE       VALUE  FROM
                                                  NORMAL
...............................................................
TEMPERATURE (F)
 YESTERDAY
  MAXIMUM         58    327 PM  73    2008  55      3
  MINIMUM         25    108 AM -10    1991  26     -1
  AVERAGE         42                        41      1

PRECIPITATION (IN)
  YESTERDAY        0.00          0.34 1955   0.03  -0.03
  MONTH TO DATE    0.39                      1.07  -0.68
  SINCE OCT 1      0.39                      1.07  -0.68
  SINCE JAN 1     14.00                     12.68   1.32

SNOWFALL (IN)
  YESTERDAY        0.0           1.3  1956   0.1   -0.1
  MONTH TO DATE    0.0                       1.8   -1.8
  SINCE SEP 1      T                         2.1   -2.1
  SINCE JUL 1      T                         2.1   -2.1
  SNOW DEPTH       0

DEGREE DAYS
 HEATING
  YESTERDAY       23                               -1
  MONTH TO DATE  530                              -37
  SINCE SEP 1    835                               30
  SINCE JUL 1    921                               49

 COOLING
  YESTERDAY        0                                0
  MONTH TO DATE    0                                0
  SINCE SEP 1      5                              -17
  SINCE JAN 1    187                             -181
...............................................................


WIND (MPH)
  HIGHEST WIND SPEED     9   HIGHEST WIND DIRECTION    SE (150)
  HIGHEST GUST SPEED    10   HIGHEST GUST DIRECTION    SE (140)
  AVERAGE WIND SPEED     2.0



WEATHER CONDITIONS
 THE FOLLOWING WEATHER WAS RECORDED YESTERDAY.
  NO SIGNIFICANT WEATHER WAS OBSERVED.


RELATIVE HUMIDITY (PERCENT)
 HIGHEST    89
 LOWEST     38
 AVERAGE    64

..........................................................


THE BOZEMAN/GALLATIN FIELD MT CLIMATE NORMALS FOR TODAY
                         NORMAL    RECORD    YEAR
 MAXIMUM TEMPERATURE (F)   54        70      2012
 MINIMUM TEMPERATURE (F)   26        -6      2006


SUNRISE AND SUNSET
OCTOBER 31 2014.......SUNRISE   803 AM MDT   SUNSET   612 PM MDT
NOVEMBER  1 2014......SUNRISE   805 AM MDT   SUNSET   611 PM MDT


-  INDICATES NEGATIVE NUMBERS.
R  INDICATES RECORD WAS SET OR TIED.
MM INDICATES DATA IS MISSING.
T  INDICATES TRACE AMOUNT.




$$





U.S. Dept. of Commerce
NOAA National Weather Service
1325 East West Highway
Silver Spring, MD 20910
E-mail: w-nws.webmaster@noaa.gov
Page last modified: May 16, 2007
NATIONAL WEATHER SERVICE: for Safety, for Work, for Fun - FOR LIFE