341
CDUS45 KTFX 252239
CLIBZN


CLIMATE REPORT
NATIONAL WEATHER SERVICE GREAT FALLS MT
438 PM MDT FRI JUL 25 2014


...................................

...THE BOZEMAN/GALLATIN FIELD MT CLIMATE SUMMARY FOR JULY 25 2014...
VALID TODAY AS OF 0400 PM LOCAL TIME.

CLIMATE NORMAL PERIOD 1981 TO 2010
CLIMATE RECORD PERIOD 1935 TO 2014


WEATHER ITEM   OBSERVED TIME   RECORD YEAR NORMAL DEPARTURE LAST
                VALUE   (LST)  VALUE       VALUE  FROM      YEAR
                                                  NORMAL
..................................................................
TEMPERATURE (F)
 TODAY
  MAXIMUM         81    254 PM 100    1945  90     -9       90
  MINIMUM         39    524 AM  38    1948  52    -13       53
  AVERAGE         60                        71    -11       72

PRECIPITATION (IN)
  TODAY            0.00          0.34 2005   0.03  -0.03     0.00
  MONTH TO DATE    0.38                      0.95  -0.57     0.29
  SINCE OCT 1     10.43                     11.63  -1.20     9.60
  SINCE JAN 1      9.38                      9.25   0.13     7.29

SNOWFALL (IN)
  TODAY            0.0           0.0  1999   0.0    0.0      0.0
                                      1994
  MONTH TO DATE    0.0                       0.0    0.0      0.0
  SINCE JUN 1      0.0                       0.0    0.0      0.0
  SINCE JUL 1      0.0                       0.0    0.0      0.0
  SNOW DEPTH       0

DEGREE DAYS
 HEATING
  TODAY            5                         0      5        0
  MONTH TO DATE   11                        27    -16        2
  SINCE JUN 1    247                       168     79      169
  SINCE JUL 1     11                        27    -16        2

 COOLING
  TODAY            0                         6     -6        7
  MONTH TO DATE  104                       126    -22      119
  SINCE JUN 1    104                       164    -60      146
  SINCE JAN 1    104                       168    -64      148
..................................................................


WIND (MPH)
  HIGHEST WIND SPEED    17   HIGHEST WIND DIRECTION    NW (310)
  HIGHEST GUST SPEED    24   HIGHEST GUST DIRECTION    NW (300)
  AVERAGE WIND SPEED     5.6


SKY COVER
  AVERAGE SKY COVER 0.0


WEATHER CONDITIONS
 THE FOLLOWING WEATHER WAS RECORDED TODAY.
  NO SIGNIFICANT WEATHER WAS OBSERVED.


RELATIVE HUMIDITY (PERCENT)
 HIGHEST    82           600 AM
 LOWEST     19           100 PM
 AVERAGE    51

..........................................................


THE BOZEMAN/GALLATIN FIELD MT CLIMATE NORMALS FOR TOMORROW
                         NORMAL    RECORD    YEAR
 MAXIMUM TEMPERATURE (F)   90        99      2008
 MINIMUM TEMPERATURE (F)   52        40      2005
                                             1999


SUNRISE AND SUNSET
JULY 25 2014..........SUNRISE   600 AM MDT   SUNSET   902 PM MDT
JULY 26 2014..........SUNRISE   601 AM MDT   SUNSET   901 PM MDT


-  INDICATES NEGATIVE NUMBERS.
R  INDICATES RECORD WAS SET OR TIED.
MM INDICATES DATA IS MISSING.
T  INDICATES TRACE AMOUNT.




$$





U.S. Dept. of Commerce
NOAA National Weather Service
1325 East West Highway
Silver Spring, MD 20910
E-mail: w-nws.webmaster@noaa.gov
Page last modified: May 16, 2007
NATIONAL WEATHER SERVICE: for Safety, for Work, for Fun - FOR LIFE