214
CDUS45 KTFX 020956
CLIBZN


CLIMATE REPORT
NATIONAL WEATHER SERVICE GREAT FALLS MT
356 AM MDT TUE SEP 2 2014


...................................

...THE BOZEMAN/GALLATIN FIELD MT CLIMATE SUMMARY FOR SEPTEMBER 1 2014...

CLIMATE NORMAL PERIOD 1981 TO 2010
CLIMATE RECORD PERIOD 1935 TO 2014


WEATHER ITEM   OBSERVED TIME   RECORD YEAR NORMAL DEPARTURE
                VALUE   (LST)  VALUE       VALUE  FROM
                                                  NORMAL
...............................................................
TEMPERATURE (F)
 YESTERDAY
  MAXIMUM         70    435 PM  95    1983  82    -12
  MINIMUM         45   1153 PM  32    2006  45      0
  AVERAGE         58                        64     -6

PRECIPITATION (IN)
  YESTERDAY        0.00          0.55 1944   0.03  -0.03
  MONTH TO DATE    0.00                      0.03  -0.03
  SINCE OCT 1     13.36                     12.91   0.45
  SINCE JAN 1     12.31                     10.53   1.78

SNOWFALL (IN)
  YESTERDAY        0.0           0.0  1999   0.0    0.0
                                      1994
  MONTH TO DATE    0.0                       0.0    0.0
  SINCE SEP 1      0.0                       0.0    0.0
  SINCE JUL 1      0.0                       T      0.0
  SNOW DEPTH       0

DEGREE DAYS
 HEATING
  YESTERDAY        7                                4
  MONTH TO DATE    7                                4
  SINCE SEP 1      7                                4
  SINCE JUL 1     93                               23

 COOLING
  YESTERDAY        0                               -2
  MONTH TO DATE    0                               -2
  SINCE SEP 1      0                               -2
  SINCE JAN 1    182                             -166
...............................................................


WIND (MPH)
  HIGHEST WIND SPEED    13   HIGHEST WIND DIRECTION     W (280)
  HIGHEST GUST SPEED    18   HIGHEST GUST DIRECTION     W (280)
  AVERAGE WIND SPEED     3.3



WEATHER CONDITIONS
 THE FOLLOWING WEATHER WAS RECORDED YESTERDAY.
  NO SIGNIFICANT WEATHER WAS OBSERVED.


RELATIVE HUMIDITY (PERCENT)
 HIGHEST    86
 LOWEST     28
 AVERAGE    57

..........................................................


THE BOZEMAN/GALLATIN FIELD MT CLIMATE NORMALS FOR TODAY
                         NORMAL    RECORD    YEAR
 MAXIMUM TEMPERATURE (F)   82        99      2007
 MINIMUM TEMPERATURE (F)   45        29      1959


SUNRISE AND SUNSET
SEPTEMBER  2 2014.....SUNRISE   647 AM MDT   SUNSET   801 PM MDT
SEPTEMBER  3 2014.....SUNRISE   648 AM MDT   SUNSET   759 PM MDT


-  INDICATES NEGATIVE NUMBERS.
R  INDICATES RECORD WAS SET OR TIED.
MM INDICATES DATA IS MISSING.
T  INDICATES TRACE AMOUNT.




$$





U.S. Dept. of Commerce
NOAA National Weather Service
1325 East West Highway
Silver Spring, MD 20910
E-mail: w-nws.webmaster@noaa.gov
Page last modified: May 16, 2007
NATIONAL WEATHER SERVICE: for Safety, for Work, for Fun - FOR LIFE