839
CDUS45 KTFX 241028
CLIBZN


CLIMATE REPORT
NATIONAL WEATHER SERVICE GREAT FALLS MT
428 AM MDT FRI OCT 24 2014


...................................

...THE BOZEMAN/GALLATIN FIELD MT CLIMATE SUMMARY FOR OCTOBER 23 2014...

CLIMATE NORMAL PERIOD 1981 TO 2010
CLIMATE RECORD PERIOD 1935 TO 2014


WEATHER ITEM   OBSERVED TIME   RECORD YEAR NORMAL DEPARTURE
                VALUE   (LST)  VALUE       VALUE  FROM
                                                  NORMAL
...............................................................
TEMPERATURE (F)
 YESTERDAY
  MAXIMUM         66    235 PM  73    2007  58      8
                                      1948
  MINIMUM         35    134 AM   9    1975  29      6
  AVERAGE         51                        43      8

PRECIPITATION (IN)
  YESTERDAY        0.00          0.51 1983   0.03  -0.03
  MONTH TO DATE    0.37                      0.86  -0.49
  SINCE OCT 1      0.37                      0.86  -0.49
  SINCE JAN 1     13.98                     12.47   1.51

SNOWFALL (IN)
  YESTERDAY        0.0           2.0  1975   0.0    0.0
  MONTH TO DATE    0.0                       1.2   -1.2
  SINCE SEP 1      T                         1.5   -1.5
  SINCE JUL 1      T                         1.5   -1.5
  SNOW DEPTH       0

DEGREE DAYS
 HEATING
  YESTERDAY       14                               -8
  MONTH TO DATE  367                              -38
  SINCE SEP 1    672                               29
  SINCE JUL 1    758                               48

 COOLING
  YESTERDAY        0                                0
  MONTH TO DATE    0                                0
  SINCE SEP 1      5                              -17
  SINCE JAN 1    187                             -181
...............................................................


WIND (MPH)
  HIGHEST WIND SPEED    24   HIGHEST WIND DIRECTION     W (250)
  HIGHEST GUST SPEED    32   HIGHEST GUST DIRECTION     W (250)
  AVERAGE WIND SPEED     6.8



WEATHER CONDITIONS
 THE FOLLOWING WEATHER WAS RECORDED YESTERDAY.
  NO SIGNIFICANT WEATHER WAS OBSERVED.


RELATIVE HUMIDITY (PERCENT)
 HIGHEST    82
 LOWEST     28
 AVERAGE    55

..........................................................


THE BOZEMAN/GALLATIN FIELD MT CLIMATE NORMALS FOR TODAY
                         NORMAL    RECORD    YEAR
 MAXIMUM TEMPERATURE (F)   58        77      2007
 MINIMUM TEMPERATURE (F)   28         6      1975


SUNRISE AND SUNSET
OCTOBER 24 2014.......SUNRISE   754 AM MDT   SUNSET   623 PM MDT
OCTOBER 25 2014.......SUNRISE   755 AM MDT   SUNSET   622 PM MDT


-  INDICATES NEGATIVE NUMBERS.
R  INDICATES RECORD WAS SET OR TIED.
MM INDICATES DATA IS MISSING.
T  INDICATES TRACE AMOUNT.




$$





U.S. Dept. of Commerce
NOAA National Weather Service
1325 East West Highway
Silver Spring, MD 20910
E-mail: w-nws.webmaster@noaa.gov
Page last modified: May 16, 2007
NATIONAL WEATHER SERVICE: for Safety, for Work, for Fun - FOR LIFE