758
CDUS45 KPIH 202325
CLIBYI


CLIMATE REPORT
NATIONAL WEATHER SERVICE POCATELLO ID
524 PM MDT SAT SEP 20 2014


...................................

...THE BURLEY ID CLIMATE SUMMARY FOR SEPTEMBER 20 2014...
VALID TODAY AS OF 0500 PM LOCAL TIME.

CLIMATE NORMAL PERIOD 1981 TO 2010
CLIMATE RECORD PERIOD 1948 TO 2014


WEATHER ITEM   OBSERVED TIME   RECORD YEAR NORMAL DEPARTURE LAST
                VALUE   (LST)  VALUE       VALUE  FROM      YEAR
                                                  NORMAL
..................................................................
TEMPERATURE (F)
 TODAY
  MAXIMUM         83    359 PM  89    1991  72     11       80
  MINIMUM         45    648 AM  27    1983  42      3       39
  AVERAGE         64                        57      7       60

PRECIPITATION (IN)
  TODAY            0.00          0.69 1963   0.02  -0.02     0.00
  MONTH TO DATE    T                         0.34  -0.34     1.22
  SINCE OCT 1     10.09                      9.93   0.16     7.52
  SINCE JAN 1      9.48                      7.10   2.38     3.92

SNOWFALL (IN)
  TODAY           MM
  MONTH TO DATE   MM
  SINCE SEP 1     MM
  SINCE JUL 1     MM
  SNOW DEPTH      MM

DEGREE DAYS
 HEATING
  TODAY            1                         8     -7        5
  MONTH TO DATE   67                       109    -42       35
  SINCE SEP 1     67                       109    -42       35
  SINCE JUL 1     97                       166    -69       35

 COOLING
  TODAY            0                         0      0        0
  MONTH TO DATE   19                        19      0       53
  SINCE SEP 1     19                        19      0       53
  SINCE JAN 1    420                       363     57      641
..................................................................


WIND (MPH)
  HIGHEST WIND SPEED     7   HIGHEST WIND DIRECTION     E (90)
  HIGHEST GUST SPEED    10   HIGHEST GUST DIRECTION    NE (50)
  AVERAGE WIND SPEED     2.5


SKY COVER
  POSSIBLE SUNSHINE  MM
  AVERAGE SKY COVER 0.0


WEATHER CONDITIONS
 THE FOLLOWING WEATHER WAS RECORDED TODAY.
  NO SIGNIFICANT WEATHER WAS OBSERVED.


RELATIVE HUMIDITY (PERCENT)
 HIGHEST    86           400 AM
 LOWEST     23           300 PM
 AVERAGE    55

..........................................................


THE BURLEY ID CLIMATE NORMALS FOR TOMORROW
                         NORMAL    RECORD    YEAR
 MAXIMUM TEMPERATURE (F)   72        90      1979
 MINIMUM TEMPERATURE (F)   41        25      1983


SUNRISE AND SUNSET
SEPTEMBER 20 2014.....SUNRISE   720 AM MDT   SUNSET   736 PM MDT
SEPTEMBER 21 2014.....SUNRISE   721 AM MDT   SUNSET   734 PM MDT


-  INDICATES NEGATIVE NUMBERS.
R  INDICATES RECORD WAS SET OR TIED.
MM INDICATES DATA IS MISSING.
T  INDICATES TRACE AMOUNT.




$$






U.S. Dept. of Commerce
NOAA National Weather Service
1325 East West Highway
Silver Spring, MD 20910
E-mail: w-nws.webmaster@noaa.gov
Page last modified: May 16, 2007
NATIONAL WEATHER SERVICE: for Safety, for Work, for Fun - FOR LIFE