515
CDUS45 KRIW 290740
CLIBYG


CLIMATE REPORT
NATIONAL WEATHER SERVICE RIVERTON WY
1239 AM MST THU JAN 29 2015


...................................

...THE BUFFALO WY CLIMATE SUMMARY FOR JANUARY 28 2015...

CLIMATE NORMAL PERIOD 1981 TO 2010
CLIMATE RECORD PERIOD 1998 TO 2015


WEATHER ITEM   OBSERVED TIME   RECORD YEAR NORMAL DEPARTURE LAST
                VALUE   (LST)  VALUE       VALUE  FROM      YEAR
                                                  NORMAL
..................................................................
TEMPERATURE (F)
 YESTERDAY
  MAXIMUM         52   1245 AM  53    2011  38     14       27
  MINIMUM         30   1159 PM -12    2004  17     13        0
  AVERAGE         41                        27     14       14

PRECIPITATION (IN)
  YESTERDAY        T             0.07 2002   0.02  -0.02     0.00
  MONTH TO DATE    0.16                      0.37  -0.21     0.21
  SINCE DEC 1      0.24                      0.77  -0.53     0.45
  SINCE JAN 1      0.16                      0.37  -0.21     0.21

DEGREE DAYS
 HEATING
  YESTERDAY       24                        38    -14       51
  MONTH TO DATE  975                      1044    -69     1021
  SINCE DEC 1   1889                      2257   -368     2111
  SINCE JUL 1   3645                      4091   -446     3819

 COOLING
  YESTERDAY        0                         0      0        0
  MONTH TO DATE    0                         0      0        0
  SINCE DEC 1      0                         0      0        0
  SINCE JAN 1      0                         0      0        0
..................................................................


WIND (MPH)
  HIGHEST WIND SPEED    35   HIGHEST WIND DIRECTION     N (340)
  HIGHEST GUST SPEED    45   HIGHEST GUST DIRECTION     N (340)
  AVERAGE WIND SPEED    16.2


SKY COVER
  POSSIBLE SUNSHINE  MM
  AVERAGE SKY COVER 0.8


WEATHER CONDITIONS
 THE FOLLOWING WEATHER WAS RECORDED YESTERDAY.
  LIGHT RAIN


RELATIVE HUMIDITY (PERCENT)
 HIGHEST    89          1000 PM
 LOWEST     32           100 AM
 AVERAGE    61

..........................................................


THE BUFFALO WY CLIMATE NORMALS FOR TODAY
                         NORMAL    RECORD    YEAR
 MAXIMUM TEMPERATURE (F)   37        54      2012
 MINIMUM TEMPERATURE (F)   17        -9      2008


SUNRISE AND SUNSET
JANUARY 29 2015.......SUNRISE   729 AM MST   SUNSET   512 PM MST
JANUARY 30 2015.......SUNRISE   727 AM MST   SUNSET   513 PM MST


-  INDICATES NEGATIVE NUMBERS.
R  INDICATES RECORD WAS SET OR TIED.
MM INDICATES DATA IS MISSING.
T  INDICATES TRACE AMOUNT.




$$





U.S. Dept. of Commerce
NOAA National Weather Service
1325 East West Highway
Silver Spring, MD 20910
E-mail: w-nws.webmaster@noaa.gov
Page last modified: May 16, 2007
NATIONAL WEATHER SERVICE: for Safety, for Work, for Fun - FOR LIFE