577
CDUS45 KRIW 210732
CLIBYG


CLIMATE REPORT
NATIONAL WEATHER SERVICE RIVERTON WY
130 AM MDT SUN SEP 21 2014


...................................

...THE BUFFALO WY CLIMATE SUMMARY FOR SEPTEMBER 20 2014...

CLIMATE NORMAL PERIOD 1981 TO 2010
CLIMATE RECORD PERIOD 1998 TO 2014


WEATHER ITEM   OBSERVED TIME   RECORD YEAR NORMAL DEPARTURE LAST
                VALUE   (LST)  VALUE       VALUE  FROM      YEAR
                                                  NORMAL
..................................................................
TEMPERATURE (F)
 YESTERDAY
  MAXIMUM         70    154 PM  81    2007  69      1       76
  MINIMUM         49   1116 PM  34    2000  43      6       41
  AVERAGE         60                        56      4       59

PRECIPITATION (IN)
  YESTERDAY        0.00          0.43 1998   0.05  -0.05     0.00
  MONTH TO DATE    0.84                      0.77   0.07     2.02
  SINCE SEP 1      0.84                      0.77   0.07     2.02
  SINCE JAN 1     11.05                     11.04   0.01     6.44

DEGREE DAYS
 HEATING
  YESTERDAY        5                        10     -5        6
  MONTH TO DATE  192                       127     65       35
  SINCE SEP 1    192                       127     65       35
  SINCE JUL 1    251                       192     59       36

 COOLING
  YESTERDAY        0                         1     -1        0
  MONTH TO DATE   26                        41    -15       93
  SINCE SEP 1     26                        41    -15       93
  SINCE JAN 1    360                       487   -127      707
..................................................................


WIND (MPH)
  HIGHEST WIND SPEED    25   HIGHEST WIND DIRECTION     N (350)
  HIGHEST GUST SPEED    37   HIGHEST GUST DIRECTION     N (350)
  AVERAGE WIND SPEED    11.5


SKY COVER
  POSSIBLE SUNSHINE  MM
  AVERAGE SKY COVER 0.1


WEATHER CONDITIONS
 THE FOLLOWING WEATHER WAS RECORDED YESTERDAY.
  NO SIGNIFICANT WEATHER WAS OBSERVED.


RELATIVE HUMIDITY (PERCENT)
 HIGHEST    77          1200 AM
 LOWEST     33           300 PM
 AVERAGE    55

..........................................................


THE BUFFALO WY CLIMATE NORMALS FOR TODAY
                         NORMAL    RECORD    YEAR
 MAXIMUM TEMPERATURE (F)   68        85      2013
 MINIMUM TEMPERATURE (F)   43        31      2000


SUNRISE AND SUNSET
SEPTEMBER 21 2014.....SUNRISE   653 AM MDT   SUNSET   706 PM MDT
SEPTEMBER 22 2014.....SUNRISE   654 AM MDT   SUNSET   704 PM MDT


-  INDICATES NEGATIVE NUMBERS.
R  INDICATES RECORD WAS SET OR TIED.
MM INDICATES DATA IS MISSING.
T  INDICATES TRACE AMOUNT.




$$





U.S. Dept. of Commerce
NOAA National Weather Service
1325 East West Highway
Silver Spring, MD 20910
E-mail: w-nws.webmaster@noaa.gov
Page last modified: May 16, 2007
NATIONAL WEATHER SERVICE: for Safety, for Work, for Fun - FOR LIFE