510
CDUS45 KRIW 230758
CLIBYG


CLIMATE REPORT
NATIONAL WEATHER SERVICE RIVERTON WY
157 AM MDT WED APR 23 2014


...................................

...THE BUFFALO WY CLIMATE SUMMARY FOR APRIL 22 2014...

CLIMATE NORMAL PERIOD 1981 TO 2010
CLIMATE RECORD PERIOD 1998 TO 2014


WEATHER ITEM   OBSERVED TIME   RECORD YEAR NORMAL DEPARTURE LAST
                VALUE   (LST)  VALUE       VALUE  FROM      YEAR
                                                  NORMAL
..................................................................
TEMPERATURE (F)
 YESTERDAY
  MAXIMUM         71    343 PM  77    2009  56     15       25
  MINIMUM         45    410 AM  11    2013  35     10       11
  AVERAGE         58                        45     13       18

PRECIPITATION (IN)
  YESTERDAY        T             0.48 1999   0.04  -0.04     0.06
  MONTH TO DATE    0.59                      0.74  -0.15     0.66
  SINCE MAR 1      1.20                      1.66  -0.46     0.74
  SINCE JAN 1      1.56                      2.43  -0.87     1.35

DEGREE DAYS
 HEATING
  YESTERDAY        7                        20    -13       47
  MONTH TO DATE  501                       508     -7      657
  SINCE MAR 1   1497                      1458     39     1592
  SINCE JUL 1   6741                      6698     43     6541

 COOLING
  YESTERDAY        0                         0      0        0
  MONTH TO DATE    0                         0      0        0
  SINCE MAR 1      0                         0      0        0
  SINCE JAN 1      0                         0      0        0
..................................................................


WIND (MPH)
  HIGHEST WIND SPEED    35   HIGHEST WIND DIRECTION     S (180)
  HIGHEST GUST SPEED    48   HIGHEST GUST DIRECTION     S (180)
  AVERAGE WIND SPEED     9.1


SKY COVER
  POSSIBLE SUNSHINE  MM
  AVERAGE SKY COVER 0.1


WEATHER CONDITIONS
 THE FOLLOWING WEATHER WAS RECORDED YESTERDAY.
  LIGHT RAIN


RELATIVE HUMIDITY (PERCENT)
 HIGHEST    63          1100 PM
 LOWEST     25           200 PM
 AVERAGE    44

..........................................................


THE BUFFALO WY CLIMATE NORMALS FOR TODAY
                         NORMAL    RECORD    YEAR
 MAXIMUM TEMPERATURE (F)   56        82      2012
 MINIMUM TEMPERATURE (F)   35         8      2013


SUNRISE AND SUNSET
APRIL 23 2014.........SUNRISE   610 AM MDT   SUNSET   801 PM MDT
APRIL 24 2014.........SUNRISE   608 AM MDT   SUNSET   803 PM MDT


-  INDICATES NEGATIVE NUMBERS.
R  INDICATES RECORD WAS SET OR TIED.
MM INDICATES DATA IS MISSING.
T  INDICATES TRACE AMOUNT.




$$






U.S. Dept. of Commerce
NOAA National Weather Service
1325 East West Highway
Silver Spring, MD 20910
E-mail: w-nws.webmaster@noaa.gov
Page last modified: May 16, 2007
NATIONAL WEATHER SERVICE: for Safety, for Work, for Fun - FOR LIFE