139
CDUS45 KRIW 010746
CLIBYG


CLIMATE REPORT
NATIONAL WEATHER SERVICE RIVERTON WY
137 AM MDT MON SEP 1 2014


...................................

...THE BUFFALO WY CLIMATE SUMMARY FOR AUGUST 31 2014...

CLIMATE NORMAL PERIOD 1981 TO 2010
CLIMATE RECORD PERIOD 1998 TO 2014


WEATHER ITEM   OBSERVED TIME   RECORD YEAR NORMAL DEPARTURE LAST
                VALUE   (LST)  VALUE       VALUE  FROM      YEAR
                                                  NORMAL
..................................................................
TEMPERATURE (F)
 YESTERDAY
  MAXIMUM         67    354 PM  94    2011  80    -13       80
                                      2007
  MINIMUM         50   1159 PM  39    2005  51     -1       59
  AVERAGE         59                        66     -7       70

PRECIPITATION (IN)
  YESTERDAY        0.10R         T    2012   0.02   0.08     0.00
                                      2008
                                      2000
  MONTH TO DATE    2.60                      0.81   1.79     0.23
  SINCE JUN 1      6.45                      4.75   1.70     1.29
  SINCE JAN 1     10.21                     10.27  -0.06     4.42

DEGREE DAYS
 HEATING
  YESTERDAY        6                         3      3        0
  MONTH TO DATE   48                        42      6        0
  SINCE JUN 1    265                       228     37      101
  SINCE JUL 1     59                        65     -6        1

 COOLING
  YESTERDAY        0                         4     -4        5
  MONTH TO DATE  129                       185    -56      269
  SINCE JUN 1    323                       439   -116      604
  SINCE JAN 1    334                       446   -112      614
..................................................................


WIND (MPH)
  HIGHEST WIND SPEED    24   HIGHEST WIND DIRECTION    NW (310)
  HIGHEST GUST SPEED    30   HIGHEST GUST DIRECTION    NW (320)
  AVERAGE WIND SPEED     9.2


SKY COVER
  POSSIBLE SUNSHINE  MM
  AVERAGE SKY COVER 0.8


WEATHER CONDITIONS
 THE FOLLOWING WEATHER WAS RECORDED YESTERDAY.
  THUNDERSTORM
  LIGHT RAIN


RELATIVE HUMIDITY (PERCENT)
 HIGHEST    83           200 AM
 LOWEST     42           400 PM
 AVERAGE    63

..........................................................


THE BUFFALO WY CLIMATE NORMALS FOR TODAY
                         NORMAL    RECORD    YEAR
 MAXIMUM TEMPERATURE (F)   79        93      2004
 MINIMUM TEMPERATURE (F)   51        39      2008


SUNRISE AND SUNSET
SEPTEMBER  1 2014.....SUNRISE   630 AM MDT   SUNSET   743 PM MDT
SEPTEMBER  2 2014.....SUNRISE   631 AM MDT   SUNSET   741 PM MDT


-  INDICATES NEGATIVE NUMBERS.
R  INDICATES RECORD WAS SET OR TIED.
MM INDICATES DATA IS MISSING.
T  INDICATES TRACE AMOUNT.




$$






U.S. Dept. of Commerce
NOAA National Weather Service
1325 East West Highway
Silver Spring, MD 20910
E-mail: w-nws.webmaster@noaa.gov
Page last modified: May 16, 2007
NATIONAL WEATHER SERVICE: for Safety, for Work, for Fun - FOR LIFE