335
CDUS45 KRIW 220741
CLIBYG


CLIMATE REPORT
NATIONAL WEATHER SERVICE RIVERTON WY
1241 AM MST MON DEC 22 2014


...................................

...THE BUFFALO WY CLIMATE SUMMARY FOR DECEMBER 21 2014...

CLIMATE NORMAL PERIOD 1981 TO 2010
CLIMATE RECORD PERIOD 1998 TO 2014


WEATHER ITEM   OBSERVED TIME   RECORD YEAR NORMAL DEPARTURE LAST
                VALUE   (LST)  VALUE       VALUE  FROM      YEAR
                                                  NORMAL
..................................................................
TEMPERATURE (F)
 YESTERDAY
  MAXIMUM         48    139 PM  56    2005  36     12       27
  MINIMUM         24    251 AM -24    1998  15      9       13
  AVERAGE         36                        26     10       20

PRECIPITATION (IN)
  YESTERDAY        T             0.16 1999   0.01  -0.01      T
  MONTH TO DATE    T                         0.29  -0.29     0.18
  SINCE DEC 1      T                         0.29  -0.29     0.18
  SINCE JAN 1     11.86                     13.34  -1.48    10.31

DEGREE DAYS
 HEATING
  YESTERDAY       29                        39    -10       45
  MONTH TO DATE  444                       827   -383      742
  SINCE DEC 1    444                       827   -383      742
  SINCE JUL 1   2200                      2661   -461     2450

 COOLING
  YESTERDAY        0                         0      0        0
  MONTH TO DATE    0                         0      0        0
  SINCE DEC 1      0                         0      0        0
  SINCE JAN 1    387                       492   -105      709
..................................................................


WIND (MPH)
  HIGHEST WIND SPEED    46   HIGHEST WIND DIRECTION    NW (320)
  HIGHEST GUST SPEED    55   HIGHEST GUST DIRECTION     W (280)
  AVERAGE WIND SPEED    13.5


SKY COVER
  POSSIBLE SUNSHINE  MM
  AVERAGE SKY COVER 0.5


WEATHER CONDITIONS
 THE FOLLOWING WEATHER WAS RECORDED YESTERDAY.
  LIGHT RAIN


RELATIVE HUMIDITY (PERCENT)
 HIGHEST    92          1100 PM
 LOWEST     33           500 PM
 AVERAGE    63

..........................................................


THE BUFFALO WY CLIMATE NORMALS FOR TODAY
                         NORMAL    RECORD    YEAR
 MAXIMUM TEMPERATURE (F)   37        58      2005
 MINIMUM TEMPERATURE (F)   15        -5      1998


SUNRISE AND SUNSET
DECEMBER 22 2014......SUNRISE   740 AM MST   SUNSET   431 PM MST
DECEMBER 23 2014......SUNRISE   741 AM MST   SUNSET   431 PM MST


-  INDICATES NEGATIVE NUMBERS.
R  INDICATES RECORD WAS SET OR TIED.
MM INDICATES DATA IS MISSING.
T  INDICATES TRACE AMOUNT.




$$





U.S. Dept. of Commerce
NOAA National Weather Service
1325 East West Highway
Silver Spring, MD 20910
E-mail: w-nws.webmaster@noaa.gov
Page last modified: May 16, 2007
NATIONAL WEATHER SERVICE: for Safety, for Work, for Fun - FOR LIFE