693
CDUS45 KRIW 300735
CLIBYG


CLIMATE REPORT
NATIONAL WEATHER SERVICE RIVERTON WY
134 AM MDT SAT AUG 30 2014


...................................

...THE BUFFALO WY CLIMATE SUMMARY FOR AUGUST 29 2014...

CLIMATE NORMAL PERIOD 1981 TO 2010
CLIMATE RECORD PERIOD 1998 TO 2014


WEATHER ITEM   OBSERVED TIME   RECORD YEAR NORMAL DEPARTURE LAST
                VALUE   (LST)  VALUE       VALUE  FROM      YEAR
                                                  NORMAL
..................................................................
TEMPERATURE (F)
 YESTERDAY
  MAXIMUM         75    434 PM  99    2012  81     -6       91
  MINIMUM         56    736 AM  47    2009  52      4       60
                                      2003
  AVERAGE         66                        66      0       76

PRECIPITATION (IN)
  YESTERDAY        0.01          0.25 2011   0.02  -0.01      T
  MONTH TO DATE    2.25                      0.78   1.47     0.23
  SINCE JUN 1      6.10                      4.72   1.38     1.29
  SINCE JAN 1      9.86                     10.24  -0.38     4.42

DEGREE DAYS
 HEATING
  YESTERDAY        0                         3     -3        0
  MONTH TO DATE   42                        36      6        0
  SINCE JUN 1    259                       224     35      101
  SINCE JUL 1     53                        61     -8        1

 COOLING
  YESTERDAY        1                         4     -3       11
  MONTH TO DATE  128                       176    -48      249
  SINCE JUN 1    322                       430   -108      584
  SINCE JAN 1    333                       437   -104      594
..................................................................


WIND (MPH)
  HIGHEST WIND SPEED    32   HIGHEST WIND DIRECTION    NW (320)
  HIGHEST GUST SPEED    43   HIGHEST GUST DIRECTION    NW (310)
  AVERAGE WIND SPEED     9.1


SKY COVER
  POSSIBLE SUNSHINE  MM
  AVERAGE SKY COVER 0.2


WEATHER CONDITIONS
 THE FOLLOWING WEATHER WAS RECORDED YESTERDAY.
  THUNDERSTORM
  LIGHT RAIN
  HAZE


RELATIVE HUMIDITY (PERCENT)
 HIGHEST    80           700 AM
 LOWEST     35           500 PM
 AVERAGE    58

..........................................................


THE BUFFALO WY CLIMATE NORMALS FOR TODAY
                         NORMAL    RECORD    YEAR
 MAXIMUM TEMPERATURE (F)   80        96      2008
 MINIMUM TEMPERATURE (F)   52        45      2005


SUNRISE AND SUNSET
AUGUST 30 2014........SUNRISE   627 AM MDT   SUNSET   747 PM MDT
AUGUST 31 2014........SUNRISE   629 AM MDT   SUNSET   745 PM MDT


-  INDICATES NEGATIVE NUMBERS.
R  INDICATES RECORD WAS SET OR TIED.
MM INDICATES DATA IS MISSING.
T  INDICATES TRACE AMOUNT.




$$





U.S. Dept. of Commerce
NOAA National Weather Service
1325 East West Highway
Silver Spring, MD 20910
E-mail: w-nws.webmaster@noaa.gov
Page last modified: May 16, 2007
NATIONAL WEATHER SERVICE: for Safety, for Work, for Fun - FOR LIFE