043
CDUS41 KLWX 230546
CLIBWI


CLIMATE REPORT
NATIONAL WEATHER SERVICE BALTIMORE MD/WASHINGTON DC
145 AM EDT TUE SEP 23 2014


...................................

...THE BALTIMORE MD CLIMATE SUMMARY FOR SEPTEMBER 22 2014...

CLIMATE NORMAL PERIOD 1981 TO 2010
CLIMATE RECORD PERIOD 1870 TO 2014


WEATHER ITEM   OBSERVED TIME   RECORD YEAR NORMAL DEPARTURE LAST
                VALUE   (LST)  VALUE       VALUE  FROM      YEAR
                                                  NORMAL
..................................................................
TEMPERATURE (F)
 YESTERDAY
  MAXIMUM         73    204 PM  99    1931  76     -3       73
  MINIMUM         52   1137 PM  37    1962  55     -3       53
  AVERAGE         63                        65     -2       63

PRECIPITATION (IN)
  YESTERDAY        0.00          2.62 1994   0.14  -0.14     0.00
  MONTH TO DATE    0.95                      2.89  -1.94     1.65
  SINCE SEP 1      0.95                      2.89  -1.94     1.65
  SINCE JAN 1     39.22                     30.74   8.48    27.22

SNOWFALL (IN)
  YESTERDAY        0.0          MM      MM   0.0    0.0
  MONTH TO DATE    0.0                       0.0    0.0
  SINCE JUL 1      0.0                       0.0    0.0
  SNOW DEPTH       0

DEGREE DAYS
 HEATING
  YESTERDAY        2                         3     -1        2
  MONTH TO DATE   20                        21     -1       26
  SINCE SEP 1     20                        21     -1       26
  SINCE JUL 1     20                        22     -2       26

 COOLING
  YESTERDAY        0                         3     -3        0
  MONTH TO DATE  144                       117     27      143
  SINCE SEP 1    144                       117     27      143
  SINCE JAN 1   1061                      1127    -66     1288
..................................................................


WIND (MPH)
  HIGHEST WIND SPEED    23   HIGHEST WIND DIRECTION    NW (310)
  HIGHEST GUST SPEED    32   HIGHEST GUST DIRECTION    NW (310)
  AVERAGE WIND SPEED    11.2


SKY COVER
  POSSIBLE SUNSHINE  MM
  AVERAGE SKY COVER 0.5


WEATHER CONDITIONS
 THE FOLLOWING WEATHER WAS RECORDED YESTERDAY.
  NO SIGNIFICANT WEATHER WAS OBSERVED.


RELATIVE HUMIDITY (PERCENT)
 HIGHEST    67           600 AM
 LOWEST     38           100 PM
 AVERAGE    53

..........................................................


THE BALTIMORE MD CLIMATE NORMALS FOR TODAY
                         NORMAL    RECORD    YEAR
 MAXIMUM TEMPERATURE (F)   75        98      1970
 MINIMUM TEMPERATURE (F)   55        40      1983
                                             1904


SUNRISE AND SUNSET
SEPTEMBER 23 2014.....SUNRISE   655 AM EDT   SUNSET   702 PM EDT
SEPTEMBER 24 2014.....SUNRISE   656 AM EDT   SUNSET   700 PM EDT


-  INDICATES NEGATIVE NUMBERS.
R  INDICATES RECORD WAS SET OR TIED.
MM INDICATES DATA IS MISSING.
T  INDICATES TRACE AMOUNT.




$$






U.S. Dept. of Commerce
NOAA National Weather Service
1325 East West Highway
Silver Spring, MD 20910
E-mail: w-nws.webmaster@noaa.gov
Page last modified: May 16, 2007
NATIONAL WEATHER SERVICE: for Safety, for Work, for Fun - FOR LIFE