352
CDUS41 KLWX 220522
CLIBWI


CLIMATE REPORT
NATIONAL WEATHER SERVICE BALTIMORE MD/WASHINGTON DC
1221 AM EST SAT NOV 22 2014


...................................

...THE BALTIMORE MD CLIMATE SUMMARY FOR NOVEMBER 21 2014...

CLIMATE NORMAL PERIOD 1981 TO 2010
CLIMATE RECORD PERIOD 1870 TO 2014


WEATHER ITEM   OBSERVED TIME   RECORD YEAR NORMAL DEPARTURE LAST
                VALUE   (LST)  VALUE       VALUE  FROM      YEAR
                                                  NORMAL
..................................................................
TEMPERATURE (F)
 YESTERDAY
  MAXIMUM         37    230 PM  79    1900  54    -17       49
  MINIMUM         21   1140 PM  16    1951  35    -14       27
  AVERAGE         29                        45    -16       38

PRECIPITATION (IN)
  YESTERDAY        0.00          3.39 1952   0.11  -0.11     0.00
  MONTH TO DATE    1.80                      2.28  -0.48     0.54
  SINCE SEP 1      9.17                      9.64  -0.47     9.81
  SINCE JAN 1     47.44                     37.49   9.95    35.38

SNOWFALL (IN)
  YESTERDAY        0.0           T    2008   0.0    0.0
                                      1987
                                      1974
  MONTH TO DATE    T                         0.1   -0.1
  SINCE JUL 1      T                         0.1   -0.1
  SNOW DEPTH       0

DEGREE DAYS
 HEATING
  YESTERDAY       36                        20     16       27
  MONTH TO DATE  446                       358     88      378
  SINCE SEP 1    698                       704     -6      667
  SINCE JUL 1    698                       705     -7      667

 COOLING
  YESTERDAY        0                         0      0        0
  MONTH TO DATE    0                         0      0        0
  SINCE SEP 1    167                       153     14      194
  SINCE JAN 1   1084                      1163    -79     1339
..................................................................


WIND (MPH)
  HIGHEST WIND SPEED    21   HIGHEST WIND DIRECTION    NW (310)
  HIGHEST GUST SPEED    28   HIGHEST GUST DIRECTION    NW (320)
  AVERAGE WIND SPEED     7.9


SKY COVER
  POSSIBLE SUNSHINE  MM
  AVERAGE SKY COVER 0.1


WEATHER CONDITIONS
 THE FOLLOWING WEATHER WAS RECORDED YESTERDAY.
  NO SIGNIFICANT WEATHER WAS OBSERVED.


RELATIVE HUMIDITY (PERCENT)
 HIGHEST    60          1100 PM
 LOWEST     27           200 PM
 AVERAGE    44

..........................................................


THE BALTIMORE MD CLIMATE NORMALS FOR TODAY
                         NORMAL    RECORD    YEAR
 MAXIMUM TEMPERATURE (F)   54        76      1940
 MINIMUM TEMPERATURE (F)   35        15      1880


SUNRISE AND SUNSET
NOVEMBER 22 2014......SUNRISE   658 AM EST   SUNSET   448 PM EST
NOVEMBER 23 2014......SUNRISE   659 AM EST   SUNSET   447 PM EST


-  INDICATES NEGATIVE NUMBERS.
R  INDICATES RECORD WAS SET OR TIED.
MM INDICATES DATA IS MISSING.
T  INDICATES TRACE AMOUNT.




$$






U.S. Dept. of Commerce
NOAA National Weather Service
1325 East West Highway
Silver Spring, MD 20910
E-mail: w-nws.webmaster@noaa.gov
Page last modified: May 16, 2007
NATIONAL WEATHER SERVICE: for Safety, for Work, for Fun - FOR LIFE