191
CDUS41 KLWX 230521
CLIBWI


CLIMATE REPORT
NATIONAL WEATHER SERVICE BALTIMORE MD/WASHINGTON DC
121 AM EDT WED APR 23 2014


...................................

...THE BALTIMORE MD CLIMATE SUMMARY FOR APRIL 22 2014...

CLIMATE NORMAL PERIOD 1981 TO 2010
CLIMATE RECORD PERIOD 1870 TO 2014


WEATHER ITEM   OBSERVED TIME   RECORD YEAR NORMAL DEPARTURE LAST
                VALUE   (LST)  VALUE       VALUE  FROM      YEAR
                                                  NORMAL
..................................................................
TEMPERATURE (F)
 YESTERDAY
  MAXIMUM         76   1149 AM  93    1985  67      9       55
  MINIMUM         47    605 AM  32    1875  45      2       35
  AVERAGE         62                        56      6       45

PRECIPITATION (IN)
  YESTERDAY        0.26          1.54 1972   0.10   0.16     0.00
  MONTH TO DATE    3.35                      2.35   1.00     1.72
  SINCE MAR 1      7.73                      6.25   1.48     4.36
  SINCE JAN 1     15.02                     12.20   2.82     9.95

SNOWFALL (IN)
  YESTERDAY        0.0           T    1984   0.0    0.0
                                      1927
  MONTH TO DATE    T                         0.0    0.0
  SINCE JUL 1     39.0                      20.1   18.9
  SNOW DEPTH       0

DEGREE DAYS
 HEATING
  YESTERDAY        3                        10     -7       20
  MONTH TO DATE  271                       285    -14      230
  SINCE MAR 1   1084                       951    133      979
  SINCE JUL 1   4841                      4546    295     4271

 COOLING
  YESTERDAY        0                         1     -1        0
  MONTH TO DATE    7                         4      3       26
  SINCE MAR 1      7                         5      2       26
  SINCE JAN 1      7                         5      2       26
..................................................................


WIND (MPH)
  HIGHEST WIND SPEED    17   HIGHEST WIND DIRECTION    NW (300)
  HIGHEST GUST SPEED    25   HIGHEST GUST DIRECTION    NW (330)
  AVERAGE WIND SPEED     4.6


SKY COVER
  POSSIBLE SUNSHINE  MM
  AVERAGE SKY COVER 0.8


WEATHER CONDITIONS
 THE FOLLOWING WEATHER WAS RECORDED YESTERDAY.
  THUNDERSTORM
  HEAVY RAIN
  RAIN
  LIGHT RAIN
  FOG


RELATIVE HUMIDITY (PERCENT)
 HIGHEST    93           600 AM
 LOWEST     38          1200 PM
 AVERAGE    66

..........................................................


THE BALTIMORE MD CLIMATE NORMALS FOR TODAY
                         NORMAL    RECORD    YEAR
 MAXIMUM TEMPERATURE (F)   67        94      1960
 MINIMUM TEMPERATURE (F)   45        31      1982


SUNRISE AND SUNSET
APRIL 23 2014.........SUNRISE   619 AM EDT   SUNSET   752 PM EDT
APRIL 24 2014.........SUNRISE   617 AM EDT   SUNSET   753 PM EDT


-  INDICATES NEGATIVE NUMBERS.
R  INDICATES RECORD WAS SET OR TIED.
MM INDICATES DATA IS MISSING.
T  INDICATES TRACE AMOUNT.




$$





U.S. Dept. of Commerce
NOAA National Weather Service
1325 East West Highway
Silver Spring, MD 20910
E-mail: w-nws.webmaster@noaa.gov
Page last modified: May 16, 2007
NATIONAL WEATHER SERVICE: for Safety, for Work, for Fun - FOR LIFE