882
CDUS41 KLWX 300521
CLIBWI


CLIMATE REPORT
NATIONAL WEATHER SERVICE BALTIMORE MD/WASHINGTON DC
120 AM EDT SAT AUG 30 2014


...................................

...THE BALTIMORE MD CLIMATE SUMMARY FOR AUGUST 29 2014...

CLIMATE NORMAL PERIOD 1981 TO 2010
CLIMATE RECORD PERIOD 1870 TO 2014


WEATHER ITEM   OBSERVED TIME   RECORD YEAR NORMAL DEPARTURE LAST
                VALUE   (LST)  VALUE       VALUE  FROM      YEAR
                                                  NORMAL
..................................................................
TEMPERATURE (F)
 YESTERDAY
  MAXIMUM         78    339 PM 100    1953  83     -5       86
  MINIMUM         55    423 AM  47    1986  63     -8       70
  AVERAGE         67                        73     -6       78

PRECIPITATION (IN)
  YESTERDAY        0.00          2.51 1936   0.10  -0.10      T
  MONTH TO DATE    7.36                      3.09   4.27     1.13
  SINCE JUN 1     14.11                     10.62   3.49    11.71
  SINCE JAN 1     37.73                     27.65  10.08    25.57

SNOWFALL (IN)
  YESTERDAY        0.0          MM      MM   0.0    0.0
  MONTH TO DATE    0.0                       0.0    0.0
  SINCE JUL 1      0.0                       0.0    0.0
  SNOW DEPTH       0

DEGREE DAYS
 HEATING
  YESTERDAY        0                         0      0        0
  MONTH TO DATE    0                         0      0        0
  SINCE JUN 1      2                        15    -13        0
  SINCE JUL 1      0                         0      0        0

 COOLING
  YESTERDAY        2                         9     -7       13
  MONTH TO DATE  215                       300    -85      263
  SINCE JUN 1    806                       910   -104      985
  SINCE JAN 1    891                       994   -103     1116
..................................................................


WIND (MPH)
  HIGHEST WIND SPEED    12   HIGHEST WIND DIRECTION     E (70)
  HIGHEST GUST SPEED    21   HIGHEST GUST DIRECTION    NE (30)
  AVERAGE WIND SPEED     4.8


SKY COVER
  POSSIBLE SUNSHINE  MM
  AVERAGE SKY COVER 0.6


WEATHER CONDITIONS
 THE FOLLOWING WEATHER WAS RECORDED YESTERDAY.
  NO SIGNIFICANT WEATHER WAS OBSERVED.


RELATIVE HUMIDITY (PERCENT)
 HIGHEST    80           600 AM
 LOWEST     37           300 PM
 AVERAGE    59

..........................................................


THE BALTIMORE MD CLIMATE NORMALS FOR TODAY
                         NORMAL    RECORD    YEAR
 MAXIMUM TEMPERATURE (F)   83       101      1953
 MINIMUM TEMPERATURE (F)   63        45      1986


SUNRISE AND SUNSET
AUGUST 30 2014........SUNRISE   633 AM EDT   SUNSET   740 PM EDT
AUGUST 31 2014........SUNRISE   634 AM EDT   SUNSET   739 PM EDT


-  INDICATES NEGATIVE NUMBERS.
R  INDICATES RECORD WAS SET OR TIED.
MM INDICATES DATA IS MISSING.
T  INDICATES TRACE AMOUNT.




$$






U.S. Dept. of Commerce
NOAA National Weather Service
1325 East West Highway
Silver Spring, MD 20910
E-mail: w-nws.webmaster@noaa.gov
Page last modified: May 16, 2007
NATIONAL WEATHER SERVICE: for Safety, for Work, for Fun - FOR LIFE