731
CDUS41 KLWX 012121
CLIBWI


CLIMATE REPORT
NATIONAL WEATHER SERVICE BALTIMORE MD/WASHINGTON DC
521 PM EDT MON SEP 1 2014


...................................

...THE BALTIMORE MD CLIMATE SUMMARY FOR SEPTEMBER 1 2014...
VALID TODAY AS OF 0500 PM LOCAL TIME.

CLIMATE NORMAL PERIOD 1981 TO 2010
CLIMATE RECORD PERIOD 1870 TO 2014


WEATHER ITEM   OBSERVED TIME   RECORD YEAR NORMAL DEPARTURE LAST
                VALUE   (LST)  VALUE       VALUE  FROM      YEAR
                                                  NORMAL
..................................................................
TEMPERATURE (F)
 TODAY
  MAXIMUM         89    143 PM  99    1962  83      6       91
  MINIMUM         73    655 AM  53    1963  63     10       70
  AVERAGE         81                        73      8       81

PRECIPITATION (IN)
  TODAY            0.07          3.96 1952   0.11  -0.04      T
  MONTH TO DATE    0.07                      0.11  -0.04      T
  SINCE SEP 1      0.07                      0.11  -0.04      T
  SINCE JAN 1     38.34                     27.96  10.38    25.57

SNOWFALL (IN)
  TODAY            0.0          MM      MM   0.0    0.0
  MONTH TO DATE    0.0                       0.0    0.0
  SINCE JUL 1      0.0                       0.0    0.0
  SNOW DEPTH       0

DEGREE DAYS
 HEATING
  TODAY            0                         0      0        0
  MONTH TO DATE    0                         0      0        0
  SINCE SEP 1      0                         0      0        0
  SINCE JUL 1      0                         1     -1        0

 COOLING
  TODAY           16                         8      8       16
  MONTH TO DATE   16                         8      8       16
  SINCE SEP 1     16                         8      8       16
  SINCE JAN 1    933                      1018    -85     1161
..................................................................


WIND (MPH)
  HIGHEST WIND SPEED    14   HIGHEST WIND DIRECTION     W (250)
  HIGHEST GUST SPEED    18   HIGHEST GUST DIRECTION     W (250)
  AVERAGE WIND SPEED     3.2


SKY COVER
  POSSIBLE SUNSHINE  MM
  AVERAGE SKY COVER 0.8


WEATHER CONDITIONS
 THE FOLLOWING WEATHER WAS RECORDED TODAY.
  HEAVY RAIN
  FOG


RELATIVE HUMIDITY (PERCENT)
 HIGHEST    94           800 AM
 LOWEST     55           200 PM
 AVERAGE    75

..........................................................


THE BALTIMORE MD CLIMATE NORMALS FOR TOMORROW
                         NORMAL    RECORD    YEAR
 MAXIMUM TEMPERATURE (F)   83        99      1953
 MINIMUM TEMPERATURE (F)   62        50      1892


SUNRISE AND SUNSET
SEPTEMBER  1 2014.....SUNRISE   635 AM EDT   SUNSET   737 PM EDT
SEPTEMBER  2 2014.....SUNRISE   636 AM EDT   SUNSET   736 PM EDT


-  INDICATES NEGATIVE NUMBERS.
R  INDICATES RECORD WAS SET OR TIED.
MM INDICATES DATA IS MISSING.
T  INDICATES TRACE AMOUNT.




$$






U.S. Dept. of Commerce
NOAA National Weather Service
1325 East West Highway
Silver Spring, MD 20910
E-mail: w-nws.webmaster@noaa.gov
Page last modified: May 16, 2007
NATIONAL WEATHER SERVICE: for Safety, for Work, for Fun - FOR LIFE