985
CDUS41 KLWX 200520
CLIBWI


CLIMATE REPORT
NATIONAL WEATHER SERVICE BALTIMORE MD/WASHINGTON DC
119 AM EDT SUN APR 20 2014


...................................

...THE BALTIMORE MD CLIMATE SUMMARY FOR APRIL 19 2014...

CLIMATE NORMAL PERIOD 1981 TO 2010
CLIMATE RECORD PERIOD 1870 TO 2014


WEATHER ITEM   OBSERVED TIME   RECORD YEAR NORMAL DEPARTURE LAST
                VALUE   (LST)  VALUE       VALUE  FROM      YEAR
                                                  NORMAL
..................................................................
TEMPERATURE (F)
 YESTERDAY
  MAXIMUM         68    342 PM  93    1896  66      2       78
  MINIMUM         39    543 AM  24    1875  44     -5       52
  AVERAGE         54                        55     -1       65

PRECIPITATION (IN)
  YESTERDAY        0.00          1.46 1943   0.10  -0.10     0.79
  MONTH TO DATE    3.09                      2.05   1.04     1.65
  SINCE MAR 1      7.47                      5.95   1.52     4.29
  SINCE JAN 1     14.76                     11.90   2.86     9.88

SNOWFALL (IN)
  YESTERDAY        0.0           T    1983   0.0    0.0
                                      1926
                                      1921
  MONTH TO DATE    T                         0.0    0.0
  SINCE JUL 1     39.0                      20.1   18.9
  SNOW DEPTH       0

DEGREE DAYS
 HEATING
  YESTERDAY       11                        11      0        0
  MONTH TO DATE  241                       255    -14      180
  SINCE MAR 1   1054                       921    133      929
  SINCE JUL 1   4811                      4516    295     4221

 COOLING
  YESTERDAY        0                         1     -1        0
  MONTH TO DATE    7                         1      6       26
  SINCE MAR 1      7                         2      5       26
  SINCE JAN 1      7                         2      5       26
..................................................................


WIND (MPH)
  HIGHEST WIND SPEED    13   HIGHEST WIND DIRECTION    NE (50)
  HIGHEST GUST SPEED    18   HIGHEST GUST DIRECTION    NE (30)
  AVERAGE WIND SPEED     4.3


SKY COVER
  POSSIBLE SUNSHINE  MM
  AVERAGE SKY COVER 0.9


WEATHER CONDITIONS
 THE FOLLOWING WEATHER WAS RECORDED YESTERDAY.
  NO SIGNIFICANT WEATHER WAS OBSERVED.


RELATIVE HUMIDITY (PERCENT)
 HIGHEST    85           500 AM
 LOWEST     22           600 PM
 AVERAGE    54

..........................................................


THE BALTIMORE MD CLIMATE NORMALS FOR TODAY
                         NORMAL    RECORD    YEAR
 MAXIMUM TEMPERATURE (F)   66        94      1941
 MINIMUM TEMPERATURE (F)   44        27      1904


SUNRISE AND SUNSET
APRIL 20 2014.........SUNRISE   623 AM EDT   SUNSET   749 PM EDT
APRIL 21 2014.........SUNRISE   621 AM EDT   SUNSET   750 PM EDT


-  INDICATES NEGATIVE NUMBERS.
R  INDICATES RECORD WAS SET OR TIED.
MM INDICATES DATA IS MISSING.
T  INDICATES TRACE AMOUNT.




$$






U.S. Dept. of Commerce
NOAA National Weather Service
1325 East West Highway
Silver Spring, MD 20910
E-mail: w-nws.webmaster@noaa.gov
Page last modified: May 16, 2007
NATIONAL WEATHER SERVICE: for Safety, for Work, for Fun - FOR LIFE