155
CDUS41 KLWX 280528
CLIBWI


CLIMATE REPORT
NATIONAL WEATHER SERVICE BALTIMORE MD/WASHINGTON DC
1227 AM EST WED JAN 28 2015


...................................

...THE BALTIMORE MD CLIMATE SUMMARY FOR JANUARY 27 2015...

CLIMATE NORMAL PERIOD 1981 TO 2010
CLIMATE RECORD PERIOD 1870 TO 2015


WEATHER ITEM   OBSERVED TIME   RECORD YEAR NORMAL DEPARTURE LAST
                VALUE   (LST)  VALUE       VALUE  FROM      YEAR
                                                  NORMAL
..................................................................
TEMPERATURE (F)
 YESTERDAY
  MAXIMUM         36    332 PM  72    1974  42     -6       47
                                      1944
  MINIMUM         26   1159 PM   3    1987  25      1       19
  AVERAGE         31                        33     -2       33

PRECIPITATION (IN)
  YESTERDAY        0.01          1.03 1976   0.09  -0.08     0.00
  MONTH TO DATE    3.82                      2.64   1.18     2.68
  SINCE DEC 1      7.40                      6.01   1.39     7.95
  SINCE JAN 1      3.82                      2.64   1.18     2.68

SNOWFALL (IN)
  YESTERDAY        T             4.3  1925   0.2   -0.2
  MONTH TO DATE    5.9                       5.6    0.3
  SINCE JUL 1      6.4                       9.0   -2.6
  SNOW DEPTH       1

DEGREE DAYS
 HEATING
  YESTERDAY       34                        32      2       32
  MONTH TO DATE  901                       864     37      978
  SINCE DEC 1   1670                      1741    -71     1761
  SINCE JUL 1   2562                      2645    -83     2686

 COOLING
  YESTERDAY        0                         0      0        0
  MONTH TO DATE    0                         0      0        0
  SINCE DEC 1      0                         0      0        2
  SINCE JAN 1      0                         0      0        0
..................................................................


WIND (MPH)
  HIGHEST WIND SPEED    21   HIGHEST WIND DIRECTION    NW (300)
  HIGHEST GUST SPEED    30   HIGHEST GUST DIRECTION    NW (310)
  AVERAGE WIND SPEED    11.3


SKY COVER
  POSSIBLE SUNSHINE  MM
  AVERAGE SKY COVER 0.8


WEATHER CONDITIONS
 THE FOLLOWING WEATHER WAS RECORDED YESTERDAY.
  LIGHT SNOW
  FOG


RELATIVE HUMIDITY (PERCENT)
 HIGHEST    81          1200 AM
 LOWEST     52           400 PM
 AVERAGE    67

..........................................................


THE BALTIMORE MD CLIMATE NORMALS FOR TODAY
                         NORMAL    RECORD    YEAR
 MAXIMUM TEMPERATURE (F)   42        70      1949
                                             1944
 MINIMUM TEMPERATURE (F)   25        -3      1987


SUNRISE AND SUNSET
JANUARY 28 2015.......SUNRISE   717 AM EST   SUNSET   523 PM EST
JANUARY 29 2015.......SUNRISE   716 AM EST   SUNSET   524 PM EST


-  INDICATES NEGATIVE NUMBERS.
R  INDICATES RECORD WAS SET OR TIED.
MM INDICATES DATA IS MISSING.
T  INDICATES TRACE AMOUNT.




$$





U.S. Dept. of Commerce
NOAA National Weather Service
1325 East West Highway
Silver Spring, MD 20910
E-mail: w-nws.webmaster@noaa.gov
Page last modified: May 16, 2007
NATIONAL WEATHER SERVICE: for Safety, for Work, for Fun - FOR LIFE