423
CDUS43 KLMK 222036
CLIBWG


CLIMATE REPORT
NATIONAL WEATHER SERVICE LOUISVILLE KY
435 PM EDT MON SEP 22 2014


...................................

...THE BOWLING GREEN CLIMATE SUMMARY FOR SEPTEMBER 22 2014...
VALID TODAY AS OF 0400 PM LOCAL TIME.

CLIMATE NORMAL PERIOD 1981 TO 2010
CLIMATE RECORD PERIOD 1870 TO 2014


WEATHER ITEM   OBSERVED TIME   RECORD YEAR NORMAL DEPARTURE LAST
                VALUE   (LST)  VALUE       VALUE  FROM      YEAR
                                                  NORMAL
..................................................................
TEMPERATURE (F)
 TODAY
  MAXIMUM         73    240 PM  98    1931  80     -7       74
  MINIMUM         51    600 AM  37    1983  55     -4       50
                                      1918
                                      1913
  AVERAGE         62                        68     -6       62

PRECIPITATION (IN)
  TODAY            0.00          2.48 2003   0.13  -0.13     0.00
  MONTH TO DATE    0.37                      2.87  -2.50     4.98
  SINCE SEP 1      0.37                      2.87  -2.50     4.98
  SINCE JAN 1     36.53                     36.43   0.10    47.68

SNOWFALL (IN)
  TODAY            0.0           0.0    MM   0.0    0.0      0.0
  MONTH TO DATE    0.0                       0.0    0.0      0.0
  SINCE SEP 1      0.0                       0.0    0.0      0.0
  SINCE JUL 1      0.0                       0.0    0.0      0.0
  SNOW DEPTH       0

DEGREE DAYS
 HEATING
  TODAY            3                         2      1        3
  MONTH TO DATE   18                        11      7       10
  SINCE SEP 1     18                        11      7       10
  SINCE JUL 1     18                        12      6       10

 COOLING
  TODAY            0                         4     -4        0
  MONTH TO DATE  147                       159    -12      173
  SINCE SEP 1    147                       159    -12      173
  SINCE JAN 1   1424                      1428     -4     1433
..................................................................


WIND (MPH)
  HIGHEST WIND SPEED    12   HIGHEST WIND DIRECTION    NE (40)
  HIGHEST GUST SPEED    17   HIGHEST GUST DIRECTION    NE (40)
  AVERAGE WIND SPEED     4.8


SKY COVER
  POSSIBLE SUNSHINE  MM
  AVERAGE SKY COVER 0.0


WEATHER CONDITIONS
 THE FOLLOWING WEATHER WAS RECORDED TODAY.
  NO SIGNIFICANT WEATHER WAS OBSERVED.


RELATIVE HUMIDITY (PERCENT)
 HIGHEST    89           400 AM
 LOWEST     52          1100 AM
 AVERAGE    71

..........................................................


THE BOWLING GREEN CLIMATE NORMALS FOR TOMORROW
                         NORMAL    RECORD    YEAR
 MAXIMUM TEMPERATURE (F)   79        95      2010
                                             1931
                                             1910
 MINIMUM TEMPERATURE (F)   55        37      1927
                                             1918


SUNRISE AND SUNSET
SEPTEMBER 22 2014.....SUNRISE   634 AM CDT   SUNSET   643 PM CDT
SEPTEMBER 23 2014.....SUNRISE   634 AM CDT   SUNSET   641 PM CDT


-  INDICATES NEGATIVE NUMBERS.
R  INDICATES RECORD WAS SET OR TIED.
MM INDICATES DATA IS MISSING.
T  INDICATES TRACE AMOUNT.




$$





U.S. Dept. of Commerce
NOAA National Weather Service
1325 East West Highway
Silver Spring, MD 20910
E-mail: w-nws.webmaster@noaa.gov
Page last modified: May 16, 2007
NATIONAL WEATHER SERVICE: for Safety, for Work, for Fun - FOR LIFE