687
CDUS43 KLMK 310630
CLIBWG


CLIMATE REPORT
NATIONAL WEATHER SERVICE LOUISVILLE KY
229 AM EDT FRI OCT 31 2014


...................................

...THE BOWLING GREEN KY CLIMATE SUMMARY FOR OCTOBER 30 2014...

CLIMATE NORMAL PERIOD 1981 TO 2010
CLIMATE RECORD PERIOD 1870 TO 2014


WEATHER ITEM   OBSERVED TIME   RECORD YEAR NORMAL DEPARTURE LAST
                VALUE   (LST)  VALUE       VALUE  FROM      YEAR
                                                  NORMAL
..................................................................
TEMPERATURE (F)
 YESTERDAY
  MAXIMUM         62    323 PM  87    1927  66     -4       78
  MINIMUM         36    627 AM  19    1925  42     -6       60
  AVERAGE         49                        54     -5       69

PRECIPITATION (IN)
  YESTERDAY        0.00          1.30 1917   0.12  -0.12     0.16
  MONTH TO DATE    5.35                      3.27   2.08     3.08
  SINCE SEP 1      5.72                      7.20  -1.48     8.17
  SINCE JAN 1     41.88                     40.76   1.12    50.87

SNOWFALL (IN)
  YESTERDAY        0.0           3.0  1925   0.0    0.0      0.0
  MONTH TO DATE    0.0                       0.0    0.0      0.0
  SINCE SEP 1      0.0                       0.0    0.0      0.0
  SINCE JUL 1      0.0                       0.0    0.0      0.0
  SNOW DEPTH       0

DEGREE DAYS
 HEATING
  YESTERDAY       16                        11      5        0
  MONTH TO DATE  174                       216    -42      238
  SINCE SEP 1    198                       251    -53      250
  SINCE JUL 1    198                       252    -54      250

 COOLING
  YESTERDAY        0                         0      0        4
  MONTH TO DATE   32                        33     -1       47
  SINCE SEP 1    211                       219     -8      239
  SINCE JAN 1   1488                      1488      0     1499
..................................................................


WIND (MPH)
  HIGHEST WIND SPEED     9   HIGHEST WIND DIRECTION     W (270)
  HIGHEST GUST SPEED    13   HIGHEST GUST DIRECTION     W (270)
  AVERAGE WIND SPEED     0.6


SKY COVER
  POSSIBLE SUNSHINE  MM
  AVERAGE SKY COVER 0.1


WEATHER CONDITIONS
 THE FOLLOWING WEATHER WAS RECORDED YESTERDAY.
  FOG


RELATIVE HUMIDITY (PERCENT)
 HIGHEST    92           300 AM
 LOWEST     42           200 PM
 AVERAGE    67

..........................................................


THE BOWLING GREEN KY CLIMATE NORMALS FOR TODAY
                         NORMAL    RECORD    YEAR
 MAXIMUM TEMPERATURE (F)   66        87      1922
 MINIMUM TEMPERATURE (F)   42        17      1887


SUNRISE AND SUNSET
OCTOBER 31 2014.......SUNRISE   709 AM CDT   SUNSET   549 PM CDT
NOVEMBER  1 2014......SUNRISE   710 AM CDT   SUNSET   548 PM CDT


-  INDICATES NEGATIVE NUMBERS.
R  INDICATES RECORD WAS SET OR TIED.
MM INDICATES DATA IS MISSING.
T  INDICATES TRACE AMOUNT.




$$





U.S. Dept. of Commerce
NOAA National Weather Service
1325 East West Highway
Silver Spring, MD 20910
E-mail: w-nws.webmaster@noaa.gov
Page last modified: May 16, 2007
NATIONAL WEATHER SERVICE: for Safety, for Work, for Fun - FOR LIFE