448
CDUS43 KLMK 252033
CLIBWG


CLIMATE REPORT
NATIONAL WEATHER SERVICE LOUISVILLE KY
432 PM EDT SAT OCT 25 2014


...................................

...THE BOWLING GREEN CLIMATE SUMMARY FOR OCTOBER 25 2014...
VALID TODAY AS OF 0400 PM LOCAL TIME.

CLIMATE NORMAL PERIOD 1981 TO 2010
CLIMATE RECORD PERIOD 1870 TO 2014


WEATHER ITEM   OBSERVED TIME   RECORD YEAR NORMAL DEPARTURE LAST
                VALUE   (LST)  VALUE       VALUE  FROM      YEAR
                                                  NORMAL
..................................................................
TEMPERATURE (F)
 TODAY
  MAXIMUM         78    212 PM  90    1921  68     10       50
  MINIMUM         43    531 AM  20    1903  44     -1       26
  AVERAGE         61                        56      5       38

PRECIPITATION (IN)
  TODAY            0.00          2.20 1977   0.10  -0.10     0.00
  MONTH TO DATE    4.98                      2.69   2.29     2.80
  SINCE SEP 1      5.35                      6.62  -1.27     7.89
  SINCE JAN 1     41.51                     40.18   1.33    50.59

SNOWFALL (IN)
  TODAY            0.0           0.0    MM   0.0    0.0      0.0
  MONTH TO DATE    0.0                       0.0    0.0      0.0
  SINCE SEP 1      0.0                       0.0    0.0      0.0
  SINCE JUL 1      0.0                       0.0    0.0      0.0
  SNOW DEPTH       0

DEGREE DAYS
 HEATING
  TODAY            4                        10     -6       27
  MONTH TO DATE  143                       164    -21      187
  SINCE SEP 1    167                       199    -32      199
  SINCE JUL 1    167                       200    -33      199

 COOLING
  TODAY            0                         0      0        0
  MONTH TO DATE   29                        33     -4       43
  SINCE SEP 1    208                       219    -11      235
  SINCE JAN 1   1485                      1488     -3     1495
..................................................................


WIND (MPH)
  HIGHEST WIND SPEED    12   HIGHEST WIND DIRECTION    SW (240)
  HIGHEST GUST SPEED    17   HIGHEST GUST DIRECTION     W (270)
  AVERAGE WIND SPEED     3.3


SKY COVER
  POSSIBLE SUNSHINE   0 PERCENT
  AVERAGE SKY COVER 0.0


WEATHER CONDITIONS
 THE FOLLOWING WEATHER WAS RECORDED TODAY.
  NO SIGNIFICANT WEATHER WAS OBSERVED.


RELATIVE HUMIDITY (PERCENT)
 HIGHEST    99
 LOWEST     99
 AVERAGE    99

..........................................................


THE BOWLING GREEN CLIMATE NORMALS FOR TOMORROW
                         NORMAL    RECORD    YEAR
 MAXIMUM TEMPERATURE (F)   68        85      1927
                                             1919
 MINIMUM TEMPERATURE (F)   43        26      2013


SUNRISE AND SUNSET
OCTOBER 25 2014.......SUNRISE   703 AM CDT   SUNSET   556 PM CDT
OCTOBER 26 2014.......SUNRISE   704 AM CDT   SUNSET   555 PM CDT


-  INDICATES NEGATIVE NUMBERS.
R  INDICATES RECORD WAS SET OR TIED.
MM INDICATES DATA IS MISSING.
T  INDICATES TRACE AMOUNT.




$$





U.S. Dept. of Commerce
NOAA National Weather Service
1325 East West Highway
Silver Spring, MD 20910
E-mail: w-nws.webmaster@noaa.gov
Page last modified: May 16, 2007
NATIONAL WEATHER SERVICE: for Safety, for Work, for Fun - FOR LIFE