938
CDUS46 KLOX 250901
CLIBUR


CLIMATE REPORT
NATIONAL WEATHER SERVICE LOS ANGELES/OXNARD CA
101 AM PST TUE NOV 25 2014


...................................

...THE BOB HOPE AIRPORT (BURBANK) CA CLIMATE SUMMARY FOR NOVEMBER 24 2014...

CLIMATE NORMAL PERIOD 1981 TO 2010
CLIMATE RECORD PERIOD 1939 TO 2014


WEATHER ITEM   OBSERVED TIME   RECORD YEAR NORMAL DEPARTURE LAST
                VALUE   (LST)  VALUE       VALUE  FROM      YEAR
                                                  NORMAL
..................................................................
TEMPERATURE (F)
 YESTERDAY
  MAXIMUM         80    215 PM  89    1977  71      9       69
  MINIMUM         53    218 AM  33    1973  44      9       47
  AVERAGE         67                        57     10       58

PRECIPITATION (IN)
  YESTERDAY        0.00          0.83 2001   0.04  -0.04     0.00
  MONTH TO DATE    0.07                      0.79  -0.72     0.24
  SINCE JUL 1      0.45                      2.08  -1.63     0.35
  SINCE JAN 1      5.36                     14.63  -9.27     2.95

SNOWFALL (IN)
  YESTERDAY        0.0
  MONTH TO DATE    0.0
  SINCE SEP 1      0.0
  SINCE JUL 1      0.0

DEGREE DAYS
 HEATING
  YESTERDAY        0                         8     -8        7
  MONTH TO DATE   50                       126    -76       46
  SINCE SEP 1     51                       175   -124       73
  SINCE JUL 1     51                       175   -124       73

 COOLING
  YESTERDAY        2                         0      2        0
  MONTH TO DATE   37                        12     25       52
  SINCE SEP 1    647                       361    286      582
  SINCE JAN 1   1947                      1243    704     2011
..................................................................


WIND (MPH)
  HIGHEST WIND SPEED    21   HIGHEST WIND DIRECTION    NE (30)
  HIGHEST GUST SPEED    25   HIGHEST GUST DIRECTION     N (10)
  AVERAGE WIND SPEED     5.2


SKY COVER
  POSSIBLE SUNSHINE  MM
  AVERAGE SKY COVER 0.0


WEATHER CONDITIONS
 THE FOLLOWING WEATHER WAS RECORDED YESTERDAY.
  NO SIGNIFICANT WEATHER WAS OBSERVED.


RELATIVE HUMIDITY (PERCENT)
 HIGHEST    23           800 AM
 LOWEST      8           100 PM
 AVERAGE    16

..........................................................


THE BOB HOPE AIRPORT (BURBANK) CA CLIMATE NORMALS FOR TODAY
                         NORMAL    RECORD    YEAR
 MAXIMUM TEMPERATURE (F)   70        95      1977
 MINIMUM TEMPERATURE (F)   43        35      1952


SUNRISE AND SUNSET
NOVEMBER 25 2014......SUNRISE   636 AM PST   SUNSET   445 PM PST
NOVEMBER 26 2014......SUNRISE   637 AM PST   SUNSET   445 PM PST


-  INDICATES NEGATIVE NUMBERS.
R  INDICATES RECORD WAS SET OR TIED.
MM INDICATES DATA IS MISSING.
T  INDICATES TRACE AMOUNT.




$$





U.S. Dept. of Commerce
NOAA National Weather Service
1325 East West Highway
Silver Spring, MD 20910
E-mail: w-nws.webmaster@noaa.gov
Page last modified: May 16, 2007
NATIONAL WEATHER SERVICE: for Safety, for Work, for Fun - FOR LIFE