795
CDUS46 KLOX 200907
CLIBUR


CLIMATE REPORT
NATIONAL WEATHER SERVICE LOS ANGELES/OXNARD CA
106 AM PST THU NOV 20 2014


...................................

...THE BOB HOPE AIRPORT (BURBANK) CA CLIMATE SUMMARY FOR NOVEMBER 19 2014...

CLIMATE NORMAL PERIOD 1981 TO 2010
CLIMATE RECORD PERIOD 1939 TO 2014


WEATHER ITEM   OBSERVED TIME   RECORD YEAR NORMAL DEPARTURE LAST
                VALUE   (LST)  VALUE       VALUE  FROM      YEAR
                                                  NORMAL
..................................................................
TEMPERATURE (F)
 YESTERDAY
  MAXIMUM         72    217 PM  90    2006  72      0       67
  MINIMUM         51    640 AM  33    1978  45      6       55
  AVERAGE         62                        58      4       61

PRECIPITATION (IN)
  YESTERDAY        0.00          1.95 1967   0.03  -0.03     0.00
  MONTH TO DATE    0.07                      0.59  -0.52      T
  SINCE JUL 1      0.45                      1.88  -1.43     0.11
  SINCE JAN 1      5.36                     14.43  -9.07     2.71

SNOWFALL (IN)
  YESTERDAY        0.0
  MONTH TO DATE    0.0
  SINCE SEP 1      0.0
  SINCE JUL 1      0.0

DEGREE DAYS
 HEATING
  YESTERDAY        3                         7     -4        4
  MONTH TO DATE   36                        88    -52       20
  SINCE SEP 1     37                       137   -100       47
  SINCE JUL 1     37                       137   -100       47

 COOLING
  YESTERDAY        0                         0      0        0
  MONTH TO DATE   34                        12     22       52
  SINCE SEP 1    644                       361    283      582
  SINCE JAN 1   1944                      1243    701     2011
..................................................................


WIND (MPH)
  HIGHEST WIND SPEED    10   HIGHEST WIND DIRECTION    SW (220)
  HIGHEST GUST SPEED    14   HIGHEST GUST DIRECTION     W (250)
  AVERAGE WIND SPEED     2.7


SKY COVER
  POSSIBLE SUNSHINE  MM
  AVERAGE SKY COVER 0.2


WEATHER CONDITIONS
 THE FOLLOWING WEATHER WAS RECORDED YESTERDAY.
  NO SIGNIFICANT WEATHER WAS OBSERVED.


RELATIVE HUMIDITY (PERCENT)
 HIGHEST    51           700 PM
 LOWEST     14          1200 PM
 AVERAGE    33

..........................................................


THE BOB HOPE AIRPORT (BURBANK) CA CLIMATE NORMALS FOR TODAY
                         NORMAL    RECORD    YEAR
 MAXIMUM TEMPERATURE (F)   72        90      1954
                                             1954
 MINIMUM TEMPERATURE (F)   45        31      1971


SUNRISE AND SUNSET
NOVEMBER 20 2014......SUNRISE   631 AM PST   SUNSET   447 PM PST
NOVEMBER 21 2014......SUNRISE   632 AM PST   SUNSET   446 PM PST


-  INDICATES NEGATIVE NUMBERS.
R  INDICATES RECORD WAS SET OR TIED.
MM INDICATES DATA IS MISSING.
T  INDICATES TRACE AMOUNT.




$$





U.S. Dept. of Commerce
NOAA National Weather Service
1325 East West Highway
Silver Spring, MD 20910
E-mail: w-nws.webmaster@noaa.gov
Page last modified: May 16, 2007
NATIONAL WEATHER SERVICE: for Safety, for Work, for Fun - FOR LIFE