101
CDUS46 KLOX 260905
CLIBUR


CLIMATE REPORT
NATIONAL WEATHER SERVICE LOS ANGELES/OXNARD CA
104 AM PST MON JAN 26 2015


...................................

...THE BOB HOPE AIRPORT (BURBANK) CA CLIMATE SUMMARY FOR JANUARY 25 2015...

CLIMATE NORMAL PERIOD 1981 TO 2010
CLIMATE RECORD PERIOD 1939 TO 2015


WEATHER ITEM   OBSERVED TIME   RECORD YEAR NORMAL DEPARTURE LAST
                VALUE   (LST)  VALUE       VALUE  FROM      YEAR
                                                  NORMAL
..................................................................
TEMPERATURE (F)
 YESTERDAY
  MAXIMUM         79    156 PM  85    2012  68     11       80
                                      1951
  MINIMUM         49    626 AM  29    1978  42      7       58
  AVERAGE         64                        55      9       69

PRECIPITATION (IN)
  YESTERDAY        0.00          4.29 1969   0.12  -0.12     0.00
  MONTH TO DATE    0.68                      2.80  -2.12      T
  SINCE OCT 1      5.18                      7.24  -2.06     0.63
  SINCE JAN 1      0.68                      2.80  -2.12      T

SNOWFALL (IN)
  YESTERDAY        0.0
  MONTH TO DATE    0.0
  SINCE DEC 1      0.0
  SINCE JUL 1      0.0

DEGREE DAYS
 HEATING
  YESTERDAY        1                        10     -9        0
  MONTH TO DATE  158                       256    -98       49
  SINCE DEC 1    396                       595   -199      259
  SINCE JUL 1    456                       823   -367      347

 COOLING
  YESTERDAY        0                         0      0        4
  MONTH TO DATE    6                         0      6       37
  SINCE DEC 1      9                         1      8       51
  SINCE JAN 1      6                         0      6       37
..................................................................


WIND (MPH)
  HIGHEST WIND SPEED    12   HIGHEST WIND DIRECTION     S (180)
  HIGHEST GUST SPEED    17   HIGHEST GUST DIRECTION    SE (120)
  AVERAGE WIND SPEED     3.0


SKY COVER
  POSSIBLE SUNSHINE  MM
  AVERAGE SKY COVER 0.0


WEATHER CONDITIONS
 THE FOLLOWING WEATHER WAS RECORDED YESTERDAY.
  NO SIGNIFICANT WEATHER WAS OBSERVED.


RELATIVE HUMIDITY (PERCENT)
 HIGHEST    39           500 AM
 LOWEST     13           100 PM
 AVERAGE    26

..........................................................


THE BOB HOPE AIRPORT (BURBANK) CA CLIMATE NORMALS FOR TODAY
                         NORMAL    RECORD    YEAR
 MAXIMUM TEMPERATURE (F)   68        84      2012
 MINIMUM TEMPERATURE (F)   42        30      1944


SUNRISE AND SUNSET
JANUARY 26 2015.......SUNRISE   655 AM PST   SUNSET   518 PM PST
JANUARY 27 2015.......SUNRISE   654 AM PST   SUNSET   519 PM PST


-  INDICATES NEGATIVE NUMBERS.
R  INDICATES RECORD WAS SET OR TIED.
MM INDICATES DATA IS MISSING.
T  INDICATES TRACE AMOUNT.




$$





U.S. Dept. of Commerce
NOAA National Weather Service
1325 East West Highway
Silver Spring, MD 20910
E-mail: w-nws.webmaster@noaa.gov
Page last modified: May 16, 2007
NATIONAL WEATHER SERVICE: for Safety, for Work, for Fun - FOR LIFE