613
CDUS46 KLOX 010114
CLIBUR


CLIMATE REPORT
NATIONAL WEATHER SERVICE LOS ANGELES/OXNARD CA
614 PM PDT FRI OCT 31 2014


...................................

...THE BOB HOPE AIRPORT (BURBANK) CA CLIMATE SUMMARY FOR OCTOBER 31 2014...
VALID TODAY AS OF 0600 PM LOCAL TIME.

CLIMATE NORMAL PERIOD 1981 TO 2010
CLIMATE RECORD PERIOD 1939 TO 2014


WEATHER ITEM   OBSERVED TIME   RECORD YEAR NORMAL DEPARTURE LAST
                VALUE   (LST)  VALUE       VALUE  FROM      YEAR
                                                  NORMAL
..................................................................
TEMPERATURE (F)
 TODAY
  MAXIMUM         69   1151 AM  92    1967  77     -8       83
  MINIMUM         59    158 AM  35    1971  50      9       49
  AVERAGE         64                        64      0       66

PRECIPITATION (IN)
  TODAY            0.00          1.41 1987   0.04  -0.04     0.00
  MONTH TO DATE    0.00                      0.97  -0.97     0.10
  SINCE JUL 1      0.04                      1.29  -1.25     0.11
  SINCE JAN 1      4.95                     13.84  -8.89     2.71

SNOWFALL (IN)
  TODAY            0.0
  MONTH TO DATE    0.0
  SINCE SEP 1      0.0
  SINCE JUL 1      0.0

DEGREE DAYS
 HEATING
  TODAY            1                         3     -2        0
  MONTH TO DATE    1                        46    -45       27
  SINCE SEP 1      1                        49    -48       27
  SINCE JUL 1      1                        49    -48       27

 COOLING
  TODAY            0                         1     -1        1
  MONTH TO DATE  214                       100    114      129
  SINCE SEP 1    610                       349    261      530
  SINCE JAN 1   1910                      1231    679     1959
..................................................................


WIND (MPH)
  HIGHEST WIND SPEED    12   HIGHEST WIND DIRECTION     S (200)
  HIGHEST GUST SPEED    14   HIGHEST GUST DIRECTION    SW (210)
  AVERAGE WIND SPEED     2.9


SKY COVER
  POSSIBLE SUNSHINE  MM
  AVERAGE SKY COVER 0.8


WEATHER CONDITIONS
 THE FOLLOWING WEATHER WAS RECORDED TODAY.
  HAZE


RELATIVE HUMIDITY (PERCENT)
 HIGHEST    84          1200 AM
 LOWEST     58           100 PM
 AVERAGE    71

..........................................................


THE BOB HOPE AIRPORT (BURBANK) CA CLIMATE NORMALS FOR TOMORROW
                         NORMAL    RECORD    YEAR
 MAXIMUM TEMPERATURE (F)   77        97      1966
 MINIMUM TEMPERATURE (F)   50        36      1971


SUNRISE AND SUNSET
OCTOBER 31 2014.......SUNRISE   712 AM PDT   SUNSET   601 PM PDT
NOVEMBER  1 2014......SUNRISE   713 AM PDT   SUNSET   600 PM PDT


-  INDICATES NEGATIVE NUMBERS.
R  INDICATES RECORD WAS SET OR TIED.
MM INDICATES DATA IS MISSING.
T  INDICATES TRACE AMOUNT.




$$





U.S. Dept. of Commerce
NOAA National Weather Service
1325 East West Highway
Silver Spring, MD 20910
E-mail: w-nws.webmaster@noaa.gov
Page last modified: May 16, 2007
NATIONAL WEATHER SERVICE: for Safety, for Work, for Fun - FOR LIFE