650
CDUS41 KBUF 161117
CLIBUF


CLIMATE REPORT
NATIONAL WEATHER SERVICE BUFFALO NY
716 AM EDT WED APR 16 2014


...................................

...THE BUFFALO NY CLIMATE SUMMARY FOR APRIL 15 2014...

CLIMATE NORMAL PERIOD 1981 TO 2010
CLIMATE RECORD PERIOD 1871 TO 2014


WEATHER ITEM   OBSERVED TIME   RECORD YEAR NORMAL DEPARTURE LAST
                VALUE   (LST)  VALUE       VALUE  FROM      YEAR
                                                  NORMAL
..................................................................
TEMPERATURE (F)
 YESTERDAY
  MAXIMUM         44   1202 AM  87    1994  55    -11       72
  MINIMUM         24   1159 PM  16    1926  37    -13       38
  AVERAGE         34                        46    -12       55

PRECIPITATION (IN)
  YESTERDAY        0.34          0.82 1976   0.11   0.23     0.00
  MONTH TO DATE    2.79                      1.59   1.20     3.15
  SINCE MAR 1      5.34                      4.46   0.88     4.21
  SINCE JAN 1     12.12                     10.13   1.99     9.76

SNOWFALL (IN)
  YESTERDAY        1.0           6.6  1893   0.1    0.9      0.0
  MONTH TO DATE    1.2                       2.1   -0.9      0.3
  SINCE MAR 1     25.7                      15.0   10.7     10.1
  SINCE JUL 1    129.9                      93.8   36.1     58.8
  SNOW DEPTH       0

DEGREE DAYS
 HEATING
  YESTERDAY       31                        19     12       10
  MONTH TO DATE  307                       332    -25      357
  SINCE MAR 1   1485                      1293    192     1343
  SINCE JUL 1   6591                      6037    554     5663

 COOLING
  YESTERDAY        0                         0      0        0
  MONTH TO DATE    0                         0      0        0
  SINCE MAR 1      0                         0      0        0
  SINCE JAN 1      0                         0      0        0
..................................................................


WIND (MPH)
  HIGHEST WIND SPEED    22   HIGHEST WIND DIRECTION    NW (300)
  HIGHEST GUST SPEED    30   HIGHEST GUST DIRECTION     W (280)
  AVERAGE WIND SPEED    13.7


SKY COVER
  POSSIBLE SUNSHINE   0 PERCENT
  AVERAGE SKY COVER 0.9


WEATHER CONDITIONS
 THE FOLLOWING WEATHER WAS RECORDED YESTERDAY.
  RAIN
  LIGHT RAIN
  SNOW
  LIGHT SNOW
  FOG
  HAZE


RELATIVE HUMIDITY (PERCENT)
 HIGHEST    96           100 AM
 LOWEST     55          1000 PM
 AVERAGE    76

..........................................................


THE BUFFALO NY CLIMATE NORMALS FOR TODAY
                         NORMAL    RECORD    YEAR
 MAXIMUM TEMPERATURE (F)   55        82      2012
 MINIMUM TEMPERATURE (F)   37        20      1928
                                             1875


SUNRISE AND SUNSET
APRIL 16 2014.........SUNRISE   632 AM EDT   SUNSET   759 PM EDT
APRIL 17 2014.........SUNRISE   630 AM EDT   SUNSET   800 PM EDT


-  INDICATES NEGATIVE NUMBERS.
R  INDICATES RECORD WAS SET OR TIED.
MM INDICATES DATA IS MISSING.
T  INDICATES TRACE AMOUNT.




$$






U.S. Dept. of Commerce
NOAA National Weather Service
1325 East West Highway
Silver Spring, MD 20910
E-mail: w-nws.webmaster@noaa.gov
Page last modified: May 16, 2007
NATIONAL WEATHER SERVICE: for Safety, for Work, for Fun - FOR LIFE