188
CDUS41 KBTV 220549
CLIBTV


CLIMATE REPORT
NATIONAL WEATHER SERVICE BURLINGTON VT
1245 AM EST SAT NOV 22 2014


...................................

...THE BURLINGTON VT CLIMATE SUMMARY FOR NOVEMBER 21 2014...

CLIMATE NORMAL PERIOD 1981 TO 2010
CLIMATE RECORD PERIOD 1884 TO 2014


WEATHER ITEM   OBSERVED TIME   RECORD YEAR NORMAL DEPARTURE LAST
                VALUE   (LST)  VALUE       VALUE  FROM      YEAR
                                                  NORMAL
..................................................................
TEMPERATURE (F)
 YESTERDAY
  MAXIMUM         29    256 PM  66    1931  43    -14       43
  MINIMUM         24   1159 PM   1    1933  30     -6       18
  AVERAGE         27                        36     -9       31

PRECIPITATION (IN)
  YESTERDAY        0.00          0.94 1954   0.10  -0.10     0.00
  MONTH TO DATE    1.05                      2.26  -1.21     0.94
  SINCE SEP 1      6.85                      9.50  -2.65     8.27
  SINCE JAN 1     32.55                     33.57  -1.02    40.96

SNOWFALL (IN)
  YESTERDAY        0.0           5.3  1986   0.2   -0.2      0.0
  MONTH TO DATE    0.6                       2.6   -2.0      0.3
  SINCE SEP 1      0.6                       2.9   -2.3      0.3
  SINCE JUL 1      0.6                       2.9   -2.3      0.3
  SNOW DEPTH       0

DEGREE DAYS
 HEATING
  YESTERDAY       38                        29      9       34
  MONTH TO DATE  542                       527     15      521
  SINCE SEP 1   1059                      1226   -167     1124
  SINCE JUL 1   1072                      1268   -196     1140

 COOLING
  YESTERDAY        0                         0      0        0
  MONTH TO DATE    0                         0      0        0
  SINCE SEP 1     89                        43     46       62
  SINCE JAN 1    582                       491     91      662
..................................................................


WIND (MPH)
  HIGHEST WIND SPEED    21   HIGHEST WIND DIRECTION    NW (310)
  HIGHEST GUST SPEED    29   HIGHEST GUST DIRECTION     W (250)
  AVERAGE WIND SPEED    11.9


SKY COVER
  POSSIBLE SUNSHINE  MM
  AVERAGE SKY COVER 0.6


WEATHER CONDITIONS
 THE FOLLOWING WEATHER WAS RECORDED YESTERDAY.
  NO SIGNIFICANT WEATHER WAS OBSERVED.


RELATIVE HUMIDITY (PERCENT)
 HIGHEST    60           500 AM
 LOWEST     33           400 PM
 AVERAGE    47

..........................................................


THE BURLINGTON VT CLIMATE NORMALS FOR TODAY
                         NORMAL    RECORD    YEAR
 MAXIMUM TEMPERATURE (F)   43        69      1953
 MINIMUM TEMPERATURE (F)   29         3      1969


SUNRISE AND SUNSET
NOVEMBER 22 2014......SUNRISE   658 AM EST   SUNSET   419 PM EST
NOVEMBER 23 2014......SUNRISE   659 AM EST   SUNSET   419 PM EST


-  INDICATES NEGATIVE NUMBERS.
R  INDICATES RECORD WAS SET OR TIED.
MM INDICATES DATA IS MISSING.
T  INDICATES TRACE AMOUNT.

&&

LAKE CHAMPLAIN DATA:
LEVEL...............94.21 FEET
TEMPERATURE.........45 DEGREES

MOUNT MANSFIELD DATA:
HIGH................13 DEGREES
LOW.................6 DEGREES
PRECIPITATION.......0.17 INCHES
NEW SNOW............3.0 INCHES
SNOW AT STAKE.......13 INCHES

$$




U.S. Dept. of Commerce
NOAA National Weather Service
1325 East West Highway
Silver Spring, MD 20910
E-mail: w-nws.webmaster@noaa.gov
Page last modified: May 16, 2007
NATIONAL WEATHER SERVICE: for Safety, for Work, for Fun - FOR LIFE