316
CDUS41 KBTV 170523
CLIBTV


CLIMATE REPORT
NATIONAL WEATHER SERVICE BURLINGTON VT
123 AM EDT WED SEP 17 2014


...................................

...THE BURLINGTON VT CLIMATE SUMMARY FOR SEPTEMBER 16 2014...

CLIMATE NORMAL PERIOD 1981 TO 2010
CLIMATE RECORD PERIOD 1884 TO 2014


WEATHER ITEM   OBSERVED TIME   RECORD YEAR NORMAL DEPARTURE LAST
                VALUE   (LST)  VALUE       VALUE  FROM      YEAR
                                                  NORMAL
..................................................................
TEMPERATURE (F)
 YESTERDAY
  MAXIMUM         66    339 PM  92    1939  70     -4       57
  MINIMUM         49   1150 PM  30    1964  51     -2       38
  AVERAGE         58                        61     -3       48

PRECIPITATION (IN)
  YESTERDAY        0.16          2.28 1999   0.12   0.04     0.36
  MONTH TO DATE    1.27                      1.82  -0.55     3.91
  SINCE SEP 1      1.27                      1.82  -0.55     3.91
  SINCE JAN 1     26.97                     25.89   1.08    36.60

SNOWFALL (IN)
  YESTERDAY       MM             0.0  2002   0.0   MM       MM
                                      2001
  MONTH TO DATE    0.0                       0.0    0.0      0.0
  SINCE SEP 1      0.0                       0.0    0.0      0.0
  SINCE JUL 1      0.0                       0.0    0.0      0.0
  SNOW DEPTH       0

DEGREE DAYS
 HEATING
  YESTERDAY        7                         6      1       17
  MONTH TO DATE   70                        58     12       84
  SINCE SEP 1     70                        58     12       84
  SINCE JUL 1     83                       100    -17      100

 COOLING
  YESTERDAY        0                         1     -1        0
  MONTH TO DATE   58                        34     24       53
  SINCE SEP 1     58                        34     24       53
  SINCE JAN 1    551                       482     69      653
..................................................................


WIND (MPH)
  HIGHEST WIND SPEED    12   HIGHEST WIND DIRECTION     S (180)
  HIGHEST GUST SPEED    16   HIGHEST GUST DIRECTION     S (190)
  AVERAGE WIND SPEED     3.8


SKY COVER
  POSSIBLE SUNSHINE  MM
  AVERAGE SKY COVER 0.7


WEATHER CONDITIONS
 THE FOLLOWING WEATHER WAS RECORDED YESTERDAY.
  LIGHT RAIN
  FOG


RELATIVE HUMIDITY (PERCENT)
 HIGHEST    93           800 PM
 LOWEST     56           200 PM
 AVERAGE    75

..........................................................


THE BURLINGTON VT CLIMATE NORMALS FOR TODAY
                         NORMAL    RECORD    YEAR
 MAXIMUM TEMPERATURE (F)   70        84      1946
 MINIMUM TEMPERATURE (F)   50        34      1961


SUNRISE AND SUNSET
SEPTEMBER 17 2014.....SUNRISE   634 AM EDT   SUNSET   700 PM EDT
SEPTEMBER 18 2014.....SUNRISE   635 AM EDT   SUNSET   658 PM EDT


-  INDICATES NEGATIVE NUMBERS.
R  INDICATES RECORD WAS SET OR TIED.
MM INDICATES DATA IS MISSING.
T  INDICATES TRACE AMOUNT.

&&

LAKE CHAMPLAIN DATA:
LEVEL...............94.83 FEET
TEMPERATURE.........65 DEGREES

MOUNT MANSFIELD DATA:
HIGH................48 DEGREES
LOW.................39 DEGREES
PRECIPITATION.......0.19 INCHES

$$





U.S. Dept. of Commerce
NOAA National Weather Service
1325 East West Highway
Silver Spring, MD 20910
E-mail: w-nws.webmaster@noaa.gov
Page last modified: May 16, 2007
NATIONAL WEATHER SERVICE: for Safety, for Work, for Fun - FOR LIFE