646
CDUS41 KBTV 020529
CLIBTV


CLIMATE REPORT
NATIONAL WEATHER SERVICE BURLINGTON VT
128 AM EDT SAT AUG 2 2014


...................................

...THE BURLINGTON VT CLIMATE SUMMARY FOR AUGUST 1 2014...

CLIMATE NORMAL PERIOD 1981 TO 2010
CLIMATE RECORD PERIOD 1884 TO 2014


WEATHER ITEM   OBSERVED TIME   RECORD YEAR NORMAL DEPARTURE LAST
                VALUE   (LST)  VALUE       VALUE  FROM      YEAR
                                                  NORMAL
..................................................................
TEMPERATURE (F)
 YESTERDAY
  MAXIMUM         83    318 PM  98    1975  81      2       80
                                      1917
  MINIMUM         58    342 AM  43    1964  60     -2       64
                                      1953
  AVERAGE         71                        70      1       72

PRECIPITATION (IN)
  YESTERDAY        0.00          1.15 2006   0.14  -0.14     0.41
  MONTH TO DATE    0.00                      0.14  -0.14     0.41
  SINCE JUN 1      9.89                      7.99   1.90    14.76
  SINCE JAN 1     23.65                     20.30   3.35    30.03

SNOWFALL (IN)
  YESTERDAY        0.0           0.0  2002   0.0    0.0      0.0
                                      2001
  MONTH TO DATE    0.0                       0.0    0.0      0.0
  SINCE JUN 1      0.0                       0.0    0.0      0.0
  SINCE JUL 1      0.0                       0.0    0.0      0.0
  SNOW DEPTH       0

DEGREE DAYS
 HEATING
  YESTERDAY        0                         0      0        0
  MONTH TO DATE    0                         0      0        0
  SINCE JUN 1     21                        86    -65       72
  SINCE JUL 1      1                        13    -12        7

 COOLING
  YESTERDAY        6                         6      0        7
  MONTH TO DATE    6                         6      0        7
  SINCE JUN 1    334                       290     44      407
  SINCE JAN 1    356                       309     47      454
..................................................................


WIND (MPH)
  HIGHEST WIND SPEED    16   HIGHEST WIND DIRECTION     S (190)
  HIGHEST GUST SPEED    20   HIGHEST GUST DIRECTION     S (200)
  AVERAGE WIND SPEED     7.4


SKY COVER
  POSSIBLE SUNSHINE  MM
  AVERAGE SKY COVER 0.4


WEATHER CONDITIONS
 THE FOLLOWING WEATHER WAS RECORDED YESTERDAY.
  NO SIGNIFICANT WEATHER WAS OBSERVED.


RELATIVE HUMIDITY (PERCENT)
 HIGHEST    90           200 AM
 LOWEST     47           200 PM
 AVERAGE    69

..........................................................


THE BURLINGTON VT CLIMATE NORMALS FOR TODAY
                         NORMAL    RECORD    YEAR
 MAXIMUM TEMPERATURE (F)   81        99      1975
 MINIMUM TEMPERATURE (F)   60        44      1953


SUNRISE AND SUNSET
AUGUST  2 2014........SUNRISE   541 AM EDT   SUNSET   816 PM EDT
AUGUST  3 2014........SUNRISE   542 AM EDT   SUNSET   815 PM EDT


-  INDICATES NEGATIVE NUMBERS.
R  INDICATES RECORD WAS SET OR TIED.
MM INDICATES DATA IS MISSING.
T  INDICATES TRACE AMOUNT.

&&

LAKE CHAMPLAIN DATA:
LEVEL...............96.08 FEET
TEMPERATURE.........70 DEGREES

MOUNT MANSFIELD DATA:
HIGH................66 DEGREES
LOW.................51 DEGREES
PRECIPITATION.......NONE

$$





U.S. Dept. of Commerce
NOAA National Weather Service
1325 East West Highway
Silver Spring, MD 20910
E-mail: w-nws.webmaster@noaa.gov
Page last modified: May 16, 2007
NATIONAL WEATHER SERVICE: for Safety, for Work, for Fun - FOR LIFE