155
CDUS41 KBTV 300543
CLIBTV


CLIMATE REPORT
NATIONAL WEATHER SERVICE BURLINGTON VT
143 AM EDT TUE SEP 30 2014


...................................

...THE BURLINGTON VT CLIMATE SUMMARY FOR SEPTEMBER 29 2014...

CLIMATE NORMAL PERIOD 1981 TO 2010
CLIMATE RECORD PERIOD 1884 TO 2014


WEATHER ITEM   OBSERVED TIME   RECORD YEAR NORMAL DEPARTURE LAST
                VALUE   (LST)  VALUE       VALUE  FROM      YEAR
                                                  NORMAL
..................................................................
TEMPERATURE (F)
 YESTERDAY
  MAXIMUM         76    359 PM  82    1948  64     12       75
  MINIMUM         52   1159 PM  25    1914  45      7       47
  AVERAGE         64                        55      9       61

PRECIPITATION (IN)
  YESTERDAY        0.00          1.50 2006   0.13  -0.13     0.00
  MONTH TO DATE    1.63                      3.52  -1.89     4.74
  SINCE SEP 1      1.63                      3.52  -1.89     4.74
  SINCE JAN 1     27.33                     27.59  -0.26    37.43

SNOWFALL (IN)
  YESTERDAY        0.0           T    2003   0.0    0.0      0.0
  MONTH TO DATE    0.0                       0.0    0.0      0.0
  SINCE SEP 1      0.0                       0.0    0.0      0.0
  SINCE JUL 1      0.0                       0.0    0.0      0.0
  SNOW DEPTH       0

DEGREE DAYS
 HEATING
  YESTERDAY        1                        11    -10        4
  MONTH TO DATE  146                       164    -18      191
  SINCE SEP 1    146                       164    -18      191
  SINCE JUL 1    159                       206    -47      207

 COOLING
  YESTERDAY        0                         0      0        0
  MONTH TO DATE   71                        41     30       58
  SINCE SEP 1     71                        41     30       58
  SINCE JAN 1    564                       489     75      658
..................................................................


WIND (MPH)
  HIGHEST WIND SPEED    13   HIGHEST WIND DIRECTION    NW (330)
  HIGHEST GUST SPEED    16   HIGHEST GUST DIRECTION    NW (330)
  AVERAGE WIND SPEED     2.6


SKY COVER
  POSSIBLE SUNSHINE  MM
  AVERAGE SKY COVER 0.5


WEATHER CONDITIONS
 THE FOLLOWING WEATHER WAS RECORDED YESTERDAY.
  NO SIGNIFICANT WEATHER WAS OBSERVED.


RELATIVE HUMIDITY (PERCENT)
 HIGHEST    93           200 AM
 LOWEST     50           200 PM
 AVERAGE    72

..........................................................


THE BURLINGTON VT CLIMATE NORMALS FOR TODAY
                         NORMAL    RECORD    YEAR
 MAXIMUM TEMPERATURE (F)   64        82      1921
 MINIMUM TEMPERATURE (F)   45        28      1941


SUNRISE AND SUNSET
SEPTEMBER 30 2014.....SUNRISE   649 AM EDT   SUNSET   635 PM EDT
OCTOBER  1 2014.......SUNRISE   650 AM EDT   SUNSET   633 PM EDT


-  INDICATES NEGATIVE NUMBERS.
R  INDICATES RECORD WAS SET OR TIED.
MM INDICATES DATA IS MISSING.
T  INDICATES TRACE AMOUNT.




$$





U.S. Dept. of Commerce
NOAA National Weather Service
1325 East West Highway
Silver Spring, MD 20910
E-mail: w-nws.webmaster@noaa.gov
Page last modified: May 16, 2007
NATIONAL WEATHER SERVICE: for Safety, for Work, for Fun - FOR LIFE