082
CDUS44 KLIX 310701
CLIBTR


CLIMATE REPORT
NATIONAL WEATHER SERVICE NEW ORLEANS
201 AM CDT FRI OCT 31 2014


...................................

...THE BATON ROUGE  ASOS CLIMATE SUMMARY FOR OCTOBER 30 2014...

CLIMATE NORMAL PERIOD 1981 TO 2010
CLIMATE RECORD PERIOD 1894 TO 2014


WEATHER ITEM   OBSERVED TIME   RECORD YEAR NORMAL DEPARTURE LAST
                VALUE   (LST)  VALUE       VALUE  FROM      YEAR
                                                  NORMAL
..................................................................
TEMPERATURE (F)
 YESTERDAY
  MAXIMUM         75    319 PM  87    1951  77     -2       80
                                      1942
  MINIMUM         49    616 AM  32    1952  53     -4       63
  AVERAGE         62                        65     -3       72

PRECIPITATION (IN)
  YESTERDAY        0.00          2.38 1999   0.15  -0.15     0.00
  MONTH TO DATE    2.35                      4.55  -2.20     2.61
  SINCE SEP 1      5.41                      9.09  -3.68     9.51
  SINCE JAN 1     52.53                     50.80   1.73    62.17

SNOWFALL (IN)
  YESTERDAY        0.0
  MONTH TO DATE    0.0
  SINCE SEP 1      0.0
  SINCE JUL 1      0.0
  SNOW DEPTH       0

DEGREE DAYS
 HEATING
  YESTERDAY        3                         3      0        0
  MONTH TO DATE   11                        41    -30       19
  SINCE SEP 1     11                        43    -32       19
  SINCE JUL 1     11                        43    -32       19

 COOLING
  YESTERDAY        0                         3     -3        7
  MONTH TO DATE  187                       175     12      178
  SINCE SEP 1    633                       585     48      655
  SINCE JAN 1   2661                      2746    -85     2623
..................................................................


WIND (MPH)
  HIGHEST WIND SPEED    16   HIGHEST WIND DIRECTION     E (70)
  HIGHEST GUST SPEED    28   HIGHEST GUST DIRECTION    SE (120)
  AVERAGE WIND SPEED     3.5


SKY COVER
  POSSIBLE SUNSHINE  MM
  AVERAGE SKY COVER 0.1


WEATHER CONDITIONS
 THE FOLLOWING WEATHER WAS RECORDED YESTERDAY.
  NO SIGNIFICANT WEATHER WAS OBSERVED.


RELATIVE HUMIDITY (PERCENT)
 HIGHEST    89          1000 PM
 LOWEST     29           200 PM
 AVERAGE    59

..........................................................


THE BATON ROUGE  ASOS CLIMATE NORMALS FOR TODAY
                         NORMAL    RECORD    YEAR
 MAXIMUM TEMPERATURE (F)   77        87      1972
 MINIMUM TEMPERATURE (F)   53        30      1993


SUNRISE AND SUNSET
OCTOBER 31 2014.......SUNRISE   718 AM CDT   SUNSET   618 PM CDT
NOVEMBER  1 2014......SUNRISE   719 AM CDT   SUNSET   617 PM CDT


-  INDICATES NEGATIVE NUMBERS.
R  INDICATES RECORD WAS SET OR TIED.
MM INDICATES DATA IS MISSING.
T  INDICATES TRACE AMOUNT.




$$





U.S. Dept. of Commerce
NOAA National Weather Service
1325 East West Highway
Silver Spring, MD 20910
E-mail: w-nws.webmaster@noaa.gov
Page last modified: May 16, 2007
NATIONAL WEATHER SERVICE: for Safety, for Work, for Fun - FOR LIFE