578
CDUS44 KLIX 240705
CLIBTR


CLIMATE REPORT
NATIONAL WEATHER SERVICE NEW ORLEANS
205 AM CDT FRI OCT 24 2014


...................................

...THE BATON ROUGE  ASOS CLIMATE SUMMARY FOR OCTOBER 23 2014...

CLIMATE NORMAL PERIOD 1981 TO 2010
CLIMATE RECORD PERIOD 1894 TO 2014


WEATHER ITEM   OBSERVED TIME   RECORD YEAR NORMAL DEPARTURE LAST
                VALUE   (LST)  VALUE       VALUE  FROM      YEAR
                                                  NORMAL
..................................................................
TEMPERATURE (F)
 YESTERDAY
  MAXIMUM         77    135 PM  91    1939  79     -2       76
  MINIMUM         49    620 AM  37    1937  56     -7       51
  AVERAGE         63                        67     -4       64

PRECIPITATION (IN)
  YESTERDAY        0.00          2.73 1913   0.16  -0.16     0.00
  MONTH TO DATE    2.35                      3.47  -1.12     2.61
  SINCE SEP 1      5.41                      8.01  -2.60     9.51
  SINCE JAN 1     52.53                     49.72   2.81    62.17

SNOWFALL (IN)
  YESTERDAY        0.0
  MONTH TO DATE    0.0
  SINCE SEP 1      0.0
  SINCE JUL 1      0.0
  SNOW DEPTH       0

DEGREE DAYS
 HEATING
  YESTERDAY        2                         2      0        1
  MONTH TO DATE    5                        23    -18        5
  SINCE SEP 1      5                        25    -20        5
  SINCE JUL 1      5                        25    -20        5

 COOLING
  YESTERDAY        0                         4     -4        0
  MONTH TO DATE  162                       149     13      158
  SINCE SEP 1    608                       559     49      635
  SINCE JAN 1   2636                      2720    -84     2603
..................................................................


WIND (MPH)
  HIGHEST WIND SPEED    14   HIGHEST WIND DIRECTION     E (90)
  HIGHEST GUST SPEED    17   HIGHEST GUST DIRECTION     E (80)
  AVERAGE WIND SPEED     3.5


SKY COVER
  POSSIBLE SUNSHINE  MM
  AVERAGE SKY COVER 0.0


WEATHER CONDITIONS
 THE FOLLOWING WEATHER WAS RECORDED YESTERDAY.
  NO SIGNIFICANT WEATHER WAS OBSERVED.


RELATIVE HUMIDITY (PERCENT)
 HIGHEST    89           100 AM
 LOWEST     35          1200 PM
 AVERAGE    62

..........................................................


THE BATON ROUGE  ASOS CLIMATE NORMALS FOR TODAY
                         NORMAL    RECORD    YEAR
 MAXIMUM TEMPERATURE (F)   79        91      1894
 MINIMUM TEMPERATURE (F)   55        33      1917


SUNRISE AND SUNSET
OCTOBER 24 2014.......SUNRISE   713 AM CDT   SUNSET   624 PM CDT
OCTOBER 25 2014.......SUNRISE   714 AM CDT   SUNSET   623 PM CDT


-  INDICATES NEGATIVE NUMBERS.
R  INDICATES RECORD WAS SET OR TIED.
MM INDICATES DATA IS MISSING.
T  INDICATES TRACE AMOUNT.




$$






U.S. Dept. of Commerce
NOAA National Weather Service
1325 East West Highway
Silver Spring, MD 20910
E-mail: w-nws.webmaster@noaa.gov
Page last modified: May 16, 2007
NATIONAL WEATHER SERVICE: for Safety, for Work, for Fun - FOR LIFE