244
CDUS45 KMSO 190739
CLIBTM


CLIMATE REPORT
NATIONAL WEATHER SERVICE MISSOULA, MT
139 AM MDT SAT APR 19 2014


...................................

...THE BUTTE MT CLIMATE SUMMARY FOR APRIL 18 2014...

CLIMATE NORMAL PERIOD 1981 TO 2010
CLIMATE RECORD PERIOD 1895 TO 2014


WEATHER ITEM   OBSERVED TIME   RECORD YEAR NORMAL DEPARTURE LAST
                VALUE   (LST)  VALUE       VALUE  FROM      YEAR
                                                  NORMAL
..................................................................
TEMPERATURE (F)
 YESTERDAY
  MAXIMUM         51   1217 AM  75    1936  52     -1       46
  MINIMUM         26   1122 PM   6    1941  27     -1       13
  AVERAGE         39                        39      0       30

PRECIPITATION (IN)
  YESTERDAY        0.21          0.40 1911   0.04   0.17     0.00
                                      1911
                                      2007
  MONTH TO DATE    0.21                      0.66  -0.45     0.17
  SINCE OCT 1      3.36                      4.21  -0.85     2.46
  SINCE JAN 1      2.32                      2.32   0.00     0.83

SNOWFALL (IN)
  YESTERDAY       MM
  MONTH TO DATE   MM
  SINCE JAN 1     MM
  SINCE JUL 1     MM
  SNOW DEPTH      MM

DEGREE DAYS
 HEATING
  YESTERDAY       26                        26      0       35
  MONTH TO DATE  481                       495    -14      547
  SINCE MAR 1   1549                      1537     12     1584
  SINCE JUL 1   7927                      8106   -179     7962

 COOLING
  YESTERDAY        0                         0      0        0
  MONTH TO DATE    0                         0      0        0
  SINCE MAR 1      0                         0      0        0
  SINCE JAN 1      0                         0      0        0
..................................................................


WIND (MPH)
  HIGHEST WIND SPEED    28   HIGHEST WIND DIRECTION     W (280)
  HIGHEST GUST SPEED    39   HIGHEST GUST DIRECTION     W (290)
  AVERAGE WIND SPEED    10.4


SKY COVER
  POSSIBLE SUNSHINE  MM
  AVERAGE SKY COVER 0.6


WEATHER CONDITIONS
 THE FOLLOWING WEATHER WAS RECORDED YESTERDAY.
  RAIN
  LIGHT RAIN
  FOG


RELATIVE HUMIDITY (PERCENT)
 HIGHEST    92           300 AM
 LOWEST     24           600 PM
 AVERAGE    58

..........................................................


THE BUTTE MT CLIMATE NORMALS FOR TODAY
                         NORMAL    RECORD    YEAR
 MAXIMUM TEMPERATURE (F)   53        78      1962
 MINIMUM TEMPERATURE (F)   27        -3      1941


SUNRISE AND SUNSET
APRIL 19 2014.........SUNRISE   637 AM MDT   SUNSET   822 PM MDT
APRIL 20 2014.........SUNRISE   635 AM MDT   SUNSET   824 PM MDT


-  INDICATES NEGATIVE NUMBERS.
R  INDICATES RECORD WAS SET OR TIED.
MM INDICATES DATA IS MISSING.
T  INDICATES TRACE AMOUNT.




$$





U.S. Dept. of Commerce
NOAA National Weather Service
1325 East West Highway
Silver Spring, MD 20910
E-mail: w-nws.webmaster@noaa.gov
Page last modified: May 16, 2007
NATIONAL WEATHER SERVICE: for Safety, for Work, for Fun - FOR LIFE