128
CDUS45 KMSO 222231
CLIBTM


CLIMATE REPORT
NATIONAL WEATHER SERVICE MISSOULA, MT
430 PM MDT WED OCT 22 2014


...................................

...THE BUTTE MT CLIMATE SUMMARY FOR OCTOBER 22 2014...
VALID TODAY AS OF 0400 PM LOCAL TIME.

CLIMATE NORMAL PERIOD 1981 TO 2010
CLIMATE RECORD PERIOD 1895 TO 2014


WEATHER ITEM   OBSERVED TIME   RECORD YEAR NORMAL DEPARTURE LAST
                VALUE   (LST)  VALUE       VALUE  FROM      YEAR
                                                  NORMAL
..................................................................
TEMPERATURE (F)
 TODAY
  MAXIMUM         53    256 PM  79    2003  53      0       64
  MINIMUM         28    757 AM  13    1957  25      3       21
  AVERAGE         41                        39      2       43

PRECIPITATION (IN)
  TODAY            0.00          0.37 1967   0.02  -0.02     0.00
  MONTH TO DATE    0.72                      0.59   0.13     0.17
  SINCE OCT 1      0.72                      0.59   0.13     0.17
  SINCE JAN 1     13.16                     11.47   1.69    10.45

SNOWFALL (IN)
  TODAY           MM
  MONTH TO DATE   MM
  SINCE JAN 1     MM
  SINCE JUL 1     MM
  SNOW DEPTH      MM

DEGREE DAYS
 HEATING
  TODAY           24                        26     -2       22
  MONTH TO DATE  388                       497   -109      591
  SINCE SEP 1    756                       890   -134      899
  SINCE JUL 1    919                      1118   -199      966

 COOLING
  TODAY            0                         0      0        0
  MONTH TO DATE    0                         0      0        0
  SINCE SEP 1      1                         2     -1        8
  SINCE JAN 1     78                        81     -3      104
..................................................................


WIND (MPH)
  HIGHEST WIND SPEED    14   HIGHEST WIND DIRECTION    SW (230)
  HIGHEST GUST SPEED    18   HIGHEST GUST DIRECTION    SW (240)
  AVERAGE WIND SPEED     4.1


SKY COVER
  POSSIBLE SUNSHINE  MM
  AVERAGE SKY COVER 0.1


WEATHER CONDITIONS
 THE FOLLOWING WEATHER WAS RECORDED TODAY.
  NO SIGNIFICANT WEATHER WAS OBSERVED.


RELATIVE HUMIDITY (PERCENT)
 HIGHEST    92           700 AM
 LOWEST     41           200 PM
 AVERAGE    67

..........................................................


THE BUTTE MT CLIMATE NORMALS FOR TOMORROW
                         NORMAL    RECORD    YEAR
 MAXIMUM TEMPERATURE (F)   52        71      1937
 MINIMUM TEMPERATURE (F)   25         8      1935


SUNRISE AND SUNSET
OCTOBER 22 2014.......SUNRISE   756 AM MDT   SUNSET   632 PM MDT
OCTOBER 23 2014.......SUNRISE   758 AM MDT   SUNSET   630 PM MDT


-  INDICATES NEGATIVE NUMBERS.
R  INDICATES RECORD WAS SET OR TIED.
MM INDICATES DATA IS MISSING.
T  INDICATES TRACE AMOUNT.




$$





U.S. Dept. of Commerce
NOAA National Weather Service
1325 East West Highway
Silver Spring, MD 20910
E-mail: w-nws.webmaster@noaa.gov
Page last modified: May 16, 2007
NATIONAL WEATHER SERVICE: for Safety, for Work, for Fun - FOR LIFE