742
CDUS45 KMSO 192243
CLIBTM


CLIMATE REPORT
NATIONAL WEATHER SERVICE MISSOULA, MT
443 PM MDT FRI SEP 19 2014


...................................

...THE BUTTE MT CLIMATE SUMMARY FOR SEPTEMBER 19 2014...
VALID TODAY AS OF 0400 PM LOCAL TIME.

CLIMATE NORMAL PERIOD 1981 TO 2010
CLIMATE RECORD PERIOD 1895 TO 2014


WEATHER ITEM   OBSERVED TIME   RECORD YEAR NORMAL DEPARTURE LAST
                VALUE   (LST)  VALUE       VALUE  FROM      YEAR
                                                  NORMAL
..................................................................
TEMPERATURE (F)
 TODAY
  MAXIMUM         68    240 PM  86    2009  67      1       61
                                      1956
  MINIMUM         46   1201 AM  16    1983  34     12       34
  AVERAGE         57                        51      6       48

PRECIPITATION (IN)
  TODAY            0.00          0.68 1968   0.04  -0.04     0.00
  MONTH TO DATE    0.07                      0.67  -0.60     1.07
  SINCE OCT 1     12.58                     12.44   0.14     9.99
  SINCE JAN 1     11.54                     10.55   0.99     8.36

SNOWFALL (IN)
  TODAY           MM
  MONTH TO DATE   MM
  SINCE JAN 1     MM
  SINCE JUL 1     MM
  SNOW DEPTH      MM

DEGREE DAYS
 HEATING
  TODAY            8                        14     -6       17
  MONTH TO DATE  260                       208     52       88
  SINCE SEP 1    260                       208     52       88
  SINCE JUL 1    423                       436    -13      155

 COOLING
  TODAY            0                         0      0        0
  MONTH TO DATE    0                         0      0        8
  SINCE SEP 1      0                         0      0        8
  SINCE JAN 1     77                        79     -2      104
..................................................................


WIND (MPH)
  HIGHEST WIND SPEED    17   HIGHEST WIND DIRECTION    NW (300)
  HIGHEST GUST SPEED    24   HIGHEST GUST DIRECTION     N (10)
  AVERAGE WIND SPEED     5.7


SKY COVER
  POSSIBLE SUNSHINE  MM
  AVERAGE SKY COVER 0.9


WEATHER CONDITIONS
 THE FOLLOWING WEATHER WAS RECORDED TODAY.
  HAZE


RELATIVE HUMIDITY (PERCENT)
 HIGHEST    80          1200 AM
 LOWEST     37           200 PM
 AVERAGE    59

..........................................................


THE BUTTE MT CLIMATE NORMALS FOR TOMORROW
                         NORMAL    RECORD    YEAR
 MAXIMUM TEMPERATURE (F)   66        83      1918
 MINIMUM TEMPERATURE (F)   34         8      1983


SUNRISE AND SUNSET
SEPTEMBER 19 2014.....SUNRISE   713 AM MDT   SUNSET   733 PM MDT
SEPTEMBER 20 2014.....SUNRISE   714 AM MDT   SUNSET   731 PM MDT


-  INDICATES NEGATIVE NUMBERS.
R  INDICATES RECORD WAS SET OR TIED.
MM INDICATES DATA IS MISSING.
T  INDICATES TRACE AMOUNT.




$$





U.S. Dept. of Commerce
NOAA National Weather Service
1325 East West Highway
Silver Spring, MD 20910
E-mail: w-nws.webmaster@noaa.gov
Page last modified: May 16, 2007
NATIONAL WEATHER SERVICE: for Safety, for Work, for Fun - FOR LIFE