788
CDUS43 KGRR 272226
CLIBTL


CLIMATE REPORT
NATIONAL WEATHER SERVICE GRAND RAPIDS, MI
525 PM EST THU NOV 27 2014


...................................

...THE BATTLE CREEK MI CLIMATE SUMMARY FOR NOVEMBER 27 2014...
VALID TODAY AS OF 0500 PM LOCAL TIME.

CLIMATE NORMAL PERIOD 1981 TO 2010
CLIMATE RECORD PERIOD 1998 TO 2014


WEATHER ITEM   OBSERVED TIME   RECORD YEAR NORMAL DEPARTURE LAST
                VALUE   (LST)  VALUE       VALUE  FROM      YEAR
                                                  NORMAL
..................................................................
TEMPERATURE (F)
 TODAY
  MAXIMUM         33    253 PM  MM      MM  42     -9       30
  MINIMUM         26    733 AM  MM      MM  26      0       17
  AVERAGE         30                        34     -4       24

PRECIPITATION (IN)
  TODAY            0.01         MM      MM   0.08  -0.07     0.00
  MONTH TO DATE    2.37                      2.58  -0.21     1.90
  SINCE SEP 1      8.38                      9.37  -0.99     7.63
  SINCE JAN 1     28.32                     30.91  -2.59    33.80

DEGREE DAYS
 HEATING
  TODAY           35                        31      4       41
  MONTH TO DATE  808                       680    128      721
  SINCE SEP 1   1391                      1301     90     1253
  SINCE JUL 1   1420                      1342     78     1291

 COOLING
  TODAY            0                         0      0        0
  MONTH TO DATE    0                         0      0        0
  SINCE SEP 1     56                        60     -4       84
  SINCE JAN 1    593                       578     15      689
..................................................................


WIND (MPH)
  RESULTANT WIND SPEED   6   RESULTANT WIND DIRECTION  NW (310)
  HIGHEST WIND SPEED    20   HIGHEST WIND DIRECTION    NW (300)
  HIGHEST GUST SPEED    23   HIGHEST GUST DIRECTION    NW (300)
  AVERAGE WIND SPEED     6.9



WEATHER CONDITIONS
 THE FOLLOWING WEATHER WAS RECORDED TODAY.
  LIGHT SNOW
  HAZE


RELATIVE HUMIDITY (PERCENT)
 HIGHEST    78          1100 AM
 LOWEST     63           200 AM
 AVERAGE    71

..........................................................




SUNRISE AND SUNSET
NOVEMBER 27 2014......SUNRISE   746 AM EST   SUNSET   511 PM EST
NOVEMBER 28 2014......SUNRISE   747 AM EST   SUNSET   511 PM EST


-  INDICATES NEGATIVE NUMBERS.
R  INDICATES RECORD WAS SET OR TIED.
MM INDICATES DATA IS MISSING.
T  INDICATES TRACE AMOUNT.




$$





U.S. Dept. of Commerce
NOAA National Weather Service
1325 East West Highway
Silver Spring, MD 20910
E-mail: w-nws.webmaster@noaa.gov
Page last modified: May 16, 2007
NATIONAL WEATHER SERVICE: for Safety, for Work, for Fun - FOR LIFE