449
CDUS43 KGRR 291331
CLIBTL


CLIMATE REPORT
NATIONAL WEATHER SERVICE GRAND RAPIDS, MI
931 AM EDT TUE JUL 29 2014


...................................

...THE BATTLE CREEK MI CLIMATE SUMMARY FOR JULY 29 2014...
VALID AS OF 0900 AM LOCAL TIME.

CLIMATE NORMAL PERIOD 1981 TO 2010
CLIMATE RECORD PERIOD 9999 TO 9999


WEATHER ITEM   OBSERVED TIME   RECORD YEAR NORMAL DEPARTURE LAST
                VALUE   (LST)  VALUE       VALUE  FROM      YEAR
                                                  NORMAL
..................................................................
TEMPERATURE (F)
 TODAY
  MAXIMUM         56    759 AM  MM      MM  82    -26       68
  MINIMUM         51    558 AM  MM      MM  59     -8       54
  AVERAGE         54                        70    -16       61

PRECIPITATION (IN)
  TODAY            0.00         MM      MM   0.11  -0.11     0.03
  MONTH TO DATE    4.13                      3.14   0.99     4.66
  SINCE JUN 1      9.70                      6.37   3.33     8.40
  SINCE JAN 1     17.66                     17.85  -0.19    21.18

DEGREE DAYS
 HEATING
  TODAY           11                         0     11        4
  MONTH TO DATE   27                         6     21       16
  SINCE JUN 1     45                        63    -18       58

 COOLING
  TODAY            0                         6     -6        0
  MONTH TO DATE  101                       186    -85      226
  SINCE JUN 1    277                       312    -35      372
..................................................................


WIND (MPH)
  HIGHEST WIND SPEED     6   HIGHEST WIND DIRECTION    SW (230)
  HIGHEST GUST SPEED     7   HIGHEST GUST DIRECTION    SW (230)



WEATHER CONDITIONS
 THE FOLLOWING WEATHER WAS RECORDED TODAY.
  NO SIGNIFICANT WEATHER WAS OBSERVED.


..........................................................




SUNRISE AND SUNSET
JULY 29 2014..........SUNRISE   631 AM EDT   SUNSET   904 PM EDT
JULY 30 2014..........SUNRISE   632 AM EDT   SUNSET   902 PM EDT


-  INDICATES NEGATIVE NUMBERS.
R  INDICATES RECORD WAS SET OR TIED.
MM INDICATES DATA IS MISSING.
T  INDICATES TRACE AMOUNT.




$$





U.S. Dept. of Commerce
NOAA National Weather Service
1325 East West Highway
Silver Spring, MD 20910
E-mail: w-nws.webmaster@noaa.gov
Page last modified: May 16, 2007
NATIONAL WEATHER SERVICE: for Safety, for Work, for Fun - FOR LIFE