982
CDUS43 KGRR 241339
CLIBTL


CLIMATE REPORT
NATIONAL WEATHER SERVICE GRAND RAPIDS, MI
937 AM EDT THU JUL 24 2014


...................................

...THE BATTLE CREEK MI CLIMATE SUMMARY FOR JULY 24 2014...
VALID AS OF 0900 AM LOCAL TIME.

CLIMATE NORMAL PERIOD 1981 TO 2010
CLIMATE RECORD PERIOD 9999 TO 9999


WEATHER ITEM   OBSERVED TIME   RECORD YEAR NORMAL DEPARTURE LAST
                VALUE   (LST)  VALUE       VALUE  FROM      YEAR
                                                  NORMAL
..................................................................
TEMPERATURE (F)
 TODAY
  MAXIMUM         64    759 AM  MM      MM  82    -18       72
  MINIMUM         57    547 AM  MM      MM  59     -2       51
  AVERAGE         61                        71    -10       62

PRECIPITATION (IN)
  TODAY            0.00         MM      MM   0.11  -0.11     0.00
  MONTH TO DATE    3.62                      2.58   1.04     4.59
  SINCE JUN 1      9.19                      5.81   3.38     8.33
  SINCE JAN 1     17.15                     17.29  -0.14    21.11

DEGREE DAYS
 HEATING
  TODAY            4                         0      4        3
  MONTH TO DATE   17                         6     11        4
  SINCE JUN 1     35                        63    -28       46

 COOLING
  TODAY            0                         6     -6        0
  MONTH TO DATE   84                       156    -72      221
  SINCE JUN 1    260                       282    -22      367
..................................................................


WIND (MPH)
  HIGHEST WIND SPEED     9   HIGHEST WIND DIRECTION    NE (40)
  HIGHEST GUST SPEED    12   HIGHEST GUST DIRECTION    NE (30)



WEATHER CONDITIONS
 THE FOLLOWING WEATHER WAS RECORDED TODAY.
  NO SIGNIFICANT WEATHER WAS OBSERVED.


..........................................................




SUNRISE AND SUNSET
JULY 24 2014..........SUNRISE   626 AM EDT   SUNSET   909 PM EDT
JULY 25 2014..........SUNRISE   627 AM EDT   SUNSET   908 PM EDT


-  INDICATES NEGATIVE NUMBERS.
R  INDICATES RECORD WAS SET OR TIED.
MM INDICATES DATA IS MISSING.
T  INDICATES TRACE AMOUNT.




$$

JAM




U.S. Dept. of Commerce
NOAA National Weather Service
1325 East West Highway
Silver Spring, MD 20910
E-mail: w-nws.webmaster@noaa.gov
Page last modified: May 16, 2007
NATIONAL WEATHER SERVICE: for Safety, for Work, for Fun - FOR LIFE