203
CDUS43 KGRR 250530
CLIBTL


CLIMATE REPORT
NATIONAL WEATHER SERVICE GRAND RAPIDS, MI
130 AM EDT SAT OCT 25 2014


...................................

...THE BATTLE CREEK MI CLIMATE SUMMARY FOR OCTOBER 24 2014...

CLIMATE NORMAL PERIOD 1981 TO 2010
CLIMATE RECORD PERIOD 1998 TO 2014


WEATHER ITEM   OBSERVED TIME   NORMAL DEPARTURE LAST
                VALUE   (LST)  VALUE  FROM      YEAR
                                      NORMAL
......................................................
TEMPERATURE (F)
 YESTERDAY
  MAXIMUM         63    354 PM  58      5       45
  MINIMUM         40   1207 AM  37      3       32
  AVERAGE         52            48      4       39

PRECIPITATION (IN)
  YESTERDAY        0.00          0.10  -0.10      T
  MONTH TO DATE    3.22          2.45   0.77     1.84
  SINCE SEP 1      5.59          6.10  -0.51     3.52
  SINCE JAN 1     25.53         27.64  -2.11    29.69

DEGREE DAYS
 HEATING
  YESTERDAY       13            17     -4       26
  MONTH TO DATE  337           334      3      266
  SINCE SEP 1    477           490    -13      402
  SINCE JUL 1    506           531    -25      440

 COOLING
  YESTERDAY        0             0      0        0
  MONTH TO DATE    0             2     -2       14
  SINCE SEP 1     56            57     -1       84
  SINCE JAN 1    593           575     18      689
......................................................


WIND (MPH)
  RESULTANT WIND SPEED   4   RESULTANT WIND DIRECTION  SW (220)
  HIGHEST WIND SPEED    15   HIGHEST WIND DIRECTION     W (260)
  HIGHEST GUST SPEED    19   HIGHEST GUST DIRECTION    SW (240)
  AVERAGE WIND SPEED     4.6


SKY COVER
  AVERAGE SKY COVER 0.6


WEATHER CONDITIONS
 THE FOLLOWING WEATHER WAS RECORDED YESTERDAY.
  FOG
  HAZE


RELATIVE HUMIDITY (PERCENT)
 HIGHEST    89           500 AM
 LOWEST     56           300 PM
 AVERAGE    73

..........................................................


THE BATTLE CREEK MI CLIMATE NORMALS FOR TODAY
                         NORMAL
 MAXIMUM TEMPERATURE (F)   58
 MINIMUM TEMPERATURE (F)   37


SUNRISE AND SUNSET
OCTOBER 25 2014.......SUNRISE   806 AM EDT   SUNSET   644 PM EDT
OCTOBER 26 2014.......SUNRISE   807 AM EDT   SUNSET   642 PM EDT


-  INDICATES NEGATIVE NUMBERS.
R  INDICATES RECORD WAS SET OR TIED.
MM INDICATES DATA IS MISSING.
T  INDICATES TRACE AMOUNT.




$$





U.S. Dept. of Commerce
NOAA National Weather Service
1325 East West Highway
Silver Spring, MD 20910
E-mail: w-nws.webmaster@noaa.gov
Page last modified: May 16, 2007
NATIONAL WEATHER SERVICE: for Safety, for Work, for Fun - FOR LIFE