284
CDAK49 PABR 270920
CLIBRW

CLIMATE REPORT
NATIONAL WEATHER SERVICE BARROW, AK
1220 AM AKST THU NOV 27 2014

...................................
...THE BARROW WSO AP CLIMATE SUMMARY FOR NOVEMBER 26 2014...

CLIMATE NORMAL PERIOD  1981 TO  2010
CLIMATE RECORD PERIOD  1915 TO  2014

WEATHER ITEM   OBSERVED TIME    RECORD YEAR NORMAL DEPARTURE LAST
               VALUE    (LST)   VALUE       VALUE  FROM      YEAR
                                                   NORMAL
...................................................................
TEMPERATURE
YESTERDAY
 MAXIMUM             0   353 AM    33  1931      2      -2      1
 MINIMUM           -10  1250 PM   -35  1927     -9      -1    -17
 AVERAGE            -5                          -3      -2     -8

PRECIPITATION
(INCHES)
 YESTERDAY           T           0.12  1931   0.01   -0.01      T
 MONTH TO DATE    0.47                        0.19    0.28   0.38
 SINCE SEP 1      2.65                        1.32    1.33   2.16
 SINCE JAN 1      7.20                        4.37    2.83   7.18

SNOWFALL
(INCHES)
 YESTERDAY           T            1.8  2008    0.2    -0.2      T
 MONTH TO DATE     5.6                         5.1     0.5    7.0
 SINCE SEP 1      29.1                        18.6    10.5   22.2
 SINCE JUL 1      30.5                        19.7    10.8   23.3
 SNOW DEPTH (IN)     4                                          5

DEGREE DAYS
 HEATING
  YESTERDAY         70                          68       2     73
  MONTH TO DATE   1398                        1652    -254   1473
  SINCE SEP 1     3682                        4120    -438   3715
  SINCE JUL 1     5348                        5674    -326   5127

 COOLING
  YESTERDAY          0                           0       0      0
  MONTH TO DATE      0                           0       0      0
  SINCE SEP 1        0                           0       0      0
  SINCE JAN 1        0                           0       0      0
...................................................................

WIND (MPH)
 HIGHEST WIND SPEED    20     HIGHEST WIND DIRECTION    110
 HIGHEST GUST SPEED    23     HIGHEST GUST DIRECTION    100
 AVERAGE WIND SPEED  14.1

SKY COVER
  POSSIBLE SUNSHINE    MM          AVERAGE SKY COVER     MM

WEATHER CONDITIONS
 THE FOLLOWING WEATHER WAS RECORDED YESTERDAY.
 SNOW


RELATIVE HUMIDITY
 HIGHEST RH     91 PERCENT       553 PM
 LOWEST  RH     82 PERCENT      1153 PM
 AVERAGE RH     85 PERCENT
...................................................................

THE BARROW CLIMATE NORMALS FOR TODAY
                           NORMAL    RECORD   YEAR
 MAXIMUM TEMPERATURE (F)      2        31     1950
 MINIMUM TEMPERATURE (F)     -9       -35     1927

SUNRISE AND SUNSET
 NOV 27 2014..........SUNRISE  --.--      SUNSET --.--
 NOV 28 2014..........SUNRISE  --.--      SUNSET --.--

-  INDICATES NEGATIVE NUMBERS.
R  INDICATES RECORD HAS BEEN SET OR TIED.
MM INDICATES DATA IS MISSING.
T  INDICATES TRACE OF PRECIPITATION.

&&
-------------------------------------------------------------------

AMOUNT OF DAYLIGHT TODAY  (HOUR:MIN)........0 HOURS 00 MINUTES
GAIN/LOSS SINCE YESTERDAY (HOUR:MIN:SEC)....+0:00:00

$$
JML NOV 14





U.S. Dept. of Commerce
NOAA National Weather Service
1325 East West Highway
Silver Spring, MD 20910
E-mail: w-nws.webmaster@noaa.gov
Page last modified: May 16, 2007
NATIONAL WEATHER SERVICE: for Safety, for Work, for Fun - FOR LIFE