460
CDAK49 PABR 300902
CLIBRW

CLIMATE REPORT
NATIONAL WEATHER SERVICE BARROW, AK
102 AM AKDT WED JUL 30 2014

...................................
...THE BARROW WSO AP CLIMATE SUMMARY FOR JULY 29 2014...

CLIMATE NORMAL PERIOD  1981 TO  2010
CLIMATE RECORD PERIOD  1915 TO  2014

WEATHER ITEM   OBSERVED TIME    RECORD YEAR NORMAL DEPARTURE LAST
               VALUE    (LST)   VALUE       VALUE  FROM      YEAR
                                                   NORMAL
...................................................................
TEMPERATURE
YESTERDAY
 MAXIMUM            37  0636 PM    71  1968     47     -10     42
 MINIMUM            31  1159 PM    27  1936     35      -4     32
 AVERAGE            34                          41      -7     37

PRECIPITATION
(INCHES)
 YESTERDAY        0.00           0.84  1922   0.04   -0.04      T
 MONTH TO DATE    0.96                        0.91    0.05   1.57
 SINCE JUN 1      2.43                        1.23    1.20   2.34
 SINCE JAN 1      4.05                        1.93    2.12   3.56

SNOWFALL
(INCHES)
 YESTERDAY         0.0            6.0  1922    0.0     0.0    0.0
 MONTH TO DATE     0.9                         0.2     0.7    0.0
 SINCE JUN 1       1.8                         0.9     0.9    0.3
 SINCE JUL 1       0.9                         0.2     0.7    0.0
 SNOW DEPTH (IN)     0                                          0

DEGREE DAYS
 HEATING
  YESTERDAY         31                          24       7     28
  MONTH TO DATE    786                         699      87    588
  SINCE JUN 1     1719                        1579     140   1366
  SINCE JUL 1      786                         699      87    588

 COOLING
  YESTERDAY          0                           0       0      0
  MONTH TO DATE      0                           0       0      0
  SINCE JUN 1        0                           0       0      0
  SINCE JAN 1        0                           0       0      0
...................................................................

WIND (MPH)
 HIGHEST WIND SPEED    14     HIGHEST WIND DIRECTION    290
 HIGHEST GUST SPEED    17     HIGHEST GUST DIRECTION    300
 AVERAGE WIND SPEED   9.1

WEATHER CONDITIONS
 THE FOLLOWING WEATHER WAS RECORDED YESTERDAY.
  FOG


RELATIVE HUMIDITY
 HIGHEST RH     100 PERCENT       11:53 PM
 LOWEST  RH     72 PERCENT       01:53 AM
 AVERAGE RH     90 PERCENT       MM
...................................................................

THE BARROW CLIMATE NORMALS FOR TODAY
                           NORMAL    RECORD   YEAR
 MAXIMUM TEMPERATURE (F)     46        72     2009
 MINIMUM TEMPERATURE (F)     35        28     1959

SUNRISE AND SUNSET
 JUL 30 2014..........SUNRISE  **.**      SUNSET **.**
 JUL 31 2014..........SUNRISE  **.**      SUNSET **.**

-  INDICATES NEGATIVE NUMBERS.
R  INDICATES RECORD HAS BEEN SET OR TIED.
MM INDICATES DATA IS MISSING.
T  INDICATES TRACE OF PRECIPITATION.

&&
-------------------------------------------------------------------

AMOUNT OF DAYLIGHT TODAY  (HOUR:MIN)........24 HOURS 00 MINUTES
GAIN/LOSS SINCE YESTERDAY (HOUR:MIN:SEC)....+0:00:00

$$
DZB JUL 14





U.S. Dept. of Commerce
NOAA National Weather Service
1325 East West Highway
Silver Spring, MD 20910
E-mail: w-nws.webmaster@noaa.gov
Page last modified: May 16, 2007
NATIONAL WEATHER SERVICE: for Safety, for Work, for Fun - FOR LIFE