309
CDAK49 PABR 010909
CLIBRW

CLIMATE REPORT
NATIONAL WEATHER SERVICE BARROW, AK
1210 AM AKST SUN FEB 1 2015

...................................
...THE BARROW WSO AP CLIMATE SUMMARY FOR JANUARY 31 2015...

CLIMATE NORMAL PERIOD  1981 TO  2010
CLIMATE RECORD PERIOD  1915 TO  2015

WEATHER ITEM   OBSERVED TIME    RECORD YEAR NORMAL DEPARTURE LAST
               VALUE    (LST)   VALUE       VALUE  FROM      YEAR
                                                   NORMAL
...................................................................
TEMPERATURE
YESTERDAY
 MAXIMUM            11  1234 AM    29  1957     -8      19     19
 MINIMUM           -17  1029 PM   -50  1993    -20       3     -4
 AVERAGE            -3                         -14      11      8

PRECIPITATION
(INCHES)
 YESTERDAY        0.00           0.25  1962   0.00    0.00   0.00
 MONTH TO DATE    0.26                        0.13    0.13   0.18
 SINCE DEC 1      0.46                        0.27    0.19   1.35
 SINCE JAN 1      0.26                        0.13    0.13   0.18

SNOWFALL
(INCHES)
 YESTERDAY         0.0            2.5  1962    0.1    -0.1    0.0
 MONTH TO DATE     4.6                         2.6     2.0    3.4
 SINCE DEC 1       7.6                         6.1     1.5   16.5
 SINCE JUL 1      38.7                        26.4    12.3   40.4
 SNOW DEPTH (IN)     7                                          8

DEGREE DAYS
 HEATING
  YESTERDAY         68                          79     -11     57
  MONTH TO DATE   2341                        2429     -88   2219
  SINCE DEC 1     4543                        4686    -143   4292
  SINCE JUL 1    10145                       10636    -491   9691

 COOLING
  YESTERDAY          0                           0       0      0
  MONTH TO DATE      0                           0       0      0
  SINCE DEC 1        0                           0       0      0
  SINCE JAN 1        0                           0       0      0
...................................................................

WIND (MPH)
 HIGHEST WIND SPEED    26     HIGHEST WIND DIRECTION    270
 HIGHEST GUST SPEED    30     HIGHEST GUST DIRECTION    270
 AVERAGE WIND SPEED  13.6

WEATHER CONDITIONS
 THE FOLLOWING WEATHER WAS RECORDED YESTERDAY.
  BLOWING SNOW


RELATIVE HUMIDITY
 HIGHEST RH     87 PERCENT       08:53 AM
 LOWEST  RH     74 PERCENT       08:53 PM
 AVERAGE RH     81 PERCENT       MM
...................................................................

THE BARROW CLIMATE NORMALS FOR TODAY
                           NORMAL    RECORD   YEAR
 MAXIMUM TEMPERATURE (F)     -8        26     2014
 MINIMUM TEMPERATURE (F)    -20       -55     1919

SUNRISE AND SUNSET
 FEB 1 2015..........SUNRISE 11:37 AM      SUNSET  3:47 PM
 FEB 2 2015..........SUNRISE 11:30 AM      SUNSET  3:54 PM

-  INDICATES NEGATIVE NUMBERS.
R  INDICATES RECORD HAS BEEN SET OR TIED.
MM INDICATES DATA IS MISSING.
T  INDICATES TRACE OF PRECIPITATION.

&&
-------------------------------------------------------------------

AMOUNT OF DAYLIGHT TODAY  (HOUR:MIN)........4 HOURS 10 MINUTES
GAIN/LOSS SINCE YESTERDAY (HOUR:MIN:SEC)....+0:14:26

$$
DZB FEB 15





U.S. Dept. of Commerce
NOAA National Weather Service
1325 East West Highway
Silver Spring, MD 20910
E-mail: w-nws.webmaster@noaa.gov
Page last modified: May 16, 2007
NATIONAL WEATHER SERVICE: for Safety, for Work, for Fun - FOR LIFE