889
CDAK49 PABR 240912
CLIBRW

CLIMATE REPORT
NATIONAL WEATHER SERVICE BARROW, AK
112 AM AKDT THU APR 24 2014

...................................
...THE BARROW WSO AP CLIMATE SUMMARY FOR APRIL 23 2014...

CLIMATE NORMAL PERIOD  1981 TO  2010
CLIMATE RECORD PERIOD  1915 TO  2014

WEATHER ITEM   OBSERVED TIME    RECORD YEAR NORMAL DEPARTURE LAST
               VALUE    (LST)   VALUE       VALUE  FROM      YEAR
                                                   NORMAL
...................................................................
TEMPERATURE
YESTERDAY
 MAXIMUM            24  0109 PM    40  1931     14      10     28
 MINIMUM            15  1159 PM   -28  1984      0      15     23
 AVERAGE            20                           7      13     26

PRECIPITATION
(INCHES)
 YESTERDAY        0.12           0.12  2014   0.00    0.12   0.02
 MONTH TO DATE    0.44                        0.12    0.32   0.11
 SINCE MAR 1      0.49                        0.21    0.28   0.61
 SINCE JAN 1      0.86                        0.48    0.38   0.74

SNOWFALL
(INCHES)
 YESTERDAY         1.5            1.5  2014    0.2     1.3    0.5
 MONTH TO DATE     3.6                         2.5     1.1    3.1
 SINCE MAR 1       5.4                         4.6     0.8   11.0
 SINCE JUL 1      48.0                        33.6    14.4   55.0
 SNOW DEPTH (IN)     9                                          7

DEGREE DAYS
 HEATING
  YESTERDAY         45                          58     -13     39
  MONTH TO DATE   1477                        1508     -31   1549
  SINCE MAR 1     3630                        3912    -282   3774
  SINCE JUL 1    15301                       16760   -1459  15820

 COOLING
  YESTERDAY          0                           0       0      0
  MONTH TO DATE      0                           0       0      0
  SINCE MAR 1        0                           0       0      0
  SINCE JAN 1        0                           0       0      0
...................................................................

WIND (MPH)
 HIGHEST WIND SPEED    13     HIGHEST WIND DIRECTION     50
 HIGHEST GUST SPEED    14     HIGHEST GUST DIRECTION     50
 AVERAGE WIND SPEED   6.5

WEATHER CONDITIONS
 THE FOLLOWING WEATHER WAS RECORDED YESTERDAY.
  SNOW
  FOG VIS=1/4

RELATIVE HUMIDITY
 HIGHEST RH    100 PERCENT       1053 PM
 LOWEST  RH     78 PERCENT       153 PM
 AVERAGE RH     91 PERCENT
...................................................................

THE BARROW CLIMATE NORMALS FOR TODAY
                           NORMAL    RECORD   YEAR
 MAXIMUM TEMPERATURE (F)     14        42     1936
 MINIMUM TEMPERATURE (F)      1       -25     1922

SUNRISE AND SUNSET
 APR 24 2014..........SUNRISE  5:20 AM      SUNSET 11:36 PM
 APR 25 2014..........SUNRISE  5:14 AM      SUNSET 11:42 PM

-  INDICATES NEGATIVE NUMBERS.
R  INDICATES RECORD HAS BEEN SET OR TIED.
MM INDICATES DATA IS MISSING.
T  INDICATES TRACE OF PRECIPITATION.

&&
-------------------------------------------------------------------

AMOUNT OF DAYLIGHT TODAY  (HOUR:MIN)........18 HOURS 16 MINUTES
GAIN/LOSS SINCE YESTERDAY (HOUR:MIN:SEC)....+0:11:53

$$
GMS APR 14





U.S. Dept. of Commerce
NOAA National Weather Service
1325 East West Highway
Silver Spring, MD 20910
E-mail: w-nws.webmaster@noaa.gov
Page last modified: May 16, 2007
NATIONAL WEATHER SERVICE: for Safety, for Work, for Fun - FOR LIFE