406
CDAK49 PABR 212348
CLIBRW

CLIMATE REPORT
NATIONAL WEATHER SERVICE BARROW, AK
348 PM AKDT SUN SEP 21 2014

...................................
...THE BARROW WSO AP CLIMATE SUMMARY FOR SEPTEMBER 21 2014...
VALID TODAY AS OF 2:00 PM LOCAL TIME

CLIMATE NORMAL PERIOD  1981 TO  2010
CLIMATE RECORD PERIOD  1915 TO  2014

WEATHER ITEM   OBSERVED TIME    RECORD YEAR NORMAL DEPARTURE LAST
               VALUE    (LST)   VALUE       VALUE  FROM      YEAR
                                                   NORMAL
...................................................................
TEMPERATURE
TODAY
 MAXIMUM            34  0240 PM    60  1995     34       0     32
 MINIMUM            31  0555 AM    13  1948     27       4     27
 AVERAGE            33                          30       3     30

PRECIPITATION
(INCHES)
 TODAY            0.07           0.22  1993   0.02    0.05   0.03
 MONTH TO DATE    0.82                        0.55    0.27   0.99
 SINCE SEP 1      0.82                        0.55    0.27   0.99
 SINCE JAN 1      5.37                        3.60    1.77   6.01

SNOWFALL
(INCHES)
 TODAY             0.7            2.2  1993    0.2     0.5    0.3
 MONTH TO DATE     7.9                         2.6     5.3    2.6
 SINCE SEP 1       7.9                         2.6     5.3    2.6
 SINCE JUL 1       9.3                         3.7     5.6    3.7
 SNOW DEPTH (IN)     2                                          1

DEGREE DAYS
 HEATING
  TODAY             32                          35      -3     35
  MONTH TO DATE    632                         655     -23    646
  SINCE SEP 1      632                         655     -23    646
  SINCE JUL 1     2298                        2209      89   2055

 COOLING
  TODAY              0                           0       0      0
  MONTH TO DATE      0                           0       0      0
  SINCE SEP 1        0                           0       0      0
  SINCE JAN 1        0                           0       0      0
...................................................................

WIND (MPH)
 HIGHEST WIND SPEED    15     HIGHEST WIND DIRECTION     30
 HIGHEST GUST SPEED    20     HIGHEST GUST DIRECTION     40

WEATHER CONDITIONS
 THE FOLLOWING WEATHER WAS RECORDED TODAY.
  FOG
  SNOW

RELATIVE HUMIDITY
 HIGHEST RH     MM PERCENT       MM
 LOWEST  RH     MM PERCENT       MM
 AVERAGE RH     MM PERCENT       MM
...................................................................

THE BARROW CLIMATE NORMALS FOR TOMORROW
                        NORMAL    RECORD   YEAR
 MAXIMUM TEMPERATURE      34        62     1995
 MINIMUM TEMPERATURE      27         8     1983

SUNRISE AND SUNSET
 SEP 21 2014..........SUNRISE  8:04 AM      SUNSET  8:35 PM
 SEP 22 2014..........SUNRISE  8:08 AM      SUNSET  8:30 PM

-  INDICATES NEGATIVE NUMBERS.
R  INDICATES RECORD HAS BEEN SET OR TIED.
MM INDICATES DATA IS MISSING.
T  INDICATES TRACE OF PRECIPITATION.

&&
-------------------------------------------------------------------

AMOUNT OF DAYLIGHT TODAY  (HOUR:MIN)........12 HOURS 31 MINUTES
GAIN/LOSS SINCE YESTERDAY (HOUR:MIN:SEC)....-0:09:12

$$
GMS SEP 14





U.S. Dept. of Commerce
NOAA National Weather Service
1325 East West Highway
Silver Spring, MD 20910
E-mail: w-nws.webmaster@noaa.gov
Page last modified: May 16, 2007
NATIONAL WEATHER SERVICE: for Safety, for Work, for Fun - FOR LIFE