501
CDAK49 PABR 180929
CLIBRW

CLIMATE REPORT
NATIONAL WEATHER SERVICE BARROW, AK
1229 AM AKST THU DEC 18 2014

...................................
...THE BARROW WSO AP CLIMATE SUMMARY FOR DECEMBER 17 2014...

CLIMATE NORMAL PERIOD  1981 TO  2010
CLIMATE RECORD PERIOD  1915 TO  2014

WEATHER ITEM   OBSERVED TIME    RECORD YEAR NORMAL DEPARTURE LAST
               VALUE    (LST)   VALUE       VALUE  FROM      YEAR
                                                   NORMAL
...................................................................
TEMPERATURE
YESTERDAY
 MAXIMUM            -6   853 AM    27  1921     -2      -4      3
 MINIMUM           -11   422 AM   -37  1959    -14       3    -13
 AVERAGE            -9                          -8      -1     -5

PRECIPITATION
(INCHES)
 YESTERDAY        0.00           0.08  1944   0.01   -0.01   0.00
 MONTH TO DATE    0.04                        0.08   -0.04   1.12
 SINCE DEC 1      0.04                        0.08   -0.04   1.12
 SINCE JAN 1      7.26                        4.47    2.79   8.34

SNOWFALL
(INCHES)
 YESTERDAY         0.0            1.1  1923    0.1    -0.1    0.0
 MONTH TO DATE     0.7                         2.1    -1.4   12.7
 SINCE DEC 1       0.7                         2.1    -1.4   12.7
 SINCE JUL 1      31.8                        22.4     9.4   36.6
 SNOW DEPTH (IN)     4                                          8

DEGREE DAYS
 HEATING
  YESTERDAY         74                          73       1     70
  MONTH TO DATE   1275                        1212      63   1015
  SINCE DEC 1     1265                        1212      53   1010
  SINCE JUL 1     6867                        7162    -295   6388

 COOLING
  YESTERDAY          0                           0       0      0
  MONTH TO DATE      0                           0       0      0
  SINCE DEC 1        0                           0       0      0
  SINCE JAN 1        0                           0       0      0
...................................................................

WIND (MPH)
 HIGHEST WIND SPEED    24     HIGHEST WIND DIRECTION     60
 HIGHEST GUST SPEED    29     HIGHEST GUST DIRECTION     50
 AVERAGE WIND SPEED  18.4

SKY COVER
  POSSIBLE SUNSHINE    MM          AVERAGE SKY COVER     MM

WEATHER CONDITIONS
 THE FOLLOWING WEATHER WAS RECORDED YESTERDAY.
  BLOWING SNOW


RELATIVE HUMIDITY
 HIGHEST RH     86 PERCENT        853 AM
 LOWEST  RH     70 PERCENT       1053 PM
 AVERAGE RH     MM PERCENT
...................................................................

THE BARROW CLIMATE NORMALS FOR TODAY
                           NORMAL    RECORD   YEAR
 MAXIMUM TEMPERATURE (F)     -2        29     2008
 MINIMUM TEMPERATURE (F)    -14       -44     1978

SUNRISE AND SUNSET
 SUN BELOW HORIZON

-  INDICATES NEGATIVE NUMBERS.
R  INDICATES RECORD HAS BEEN SET OR TIED.
MM INDICATES DATA IS MISSING.
T  INDICATES TRACE OF PRECIPITATION.

&&
-------------------------------------------------------------------

AMOUNT OF DAYLIGHT TODAY  (HOUR:MIN)........0 HOURS 00 MINUTES
GAIN/LOSS SINCE YESTERDAY (HOUR:MIN:SEC)....+0:00:00

$$
DPA DEC 14





U.S. Dept. of Commerce
NOAA National Weather Service
1325 East West Highway
Silver Spring, MD 20910
E-mail: w-nws.webmaster@noaa.gov
Page last modified: May 16, 2007
NATIONAL WEATHER SERVICE: for Safety, for Work, for Fun - FOR LIFE