993
CDAK49 PABR 240942
CLIBRW

CLIMATE REPORT
NATIONAL WEATHER SERVICE BARROW, AK
142 AM AKDT FRI OCT 24 2014

...................................
...THE BARROW WSO AP CLIMATE SUMMARY FOR OCTOBER 23 2014...

CLIMATE NORMAL PERIOD  1981 TO  2010
CLIMATE RECORD PERIOD  1915 TO  2014

WEATHER ITEM   OBSERVED TIME    RECORD YEAR NORMAL DEPARTURE LAST
               VALUE    (LST)   VALUE       VALUE  FROM      YEAR
                                                   NORMAL
...................................................................
TEMPERATURE
YESTERDAY
 MAXIMUM            24  0823 PM    37  1957     18       6     32
 MINIMUM            19  0230 AM   -21  1983      8      11     21
 AVERAGE            22                          13       9     27

PRECIPITATION
(INCHES)
 YESTERDAY        0.07           0.14  1920   0.02    0.05      T
 MONTH TO DATE    0.77                        0.33    0.44   0.43
 SINCE SEP 1      1.83                        1.05    0.78   1.72
 SINCE JAN 1      6.38                        4.10    2.28   6.74

SNOWFALL
(INCHES)
 YESTERDAY         0.7            2.0  1929    0.3     0.4    0.2
 MONTH TO DATE    10.5                         6.8     3.7    4.8
 SINCE SEP 1      20.0                        11.2     8.8   12.9
 SINCE JUL 1      21.4                        12.3     9.1   14.0
 SNOW DEPTH (IN)     3                                          2

DEGREE DAYS
 HEATING
  YESTERDAY         43                          52      -9     38
  MONTH TO DATE    953                        1043     -90    881
  SINCE SEP 1     1893                        2029    -136   1885
  SINCE JUL 1     3559                        3583     -24   3294

 COOLING
  YESTERDAY          0                           0       0      0
  MONTH TO DATE      0                           0       0      0
  SINCE SEP 1        0                           0       0      0
  SINCE JAN 1        0                           0       0      0
...................................................................

WIND (MPH)
 HIGHEST WIND SPEED    33     HIGHEST WIND DIRECTION     70
 HIGHEST GUST SPEED    37     HIGHEST GUST DIRECTION     70
 AVERAGE WIND SPEED  24.1

WEATHER CONDITIONS
 THE FOLLOWING WEATHER WAS RECORDED YESTERDAY.
  BLOWING SNOW
  SNOW

RELATIVE HUMIDITY
 HIGHEST RH     100 PERCENT    AT  1107 PM  AST
 LOWEST  RH      92 PERCENT    AT  1153 PM  AST
 AVERAGE RH      94 PERCENT
...................................................................

THE BARROW CLIMATE NORMALS FOR TODAY
                           NORMAL    RECORD   YEAR
 MAXIMUM TEMPERATURE (F)     17        35     1969
 MINIMUM TEMPERATURE (F)      7       -17     1970

SUNRISE AND SUNSET
 OCT 24 2014..........SUNRISE 10:33 AM      SUNSET  5:49 PM
 OCT 25 2014..........SUNRISE 10:38 AM      SUNSET  5:44 PM

-  INDICATES NEGATIVE NUMBERS.
R  INDICATES RECORD HAS BEEN SET OR TIED.
MM INDICATES DATA IS MISSING.
T  INDICATES TRACE OF PRECIPITATION.
&&
-------------------------------------------------------------------

AMOUNT OF DAYLIGHT TODAY  (HOUR:MIN)........7 HOURS 16 MINUTES
GAIN/LOSS SINCE YESTERDAY (HOUR:MIN:SEC)....-0:10:22

$$
RFL OCT 14





U.S. Dept. of Commerce
NOAA National Weather Service
1325 East West Highway
Silver Spring, MD 20910
E-mail: w-nws.webmaster@noaa.gov
Page last modified: May 16, 2007
NATIONAL WEATHER SERVICE: for Safety, for Work, for Fun - FOR LIFE