572
CDAK49 PABR 260027
CLIBRW

CLIMATE REPORT
NATIONAL WEATHER SERVICE BARROW, AK
327 PM AKST TUE NOV 25 2014

...................................
...THE BARROW WSO AP CLIMATE SUMMARY FOR NOVEMBER 24 2014...

CLIMATE NORMAL PERIOD  1981 TO  2010
CLIMATE RECORD PERIOD  1915 TO  2014

WEATHER ITEM   OBSERVED TIME    RECORD YEAR NORMAL DEPARTURE LAST
               VALUE    (LST)   VALUE       VALUE  FROM      YEAR
                                                   NORMAL
...................................................................
TEMPERATURE
YESTERDAY
 MAXIMUM            -3  0530 AM    30  1952      3      -6      6
 MINIMUM            -9  0325 PM   -36  1991     -8      -1     -3
 AVERAGE            -6                          -3      -3      2

PRECIPITATION
(INCHES)
 YESTERDAY           T           0.08  1922   0.01   -0.01   0.01
 MONTH TO DATE    0.47                        0.18    0.29   0.38
 SINCE SEP 1      2.65                        1.31    1.34   2.16
 SINCE JAN 1      7.20                        4.36    2.84   7.18

SNOWFALL
(INCHES)
 YESTERDAY           T            1.1  2005    0.2    -0.2    0.3
 MONTH TO DATE     5.6                         4.8     0.8    7.0
 SINCE SEP 1      29.1                        18.3    10.8   22.2
 SINCE JUL 1      30.5                        19.4    11.1   23.3
 SNOW DEPTH (IN)     4                                          5

DEGREE DAYS
 HEATING
  YESTERDAY         71                          68       3     63
  MONTH TO DATE   1257                        1516    -259   1328
  SINCE SEP 1     3542                        3984    -442   3571
  SINCE JUL 1     5208                        5538    -330   4982

 COOLING
  YESTERDAY          0                           0       0      0
  MONTH TO DATE      0                           0       0      0
  SINCE SEP 1        0                           0       0      0
  SINCE JAN 1        0                           0       0      0
...................................................................

WIND (MPH)
 HIGHEST WIND SPEED    15     HIGHEST WIND DIRECTION     50
 HIGHEST GUST SPEED    17     HIGHEST GUST DIRECTION     40
 AVERAGE WIND SPEED   0.0

WEATHER CONDITIONS
 THE FOLLOWING WEATHER WAS RECORDED YESTERDAY.
  FOG


RELATIVE HUMIDITY
 HIGHEST RH     95 PERCENT       MM
 LOWEST  RH     75 PERCENT       MM
 AVERAGE RH     86 PERCENT       MM
...................................................................

THE BARROW CLIMATE NORMALS FOR TODAY
                           NORMAL    RECORD   YEAR
 MAXIMUM TEMPERATURE (F)      3        33     1931
 MINIMUM TEMPERATURE (F)     -9       -40     1948

SUNRISE AND SUNSET
 NOV 25 2014..........SUNRISE  --.--      SUNSET --.--
 NOV 26 2014..........SUNRISE  --.--      SUNSET --.--

-  INDICATES NEGATIVE NUMBERS.
R  INDICATES RECORD HAS BEEN SET OR TIED.
MM INDICATES DATA IS MISSING.
T  INDICATES TRACE OF PRECIPITATION.

&&
-------------------------------------------------------------------

AMOUNT OF DAYLIGHT TODAY  (HOUR:MIN)........0 HOURS 00 MINUTES
GAIN/LOSS SINCE YESTERDAY (HOUR:MIN:SEC)....+0:00:00

$$
DZB NOV 14





U.S. Dept. of Commerce
NOAA National Weather Service
1325 East West Highway
Silver Spring, MD 20910
E-mail: w-nws.webmaster@noaa.gov
Page last modified: May 16, 2007
NATIONAL WEATHER SERVICE: for Safety, for Work, for Fun - FOR LIFE