105
CDAK49 PABR 240206
CLIBRW

CLIMATE REPORT
NATIONAL WEATHER SERVICE BARROW, AK
506 PM AKST SUN NOV 23 2014

...................................
...THE BARROW WSO AP CLIMATE SUMMARY FOR NOVEMBER 23 2014...
VALID TODAY AS OF 2:00 PM LOCAL TIME

CLIMATE NORMAL PERIOD  1981 TO  2010
CLIMATE RECORD PERIOD  1915 TO  2014

WEATHER ITEM   OBSERVED TIME    RECORD YEAR NORMAL DEPARTURE LAST
               VALUE    (LST)   VALUE       VALUE  FROM      YEAR
                                                   NORMAL
...................................................................
TEMPERATURE
TODAY
 MAXIMUM             5  0101 PM    29  1952      3       2      6
 MINIMUM             0  0634 AM   -38  1992     -8       8      2
 AVERAGE             3                          -2       5      4

PRECIPITATION
(INCHES)
 TODAY            0.00           0.08  1951   0.01   -0.01   0.03
 MONTH TO DATE    0.44                        0.17    0.27   0.37
 SINCE SEP 1      2.62                        1.30    1.32   2.15
 SINCE JAN 1      7.17                        4.35    2.82   7.17

SNOWFALL
(INCHES)
 TODAY             0.0            1.4  1951    0.1    -0.1    0.9
 MONTH TO DATE     5.2                         4.6     0.6    6.7
 SINCE SEP 1      28.7                        18.1    10.6   21.9
 SINCE JUL 1      30.1                        19.2    10.9   23.0
 SNOW DEPTH (IN)     6                                          5

DEGREE DAYS
 HEATING
  TODAY             62                          67      -5     61
  MONTH TO DATE   1191                        1448    -257   1265
  SINCE SEP 1     3476                        3916    -440   3508
  SINCE JUL 1     5142                        5470    -328   4919

 COOLING
  TODAY              0                           0       0      0
  MONTH TO DATE      0                           0       0      0
  SINCE SEP 1        0                           0       0      0
  SINCE JAN 1        0                           0       0      0
...................................................................

WIND (MPH)
 HIGHEST WIND SPEED    20     HIGHEST WIND DIRECTION    110
 HIGHEST GUST SPEED    21     HIGHEST GUST DIRECTION    120

WEATHER CONDITIONS
 THE FOLLOWING WEATHER WAS RECORDED TODAY.
  FOG
  BLOWING SNOW

RELATIVE HUMIDITY
 HIGHEST RH     95 PERCENT       453 PM
 LOWEST  RH     83 PERCENT       153 PM
 AVERAGE RH     91 PERCENT
...................................................................

THE BARROW CLIMATE NORMALS FOR TOMORROW
                        NORMAL    RECORD   YEAR
 MAXIMUM TEMPERATURE       3        30     1952
 MINIMUM TEMPERATURE      -8       -36     1991

SUNRISE AND SUNSET
 NOV 23 2014..........SUNRISE  --.--      SUNSET --.--
 NOV 24 2014..........SUNRISE  --.--      SUNSET --.--

-  INDICATES NEGATIVE NUMBERS.
R  INDICATES RECORD HAS BEEN SET OR TIED.
MM INDICATES DATA IS MISSING.
T  INDICATES TRACE OF PRECIPITATION.

&&
-------------------------------------------------------------------

AMOUNT OF DAYLIGHT TODAY  (HOUR:MIN)........0 HOURS 00 MINUTES
GAIN/LOSS SINCE YESTERDAY (HOUR:MIN:SEC)....+0:00:00

$$
GMS NOV 14





U.S. Dept. of Commerce
NOAA National Weather Service
1325 East West Highway
Silver Spring, MD 20910
E-mail: w-nws.webmaster@noaa.gov
Page last modified: May 16, 2007
NATIONAL WEATHER SERVICE: for Safety, for Work, for Fun - FOR LIFE