673
CDAK49 PABR 200928
CLIBRW

CLIMATE REPORT
NATIONAL WEATHER SERVICE BARROW, AK
128 AM AKDT SAT SEP 20 2014

...................................
...THE BARROW WSO AP CLIMATE SUMMARY FOR SEPTEMBER 19 2014...

CLIMATE NORMAL PERIOD  1981 TO  2010
CLIMATE RECORD PERIOD  1915 TO  2014

WEATHER ITEM   OBSERVED TIME    RECORD YEAR NORMAL DEPARTURE LAST
               VALUE    (LST)   VALUE       VALUE  FROM      YEAR
                                                   NORMAL
...................................................................
TEMPERATURE
YESTERDAY
 MAXIMUM            34   622 AM    62  1995     35      -1     30
 MINIMUM            31  1159 PM     6  1948     28       3     28
 AVERAGE            33                          31       2     29

PRECIPITATION
(INCHES)
 YESTERDAY        0.15           0.39  1973   0.02    0.13   0.04
 MONTH TO DATE    0.67                        0.50    0.17   0.91
 SINCE SEP 1      0.67                        0.50    0.17   0.91
 SINCE JAN 1      5.22                        3.55    1.67   5.93

SNOWFALL
(INCHES)
 YESTERDAY         1.5            1.9  1996    0.2     1.3    0.4
 MONTH TO DATE     6.1                         2.2     3.9    1.8
 SINCE SEP 1       6.1                         2.2     3.9    1.8
 SINCE JUL 1       7.5                         3.3     4.2    2.9
 SNOW DEPTH (IN)     1                                          T

DEGREE DAYS
 HEATING
  YESTERDAY         32                          34      -2     36
  MONTH TO DATE    567                         586     -19    577
  SINCE SEP 1      567                         586     -19    577
  SINCE JUL 1     2233                        2140      93   1986

 COOLING
  YESTERDAY          0                           0       0      0
  MONTH TO DATE      0                           0       0      0
  SINCE SEP 1        0                           0       0      0
  SINCE JAN 1        0                           0       0      0
...................................................................

WIND (MPH)
 HIGHEST WIND SPEED    29     HIGHEST WIND DIRECTION     70
 HIGHEST GUST SPEED    36     HIGHEST GUST DIRECTION     70
 AVERAGE WIND SPEED  22.6

SKY COVER
  POSSIBLE SUNSHINE    MM          AVERAGE SKY COVER     MM

WEATHER CONDITIONS
 THE FOLLOWING WEATHER WAS RECORDED YESTERDAY.
  FOG
  SNOW


RELATIVE HUMIDITY
 HIGHEST RH     MM PERCENT       MM
 LOWEST  RH     MM PERCENT       MM
 AVERAGE RH     MM PERCENT       MM
...................................................................

THE BARROW CLIMATE NORMALS FOR TODAY
                           NORMAL    RECORD   YEAR
 MAXIMUM TEMPERATURE (F)     34        47     1974
 MINIMUM TEMPERATURE (F)     27        10     1996

SUNRISE AND SUNSET
 SEP 20 2014..........SUNRISE  759 AM      SUNSET  840 PM
 SEP 21 2014..........SUNRISE  804 AM      SUNSET  835 PM

-  INDICATES NEGATIVE NUMBERS.
R  INDICATES RECORD HAS BEEN SET OR TIED.
MM INDICATES DATA IS MISSING.
T  INDICATES TRACE OF PRECIPITATION.

&&
-------------------------------------------------------------------

AMOUNT OF DAYLIGHT TODAY  (HOUR:MIN)........12 HOURS 41 MINUTES
GAIN/LOSS SINCE YESTERDAY (HOUR:MIN:SEC)....-0:09:13

$$
DPA SEP 14





U.S. Dept. of Commerce
NOAA National Weather Service
1325 East West Highway
Silver Spring, MD 20910
E-mail: w-nws.webmaster@noaa.gov
Page last modified: May 16, 2007
NATIONAL WEATHER SERVICE: for Safety, for Work, for Fun - FOR LIFE