404
CDAK49 PABR 301037
CLIBRW

CLIMATE REPORT
NATIONAL WEATHER SERVICE BARROW, AK
237 AM AKDT THU OCT 30 2014

...................................
...THE BARROW WSO AP CLIMATE SUMMARY FOR OCTOBER 29 2014...

CLIMATE NORMAL PERIOD  1981 TO  2010
CLIMATE RECORD PERIOD  1915 TO  2014

WEATHER ITEM   OBSERVED TIME    RECORD YEAR NORMAL DEPARTURE LAST
               VALUE    (LST)   VALUE       VALUE  FROM      YEAR
                                                   NORMAL
...................................................................
TEMPERATURE
YESTERDAY
 MAXIMUM            23  0703 PM    34  2003     15       8     25
 MINIMUM            14  1134 AM   -22  1975      4      10     19
 AVERAGE            19                           9      10     22

PRECIPITATION
(INCHES)
 YESTERDAY        0.11           0.17  1920   0.01    0.10      T
 MONTH TO DATE    1.01                        0.39    0.62   0.49
 SINCE SEP 1      2.07                        1.11    0.96   1.78
 SINCE JAN 1      6.62                        4.16    2.46   6.80

SNOWFALL
(INCHES)
 YESTERDAY         1.2            2.1  1997    0.3     0.9    0.3
 MONTH TO DATE    13.1                         8.5     4.6    6.9
 SINCE SEP 1      22.6                        12.9     9.7   15.0
 SINCE JUL 1      24.0                        14.0    10.0   16.1
 SNOW DEPTH (IN)     5                                          3

DEGREE DAYS
 HEATING
  YESTERDAY         46                          56     -10     43
  MONTH TO DATE   1241                        1369    -128   1133
  SINCE SEP 1     2181                        2355    -174   2137
  SINCE JUL 1     3847                        3909     -62   3546

 COOLING
  YESTERDAY          0                           0       0      0
  MONTH TO DATE      0                           0       0      0
  SINCE SEP 1        0                           0       0      0
  SINCE JAN 1        0                           0       0      0
...................................................................

WIND (MPH)
 HIGHEST WIND SPEED    22     HIGHEST WIND DIRECTION    280
 HIGHEST GUST SPEED    25     HIGHEST GUST DIRECTION    240
 AVERAGE WIND SPEED  14.2

WEATHER CONDITIONS
 THE FOLLOWING WEATHER WAS RECORDED YESTERDAY.
  FOG
  BLOWING SNOW
  SNOW

RELATIVE HUMIDITY
 HIGHEST RH    100 PERCENT   AT 953 AM  AST
 LOWEST  RH     67 PERCENT   AT 153 AM  AST
 AVERAGE RH     81 PERCENT
...................................................................

THE BARROW CLIMATE NORMALS FOR TODAY
                           NORMAL    RECORD   YEAR
 MAXIMUM TEMPERATURE (F)     14        33     2002
 MINIMUM TEMPERATURE (F)      3       -25     1994

SUNRISE AND SUNSET
 OCT 30 2014..........SUNRISE 11:05 AM      SUNSET  5:16 PM
 OCT 31 2014..........SUNRISE 11:10 AM      SUNSET  5:11 PM

-  INDICATES NEGATIVE NUMBERS.
R  INDICATES RECORD HAS BEEN SET OR TIED.
MM INDICATES DATA IS MISSING.
T  INDICATES TRACE OF PRECIPITATION.
&&
-------------------------------------------------------------------

AMOUNT OF DAYLIGHT TODAY  (HOUR:MIN)........6 HOURS 11 MINUTES
GAIN/LOSS SINCE YESTERDAY (HOUR:MIN:SEC)....-0:11:08

$$
RFL OCT 14





U.S. Dept. of Commerce
NOAA National Weather Service
1325 East West Highway
Silver Spring, MD 20910
E-mail: w-nws.webmaster@noaa.gov
Page last modified: May 16, 2007
NATIONAL WEATHER SERVICE: for Safety, for Work, for Fun - FOR LIFE