839
CDUS44 KBRO 242132
CLIBRO


CLIMATE REPORT
NATIONAL WEATHER SERVICE BROWNSVILLE TX
431 PM CDT FRI OCT 24 2014


...................................

...THE BROWNSVILLE CLIMATE SUMMARY FOR OCTOBER 24 2014...
VALID TODAY AS OF 0400 PM LOCAL TIME.

CLIMATE NORMAL PERIOD 1981 TO 2010
CLIMATE RECORD PERIOD 1878 TO 2014


WEATHER ITEM   OBSERVED TIME   RECORD YEAR NORMAL DEPARTURE LAST
                VALUE   (LST)  VALUE       VALUE  FROM      YEAR
                                                  NORMAL
..................................................................
TEMPERATURE (F)
 TODAY
  MAXIMUM         86   1230 PM  93    1893  85      1       84
  MINIMUM         66    138 AM  48    1917  65      1       59
  AVERAGE         76                        75      1       72

PRECIPITATION (IN)
  TODAY            0.00          3.54 1884   0.11  -0.11     0.00
  MONTH TO DATE    3.71                      3.13   0.58     1.38
  SINCE SEP 1     14.07                      9.05   5.02    13.26
  SINCE JAN 1     23.59                     23.86  -0.27    23.31

SNOWFALL (IN)
  TODAY            0.0           0.0  2002   0.0
                                      2001
  MONTH TO DATE    0.0                       0.0
  SINCE SEP 1      0.0                       0.0
  SINCE JUL 1      0.0                       0.0

DEGREE DAYS
 HEATING
  TODAY            0                         0      0        0
  MONTH TO DATE    0                         0      0        0
  SINCE SEP 1      0                         0      0        0
  SINCE JUL 1      0                         0      0        0

 COOLING
  TODAY           11                        10      1        7
  MONTH TO DATE  360                       289     71      274
  SINCE SEP 1    888                       793     95      811
  SINCE JAN 1   3708                      3700      8     3844
..................................................................


WIND (MPH)
  HIGHEST WIND SPEED    15   HIGHEST WIND DIRECTION    NE (40)
  HIGHEST GUST SPEED    18   HIGHEST GUST DIRECTION    NE (50)
  AVERAGE WIND SPEED     6.2


SKY COVER
  POSSIBLE SUNSHINE  MM
  AVERAGE SKY COVER 0.1


WEATHER CONDITIONS
 THE FOLLOWING WEATHER WAS RECORDED TODAY.
  FOG


RELATIVE HUMIDITY (PERCENT)
 HIGHEST   100           400 AM
 LOWEST     51          1200 PM
 AVERAGE    76

..........................................................


THE BROWNSVILLE CLIMATE NORMALS FOR TOMORROW
                         NORMAL    RECORD    YEAR
 MAXIMUM TEMPERATURE (F)   84        92      1921
 MINIMUM TEMPERATURE (F)   65        48      1945


SUNRISE AND SUNSET
OCTOBER 24 2014.......SUNRISE   733 AM CDT   SUNSET   654 PM CDT
OCTOBER 25 2014.......SUNRISE   734 AM CDT   SUNSET   653 PM CDT


-  INDICATES NEGATIVE NUMBERS.
R  INDICATES RECORD WAS SET OR TIED.
MM INDICATES DATA IS MISSING.
T  INDICATES TRACE AMOUNT.




$$





U.S. Dept. of Commerce
NOAA National Weather Service
1325 East West Highway
Silver Spring, MD 20910
E-mail: w-nws.webmaster@noaa.gov
Page last modified: May 16, 2007
NATIONAL WEATHER SERVICE: for Safety, for Work, for Fun - FOR LIFE