346
CDUS44 KBRO 210733
CLIBRO


CLIMATE REPORT
NATIONAL WEATHER SERVICE BROWNSVILLE TX
133 AM CST SUN DEC 21 2014


...................................

...THE BROWNSVILLE CLIMATE SUMMARY FOR DECEMBER 20 2014...

CLIMATE NORMAL PERIOD 1981 TO 2010
CLIMATE RECORD PERIOD 1878 TO 2014


WEATHER ITEM   OBSERVED TIME   RECORD YEAR NORMAL DEPARTURE LAST
                VALUE   (LST)  VALUE       VALUE  FROM      YEAR
                                                  NORMAL
..................................................................
TEMPERATURE (F)
 YESTERDAY
  MAXIMUM         62    234 AM  88    1889  71     -9       84
  MINIMUM         57   1108 PM  27    1924  52      5       67
  AVERAGE         60                        61     -1       76

PRECIPITATION (IN)
  YESTERDAY        0.00          1.36 1940   0.03  -0.03     0.00
  MONTH TO DATE    0.88                      0.78   0.10     0.11
  SINCE DEC 1      0.88                      0.78   0.10     0.11
  SINCE JAN 1     28.04                     27.07   0.97    25.60

SNOWFALL (IN)
  YESTERDAY        0.0           0.0  2001   0.0
  MONTH TO DATE    0.0                       0.0
  SINCE DEC 1      0.0                       0.0
  SINCE JUL 1      0.0                       0.0

DEGREE DAYS
 HEATING
  YESTERDAY        5                         6     -1        0
  MONTH TO DATE   14                        97    -83      138
  SINCE DEC 1     14                        97    -83      138
  SINCE JUL 1    127                       151    -24      246

 COOLING
  YESTERDAY        0                         2     -2       11
  MONTH TO DATE   95                        57     38       59
  SINCE DEC 1     95                        57     38       59
  SINCE JAN 1   3995                      4002     -7     4179
..................................................................


WIND (MPH)
  HIGHEST WIND SPEED    16   HIGHEST WIND DIRECTION     N (350)
  HIGHEST GUST SPEED    23   HIGHEST GUST DIRECTION     N (10)
  AVERAGE WIND SPEED    10.4


SKY COVER
  POSSIBLE SUNSHINE  MM
  AVERAGE SKY COVER 1.0


WEATHER CONDITIONS
 THE FOLLOWING WEATHER WAS RECORDED YESTERDAY.
  FOG


RELATIVE HUMIDITY (PERCENT)
 HIGHEST    93           700 AM
 LOWEST     78           100 PM
 AVERAGE    86

..........................................................


THE BROWNSVILLE CLIMATE NORMALS FOR TODAY
                         NORMAL    RECORD    YEAR
 MAXIMUM TEMPERATURE (F)   71        86      1921
 MINIMUM TEMPERATURE (F)   52        26      1924


SUNRISE AND SUNSET
DECEMBER 21 2014......SUNRISE   712 AM CST   SUNSET   544 PM CST
DECEMBER 22 2014......SUNRISE   713 AM CST   SUNSET   544 PM CST


-  INDICATES NEGATIVE NUMBERS.
R  INDICATES RECORD WAS SET OR TIED.
MM INDICATES DATA IS MISSING.
T  INDICATES TRACE AMOUNT.




$$





U.S. Dept. of Commerce
NOAA National Weather Service
1325 East West Highway
Silver Spring, MD 20910
E-mail: w-nws.webmaster@noaa.gov
Page last modified: May 16, 2007
NATIONAL WEATHER SERVICE: for Safety, for Work, for Fun - FOR LIFE