295
CDUS44 KBRO 270726
CLIBRO


CLIMATE REPORT
NATIONAL WEATHER SERVICE BROWNSVILLE TX
126 AM CST THU NOV 27 2014


...................................

...THE BROWNSVILLE CLIMATE SUMMARY FOR NOVEMBER 26 2014...

CLIMATE NORMAL PERIOD 1981 TO 2010
CLIMATE RECORD PERIOD 1878 TO 2014


WEATHER ITEM   OBSERVED TIME   RECORD YEAR NORMAL DEPARTURE LAST
                VALUE   (LST)  VALUE       VALUE  FROM      YEAR
                                                  NORMAL
..................................................................
TEMPERATURE (F)
 YESTERDAY
  MAXIMUM         74    254 PM  93    1988  76     -2       59
  MINIMUM         42    716 AM  37    1993  57    -15       44
                                      1974
  AVERAGE         58                        66     -8       52

PRECIPITATION (IN)
  YESTERDAY        0.00          1.42 1908   0.04  -0.04     0.10
  MONTH TO DATE    3.44                      1.64   1.80     1.91
  SINCE SEP 1     17.62                     11.30   6.32    15.42
  SINCE JAN 1     27.14                     26.11   1.03    25.47

SNOWFALL (IN)
  YESTERDAY        0.0           0.0  2001   0.0
  MONTH TO DATE    0.0                       0.0
  SINCE SEP 1      0.0                       0.0
  SINCE JUL 1      0.0                       0.0

DEGREE DAYS
 HEATING
  YESTERDAY        7                         3      4       13
  MONTH TO DATE  109                        39     70       78
  SINCE SEP 1    109                        43     66       78
  SINCE JUL 1    109                        43     66       78

 COOLING
  YESTERDAY        0                         4     -4        0
  MONTH TO DATE  100                       164    -64      173
  SINCE SEP 1   1069                      1022     47     1087
  SINCE JAN 1   3889                      3929    -40     4120
..................................................................


WIND (MPH)
  HIGHEST WIND SPEED    18   HIGHEST WIND DIRECTION     S (180)
  HIGHEST GUST SPEED    24   HIGHEST GUST DIRECTION     S (170)
  AVERAGE WIND SPEED     6.0


SKY COVER
  POSSIBLE SUNSHINE  MM
  AVERAGE SKY COVER 0.0


WEATHER CONDITIONS
 THE FOLLOWING WEATHER WAS RECORDED YESTERDAY.
  FOG


RELATIVE HUMIDITY (PERCENT)
 HIGHEST   100          1100 PM
 LOWEST     33           100 PM
 AVERAGE    67

..........................................................


THE BROWNSVILLE CLIMATE NORMALS FOR TODAY
                         NORMAL    RECORD    YEAR
 MAXIMUM TEMPERATURE (F)   76        88      1973
 MINIMUM TEMPERATURE (F)   57        36      1993


SUNRISE AND SUNSET
NOVEMBER 27 2014......SUNRISE   657 AM CST   SUNSET   538 PM CST
NOVEMBER 28 2014......SUNRISE   657 AM CST   SUNSET   538 PM CST


-  INDICATES NEGATIVE NUMBERS.
R  INDICATES RECORD WAS SET OR TIED.
MM INDICATES DATA IS MISSING.
T  INDICATES TRACE AMOUNT.




$$





U.S. Dept. of Commerce
NOAA National Weather Service
1325 East West Highway
Silver Spring, MD 20910
E-mail: w-nws.webmaster@noaa.gov
Page last modified: May 16, 2007
NATIONAL WEATHER SERVICE: for Safety, for Work, for Fun - FOR LIFE