060
CDUS43 KDVN 250926
CLIBRL


CLIMATE REPORT
NATIONAL WEATHER SERVICE QUAD CITIES IA IL
421 AM CDT FRI JUL 25 2014


...................................

...THE BURLINGTON IA CLIMATE SUMMARY FOR JULY 24 2014...

CLIMATE NORMAL PERIOD 1981 TO 2010
CLIMATE RECORD PERIOD 1897 TO 2014


WEATHER ITEM   OBSERVED TIME   RECORD YEAR NORMAL DEPARTURE LAST
                VALUE   (LST)  VALUE       VALUE  FROM      YEAR
                                                  NORMAL
..................................................................
TEMPERATURE (F)
 YESTERDAY
  MAXIMUM         79    329 PM 107    1901  87     -8       78
  MINIMUM         58    533 AM  51    2003  67     -9       59
  AVERAGE         69                        77     -8       69

PRECIPITATION (IN)
  YESTERDAY        0.00         MM      MM   0.13  -0.13     0.00
  MONTH TO DATE    2.15                      3.34  -1.19     0.28
  SINCE JUN 1     11.24                      7.81   3.43     2.55
  SINCE JAN 1     22.63                     22.07   0.56    25.75

DEGREE DAYS
 HEATING
  YESTERDAY        0                         0      0        0
  MONTH TO DATE    7                         0      7        0
  SINCE JUN 1      9                        13     -4       15
  SINCE JUL 1      7                         0      7        0

 COOLING
  YESTERDAY        4                        12     -8        4
  MONTH TO DATE  148                       288   -140      277
  SINCE JUN 1    403                       548   -145      485
  SINCE JAN 1    541                       651   -110      584
..................................................................


WIND (MPH)
  HIGHEST WIND SPEED    13   HIGHEST WIND DIRECTION     S (170)
  HIGHEST GUST SPEED    17   HIGHEST GUST DIRECTION     S (170)
  AVERAGE WIND SPEED     4.5


SKY COVER
  POSSIBLE SUNSHINE  MM
  AVERAGE SKY COVER 0.1


WEATHER CONDITIONS
 THE FOLLOWING WEATHER WAS RECORDED YESTERDAY.
  FOG
  HAZE


RELATIVE HUMIDITY (PERCENT)
 HIGHEST    97          1200 AM
 LOWEST     43          1100 AM
 AVERAGE    70

..........................................................


THE BURLINGTON IA CLIMATE NORMALS FOR TODAY
                         NORMAL    RECORD    YEAR
 MAXIMUM TEMPERATURE (F)   87       107      1936
 MINIMUM TEMPERATURE (F)   67        53      1911


SUNRISE AND SUNSET
JULY 25 2014..........SUNRISE   554 AM CDT   SUNSET   827 PM CDT
JULY 26 2014..........SUNRISE   555 AM CDT   SUNSET   826 PM CDT


-  INDICATES NEGATIVE NUMBERS.
R  INDICATES RECORD WAS SET OR TIED.
MM INDICATES DATA IS MISSING.
T  INDICATES TRACE AMOUNT.




$$






U.S. Dept. of Commerce
NOAA National Weather Service
1325 East West Highway
Silver Spring, MD 20910
E-mail: w-nws.webmaster@noaa.gov
Page last modified: May 16, 2007
NATIONAL WEATHER SERVICE: for Safety, for Work, for Fun - FOR LIFE