085
CDUS43 KDVN 302129
CLIBRL


CLIMATE REPORT
NATIONAL WEATHER SERVICE QUAD CITIES IA IL
429 PM CDT THU OCT 30 2014


...................................

...THE BURLINGTON IA CLIMATE SUMMARY FOR OCTOBER 30 2014...
VALID TODAY AS OF 0400 PM LOCAL TIME.

CLIMATE NORMAL PERIOD 1981 TO 2010
CLIMATE RECORD PERIOD 1897 TO 2014


WEATHER ITEM   OBSERVED TIME   RECORD YEAR NORMAL DEPARTURE LAST
                VALUE   (LST)  VALUE       VALUE  FROM      YEAR
                                                  NORMAL
..................................................................
TEMPERATURE (F)
 TODAY
  MAXIMUM         56    259 PM  86    1950  60     -4       65
  MINIMUM         34    214 AM  10    1925  40     -6       53
  AVERAGE         45                        50     -5       59

PRECIPITATION (IN)
  TODAY            0.00         MM      MM   0.10  -0.10     2.21
  MONTH TO DATE    4.13                      3.03   1.10     2.73
  SINCE SEP 1      9.27                      6.55   2.72     3.93
  SINCE JAN 1     38.34                     33.80   4.54    30.99

DEGREE DAYS
 HEATING
  TODAY           20                        15      5        6
  MONTH TO DATE  315                       307      8      362
  SINCE SEP 1    416                       374     42      403
  SINCE JUL 1    423                       378     45      414

 COOLING
  TODAY            0                         0      0        0
  MONTH TO DATE    3                        19    -16       33
  SINCE SEP 1     86                       158    -72      214
  SINCE JAN 1    940                      1201   -261     1115
..................................................................


WIND (MPH)
  HIGHEST WIND SPEED    14   HIGHEST WIND DIRECTION    SE (140)
  HIGHEST GUST SPEED    16   HIGHEST GUST DIRECTION    SE (140)
  AVERAGE WIND SPEED     3.8


SKY COVER
  POSSIBLE SUNSHINE  MM
  AVERAGE SKY COVER 0.5


WEATHER CONDITIONS
 THE FOLLOWING WEATHER WAS RECORDED TODAY.
  NO SIGNIFICANT WEATHER WAS OBSERVED.


RELATIVE HUMIDITY (PERCENT)
 HIGHEST   100           200 AM
 LOWEST     55           200 PM
 AVERAGE    78

..........................................................


THE BURLINGTON IA CLIMATE NORMALS FOR TOMORROW
                         NORMAL    RECORD    YEAR
 MAXIMUM TEMPERATURE (F)   60        86      1950
 MINIMUM TEMPERATURE (F)   40        18      1913


SUNRISE AND SUNSET
OCTOBER 30 2014.......SUNRISE   733 AM CDT   SUNSET   603 PM CDT
OCTOBER 31 2014.......SUNRISE   734 AM CDT   SUNSET   602 PM CDT


-  INDICATES NEGATIVE NUMBERS.
R  INDICATES RECORD WAS SET OR TIED.
MM INDICATES DATA IS MISSING.
T  INDICATES TRACE AMOUNT.




$$





U.S. Dept. of Commerce
NOAA National Weather Service
1325 East West Highway
Silver Spring, MD 20910
E-mail: w-nws.webmaster@noaa.gov
Page last modified: May 16, 2007
NATIONAL WEATHER SERVICE: for Safety, for Work, for Fun - FOR LIFE