639
CDUS43 KDVN 020939
CLIBRL


CLIMATE REPORT
NATIONAL WEATHER SERVICE QUAD CITIES IA IL
436 AM CDT THU OCT 2 2014


...................................

...THE BURLINGTON IA CLIMATE SUMMARY FOR OCTOBER 1 2014...

CLIMATE NORMAL PERIOD 1981 TO 2010
CLIMATE RECORD PERIOD 1897 TO 2014


WEATHER ITEM   OBSERVED TIME   RECORD YEAR NORMAL DEPARTURE LAST
                VALUE   (LST)  VALUE       VALUE  FROM      YEAR
                                                  NORMAL
..................................................................
TEMPERATURE (F)
 YESTERDAY
  MAXIMUM         68    945 PM  93    1897  72     -4       84
  MINIMUM         52    621 AM  30    2003  50      2       59
  AVERAGE         60                        61     -1       72

PRECIPITATION (IN)
  YESTERDAY        0.22         MM      MM   0.12   0.10     0.00
  MONTH TO DATE    0.22                      0.12   0.10     0.00
  SINCE SEP 1      5.36                      3.64   1.72     1.20
  SINCE JAN 1     34.43                     30.89   3.54    28.26

DEGREE DAYS
 HEATING
  YESTERDAY        5                         6     -1        0
  MONTH TO DATE    5                         6     -1        0
  SINCE SEP 1    106                        73     33       41
  SINCE JUL 1    113                        77     36       52

 COOLING
  YESTERDAY        0                         2     -2        7
  MONTH TO DATE    0                         2     -2        7
  SINCE SEP 1     83                       141    -58      188
  SINCE JAN 1    937                      1184   -247     1089
..................................................................


WIND (MPH)
  HIGHEST WIND SPEED    16   HIGHEST WIND DIRECTION     S (190)
  HIGHEST GUST SPEED    20   HIGHEST GUST DIRECTION    SE (150)
  AVERAGE WIND SPEED     8.2


SKY COVER
  POSSIBLE SUNSHINE  MM
  AVERAGE SKY COVER 0.6


WEATHER CONDITIONS
 THE FOLLOWING WEATHER WAS RECORDED YESTERDAY.
  LIGHT RAIN
  FOG


RELATIVE HUMIDITY (PERCENT)
 HIGHEST   100          1100 PM
 LOWEST     78           900 AM
 AVERAGE    89

..........................................................


THE BURLINGTON IA CLIMATE NORMALS FOR TODAY
                         NORMAL    RECORD    YEAR
 MAXIMUM TEMPERATURE (F)   72        93      2006
                                             1953
 MINIMUM TEMPERATURE (F)   49        26      2003


SUNRISE AND SUNSET
OCTOBER  2 2014.......SUNRISE   702 AM CDT   SUNSET   645 PM CDT
OCTOBER  3 2014.......SUNRISE   703 AM CDT   SUNSET   643 PM CDT


-  INDICATES NEGATIVE NUMBERS.
R  INDICATES RECORD WAS SET OR TIED.
MM INDICATES DATA IS MISSING.
T  INDICATES TRACE AMOUNT.




$$





U.S. Dept. of Commerce
NOAA National Weather Service
1325 East West Highway
Silver Spring, MD 20910
E-mail: w-nws.webmaster@noaa.gov
Page last modified: May 16, 2007
NATIONAL WEATHER SERVICE: for Safety, for Work, for Fun - FOR LIFE