729
CDUS43 KDVN 160927
CLIBRL


CLIMATE REPORT
NATIONAL WEATHER SERVICE QUAD CITIES IA IL
425 AM CDT WED APR 16 2014


...................................

...THE BURLINGTON IA CLIMATE SUMMARY FOR APRIL 15 2014...

CLIMATE NORMAL PERIOD 1981 TO 2010
CLIMATE RECORD PERIOD 1897 TO 2014


WEATHER ITEM   OBSERVED TIME   RECORD YEAR NORMAL DEPARTURE LAST
                VALUE   (LST)  VALUE       VALUE  FROM      YEAR
                                                  NORMAL
..................................................................
TEMPERATURE (F)
 YESTERDAY
  MAXIMUM         45    452 PM  87    2002  65    -20       60
  MINIMUM         26    542 AM  23    1943  43    -17       42
  AVERAGE         36                        54    -18       51

PRECIPITATION (IN)
  YESTERDAY        0.00         MM      MM   0.12  -0.12     0.02
  MONTH TO DATE    2.30                      1.65   0.65     2.35
  SINCE MAR 1      3.47                      4.44  -0.97     4.30
  SINCE JAN 1      7.84                      7.30   0.54     8.27

DEGREE DAYS
 HEATING
  YESTERDAY       29                        12     17       14
  MONTH TO DATE  249                       215     34      240
  SINCE MAR 1   1214                       943    271     1195
  SINCE JUL 1   6537                      5321   1216     5566

 COOLING
  YESTERDAY        0                         1     -1        0
  MONTH TO DATE    5                         5      0        0
  SINCE MAR 1      5                         7     -2        0
  SINCE JAN 1      5                         7     -2        0
..................................................................


WIND (MPH)
  HIGHEST WIND SPEED    17   HIGHEST WIND DIRECTION    NW (310)
  HIGHEST GUST SPEED    24   HIGHEST GUST DIRECTION    NW (330)
  AVERAGE WIND SPEED     8.2


SKY COVER
  POSSIBLE SUNSHINE  MM
  AVERAGE SKY COVER 0.1


WEATHER CONDITIONS
 THE FOLLOWING WEATHER WAS RECORDED YESTERDAY.
  NO SIGNIFICANT WEATHER WAS OBSERVED.


RELATIVE HUMIDITY (PERCENT)
 HIGHEST    69          1200 AM
 LOWEST     33           400 PM
 AVERAGE    51

..........................................................


THE BURLINGTON IA CLIMATE NORMALS FOR TODAY
                         NORMAL    RECORD    YEAR
 MAXIMUM TEMPERATURE (F)   65        88      2004
 MINIMUM TEMPERATURE (F)   43        22      1949


SUNRISE AND SUNSET
APRIL 16 2014.........SUNRISE   624 AM CDT   SUNSET   745 PM CDT
APRIL 17 2014.........SUNRISE   623 AM CDT   SUNSET   746 PM CDT


-  INDICATES NEGATIVE NUMBERS.
R  INDICATES RECORD WAS SET OR TIED.
MM INDICATES DATA IS MISSING.
T  INDICATES TRACE AMOUNT.




$$






U.S. Dept. of Commerce
NOAA National Weather Service
1325 East West Highway
Silver Spring, MD 20910
E-mail: w-nws.webmaster@noaa.gov
Page last modified: May 16, 2007
NATIONAL WEATHER SERVICE: for Safety, for Work, for Fun - FOR LIFE