093
CDUS44 KLCH 240815
CLIBPT


CLIMATE REPORT
NATIONAL WEATHER SERVICE LAKE CHARLES, LA
314 AM CDT FRI OCT 24 2014


...................................

...THE BEAUMONT PORT ARTHUR CLIMATE SUMMARY FOR OCTOBER 23 2014...

CLIMATE NORMAL PERIOD 1981 TO 2010
CLIMATE RECORD PERIOD 1901 TO 2014


WEATHER ITEM   OBSERVED TIME   RECORD YEAR NORMAL DEPARTURE LAST
                VALUE   (LST)  VALUE       VALUE  FROM      YEAR
                                                  NORMAL
..................................................................
TEMPERATURE (F)
 YESTERDAY
  MAXIMUM         78    253 PM  89    2003  79     -1       82
  MINIMUM         57   1029 PM  39    1952  58     -1       48
                                      1937
  AVERAGE         68                        69     -1       65

PRECIPITATION (IN)
  YESTERDAY        0.00          2.89 1913   0.19  -0.19     0.00
  MONTH TO DATE    2.18                      4.22  -2.04     3.99
  SINCE SEP 1      8.93                     10.19  -1.26    12.13
  SINCE JAN 1     44.33                     49.42  -5.09    47.34

SNOWFALL (IN)
  YESTERDAY        0.0           0.0    MM   0.0    0.0      0.0
  MONTH TO DATE    0.0                       0.0    0.0      0.0
  SINCE SEP 1      0.0                       0.0    0.0      0.0
  SINCE JUL 1      0.0                       0.0    0.0      0.0
  SNOW DEPTH       0

DEGREE DAYS
 HEATING
  YESTERDAY        0                         2     -2        0
  MONTH TO DATE    0                        14    -14        9
  SINCE SEP 1      0                        15    -15        9
  SINCE JUL 1      0                        15    -15        9

 COOLING
  YESTERDAY        3                         5     -2        0
  MONTH TO DATE  214                       169     45      178
  SINCE SEP 1    694                       588    106      712
  SINCE JAN 1   2837                      2755     82     2902
..................................................................


WIND (MPH)
  HIGHEST WIND SPEED    13   HIGHEST WIND DIRECTION    NE (60)
  HIGHEST GUST SPEED    15   HIGHEST GUST DIRECTION     N (10)
  AVERAGE WIND SPEED     6.5


SKY COVER
  POSSIBLE SUNSHINE  MM
  AVERAGE SKY COVER 0.0


WEATHER CONDITIONS
 THE FOLLOWING WEATHER WAS RECORDED YESTERDAY.
  NO SIGNIFICANT WEATHER WAS OBSERVED.


RELATIVE HUMIDITY (PERCENT)
 HIGHEST    84           800 PM
 LOWEST     42           300 PM
 AVERAGE    63

..........................................................


THE BEAUMONT PORT ARTHUR CLIMATE NORMALS FOR TODAY
                         NORMAL    RECORD    YEAR
 MAXIMUM TEMPERATURE (F)   79        90      1919
 MINIMUM TEMPERATURE (F)   58        39      1917


SUNRISE AND SUNSET
OCTOBER 24 2014.......SUNRISE   724 AM CDT   SUNSET   636 PM CDT
OCTOBER 25 2014.......SUNRISE   725 AM CDT   SUNSET   635 PM CDT


-  INDICATES NEGATIVE NUMBERS.
R  INDICATES RECORD WAS SET OR TIED.
MM INDICATES DATA IS MISSING.
T  INDICATES TRACE AMOUNT.




$$






U.S. Dept. of Commerce
NOAA National Weather Service
1325 East West Highway
Silver Spring, MD 20910
E-mail: w-nws.webmaster@noaa.gov
Page last modified: May 16, 2007
NATIONAL WEATHER SERVICE: for Safety, for Work, for Fun - FOR LIFE