246
CDUS44 KLCH 222207
CLIBPT


CLIMATE REPORT
NATIONAL WEATHER SERVICE LAKE CHARLES, LA
407 PM CST MON DEC 22 2014


...................................

...THE BEAUMONT PORT ARTHUR CLIMATE SUMMARY FOR DECEMBER 22 2014...
VALID TODAY AS OF 0400 PM LOCAL TIME.

CLIMATE NORMAL PERIOD 1981 TO 2010
CLIMATE RECORD PERIOD 1901 TO 2014


WEATHER ITEM   OBSERVED TIME   RECORD YEAR NORMAL DEPARTURE LAST
                VALUE   (LST)  VALUE       VALUE  FROM      YEAR
                                                  NORMAL
..................................................................
TEMPERATURE (F)
 TODAY
  MAXIMUM         76    130 PM  79    1982  63     13       64
                                      1981
  MINIMUM         53    330 AM  16    1989  44      9       39
  AVERAGE         65                        53     12       52

PRECIPITATION (IN)
  TODAY            T             5.08 1923   0.17  -0.17      T
  MONTH TO DATE    2.25                      3.67  -1.42     1.29
  SINCE DEC 1      2.25                      3.67  -1.42     1.29
  SINCE JAN 1     50.96                     58.85  -7.89    56.12

SNOWFALL (IN)
  TODAY            0.0           2.0  1929   0.0    0.0     MM
  MONTH TO DATE    0.0                       0.0    0.0      0.0
  SINCE DEC 1      0.0                       0.0    0.0      0.0
  SINCE JUL 1      0.0                       0.0    0.0      0.0
  SNOW DEPTH       0

DEGREE DAYS
 HEATING
  TODAY            0                        12    -12       13
  MONTH TO DATE  129                       239   -110      256
  SINCE DEC 1    129                       239   -110      256
  SINCE JUL 1    366                       434    -68      498

 COOLING
  TODAY            0                         1     -1        0
  MONTH TO DATE   20                        22     -2       24
  SINCE DEC 1     20                        22     -2       24
  SINCE JAN 1   2931                      2877     54     3019
..................................................................


WIND (MPH)
  HIGHEST WIND SPEED    23   HIGHEST WIND DIRECTION    SW (210)
  HIGHEST GUST SPEED    31   HIGHEST GUST DIRECTION    SW (210)
  AVERAGE WIND SPEED     9.0


SKY COVER
  POSSIBLE SUNSHINE  MM
  AVERAGE SKY COVER 0.9


WEATHER CONDITIONS
 THE FOLLOWING WEATHER WAS RECORDED TODAY.
  LIGHT RAIN
  FOG
  HAZE


RELATIVE HUMIDITY (PERCENT)
 HIGHEST    93           100 AM
 LOWEST     73          1100 AM
 AVERAGE    83

..........................................................


THE BEAUMONT PORT ARTHUR CLIMATE NORMALS FOR TOMORROW
                         NORMAL    RECORD    YEAR
 MAXIMUM TEMPERATURE (F)   62        78      1982
                                             1921
 MINIMUM TEMPERATURE (F)   44        12      1989


SUNRISE AND SUNSET
DECEMBER 22 2014......SUNRISE   708 AM CST   SUNSET   521 PM CST
DECEMBER 23 2014......SUNRISE   709 AM CST   SUNSET   522 PM CST


-  INDICATES NEGATIVE NUMBERS.
R  INDICATES RECORD WAS SET OR TIED.
MM INDICATES DATA IS MISSING.
T  INDICATES TRACE AMOUNT.




$$





U.S. Dept. of Commerce
NOAA National Weather Service
1325 East West Highway
Silver Spring, MD 20910
E-mail: w-nws.webmaster@noaa.gov
Page last modified: May 16, 2007
NATIONAL WEATHER SERVICE: for Safety, for Work, for Fun - FOR LIFE