774
CDUS44 KLCH 190918
CLIBPT


CLIMATE REPORT
NATIONAL WEATHER SERVICE LAKE CHARLES, LA
417 AM CDT SAT APR 19 2014


...................................

...THE BEAUMONT PORT ARTHUR CLIMATE SUMMARY FOR APRIL 18 2014...

CLIMATE NORMAL PERIOD 1981 TO 2010
CLIMATE RECORD PERIOD 1901 TO 2014


WEATHER ITEM   OBSERVED TIME   RECORD YEAR NORMAL DEPARTURE LAST
                VALUE   (LST)  VALUE       VALUE  FROM      YEAR
                                                  NORMAL
..................................................................
TEMPERATURE (F)
 YESTERDAY
  MAXIMUM         79    413 PM  90    1987  79      0       79
                                      1925
  MINIMUM         54    552 AM  43    1999  60     -6       52
  AVERAGE         67                        69     -2       66

PRECIPITATION (IN)
  YESTERDAY        0.00          4.70 2009   0.11  -0.11     0.10
  MONTH TO DATE    1.98                      1.78   0.20     5.17
  SINCE MAR 1      4.27                      5.31  -1.04     6.28
  SINCE JAN 1     10.99                     14.15  -3.16    17.80

SNOWFALL (IN)
  YESTERDAY        0.0           0.0    MM   0.0    0.0      0.0
  MONTH TO DATE    0.0                       0.0    0.0      0.0
  SINCE MAR 1      0.0                       0.0    0.0      0.0
  SINCE JUL 1      0.3                       T      0.3      0.0
  SNOW DEPTH       0

DEGREE DAYS
 HEATING
  YESTERDAY        0                         1     -1        0
  MONTH TO DATE   37                        33      4       41
  SINCE MAR 1    241                       181     60      242
  SINCE JUL 1   1710                      1394    316     1214

 COOLING
  YESTERDAY        2                         5     -3        1
  MONTH TO DATE   59                        71    -12       61
  SINCE MAR 1     82                       126    -44      104
  SINCE JAN 1    106                       152    -46      134
..................................................................


WIND (MPH)
  HIGHEST WIND SPEED    17   HIGHEST WIND DIRECTION     N (20)
  HIGHEST GUST SPEED    22   HIGHEST GUST DIRECTION     N (10)
  AVERAGE WIND SPEED     7.3


SKY COVER
  POSSIBLE SUNSHINE  MM
  AVERAGE SKY COVER 0.4


WEATHER CONDITIONS
 THE FOLLOWING WEATHER WAS RECORDED YESTERDAY.
  NO SIGNIFICANT WEATHER WAS OBSERVED.


RELATIVE HUMIDITY (PERCENT)
 HIGHEST    93           400 AM
 LOWEST     45           400 PM
 AVERAGE    69

..........................................................


THE BEAUMONT PORT ARTHUR CLIMATE NORMALS FOR TODAY
                         NORMAL    RECORD    YEAR
 MAXIMUM TEMPERATURE (F)   79        90      1965
 MINIMUM TEMPERATURE (F)   60        44      2008


SUNRISE AND SUNSET
APRIL 19 2014.........SUNRISE   645 AM CDT   SUNSET   746 PM CDT
APRIL 20 2014.........SUNRISE   644 AM CDT   SUNSET   746 PM CDT


-  INDICATES NEGATIVE NUMBERS.
R  INDICATES RECORD WAS SET OR TIED.
MM INDICATES DATA IS MISSING.
T  INDICATES TRACE AMOUNT.




$$





U.S. Dept. of Commerce
NOAA National Weather Service
1325 East West Highway
Silver Spring, MD 20910
E-mail: w-nws.webmaster@noaa.gov
Page last modified: May 16, 2007
NATIONAL WEATHER SERVICE: for Safety, for Work, for Fun - FOR LIFE